INSERT INTO `db_bulanan_guru` (`id_db_bulanan_guru`, `tahun`, `num_bulan`, `id_tugas_pokok`, `id_kepegawaian`, `sbjabatan`, `id_agama`, `id_jenis_kelamin`, `jumlah`) VALUES
(12805, '2025', '10', 3, 8, 'Bahasa Indonesia', 1, 1, '0'),
(12806, '2025', '10', 3, 8, 'Bahasa Indonesia', 1, 2, '0'),
(12807, '2025', '10', 3, 8, 'Bahasa Indonesia', 2, 1, '0'),
(12808, '2025', '10', 3, 8, 'Bahasa Indonesia', 2, 2, '0'),
(12809, '2025', '10', 3, 8, 'Bahasa Indonesia', 3, 1, '0'),
(12810, '2025', '10', 3, 8, 'Bahasa Indonesia', 3, 2, '0'),
(12811, '2025', '10', 3, 8, 'Bahasa Indonesia', 4, 1, '0'),
(12812, '2025', '10', 3, 8, 'Bahasa Indonesia', 4, 2, '0'),
(12813, '2025', '10', 3, 8, 'Bahasa Indonesia', 5, 1, '0'),
(12814, '2025', '10', 3, 8, 'Bahasa Indonesia', 5, 2, '0'),
(12815, '2025', '10', 3, 8, 'Bahasa Indonesia', 6, 1, '0'),
(12816, '2025', '10', 3, 8, 'Bahasa Indonesia', 6, 2, '0'),
(12817, '2025', '10', 4, 8, 'Agama Islam', 1, 1, '0'),
(12818, '2025', '10', 4, 8, 'Agama Islam', 1, 2, '0'),
(12819, '2025', '10', 4, 8, 'Agama Islam', 2, 1, '0'),
(12820, '2025', '10', 4, 8, 'Agama Islam', 2, 2, '0'),
(12821, '2025', '10', 4, 8, 'Agama Islam', 3, 1, '0'),
(12822, '2025', '10', 4, 8, 'Agama Islam', 3, 2, '0'),
(12823, '2025', '10', 4, 8, 'Agama Islam', 4, 1, '0'),
(12824, '2025', '10', 4, 8, 'Agama Islam', 4, 2, '0'),
(12825, '2025', '10', 4, 8, 'Agama Islam', 5, 1, '0'),
(12826, '2025', '10', 4, 8, 'Agama Islam', 5, 2, '0'),
(12827, '2025', '10', 4, 8, 'Agama Islam', 6, 1, '0'),
(12828, '2025', '10', 4, 8, 'Agama Islam', 6, 2, '0'),
(12829, '2025', '10', 4, 8, 'Agama Katolik', 1, 1, '0'),
(12830, '2025', '10', 4, 8, 'Agama Katolik', 1, 2, '0'),
(12831, '2025', '10', 4, 8, 'Agama Katolik', 2, 1, '0'),
(12832, '2025', '10', 4, 8, 'Agama Katolik', 2, 2, '0'),
(12833, '2025', '10', 4, 8, 'Agama Katolik', 3, 1, '0'),
(12834, '2025', '10', 4, 8, 'Agama Katolik', 3, 2, '0'),
(12835, '2025', '10', 4, 8, 'Agama Katolik', 4, 1, '0'),
(12836, '2025', '10', 4, 8, 'Agama Katolik', 4, 2, '0'),
(12837, '2025', '10', 4, 8, 'Agama Katolik', 5, 1, '0'),
(12838, '2025', '10', 4, 8, 'Agama Katolik', 5, 2, '0'),
(12839, '2025', '10', 4, 8, 'Agama Katolik', 6, 1, '0'),
(12840, '2025', '10', 4, 8, 'Agama Katolik', 6, 2, '0'),
(12841, '2025', '10', 4, 8, 'Pendidikan Pancasila', 1, 1, '0'),
(12842, '2025', '10', 4, 8, 'Pendidikan Pancasila', 1, 2, '0'),
(12843, '2025', '10', 4, 8, 'Pendidikan Pancasila', 2, 1, '0'),
(12844, '2025', '10', 4, 8, 'Pendidikan Pancasila', 2, 2, '0'),
(12845, '2025', '10', 4, 8, 'Pendidikan Pancasila', 3, 1, '0'),
(12846, '2025', '10', 4, 8, 'Pendidikan Pancasila', 3, 2, '0'),
(12847, '2025', '10', 4, 8, 'Pendidikan Pancasila', 4, 1, '0'),
(12848, '2025', '10', 4, 8, 'Pendidikan Pancasila', 4, 2, '0'),
(12849, '2025', '10', 4, 8, 'Pendidikan Pancasila', 5, 1, '0'),
(12850, '2025', '10', 4, 8, 'Pendidikan Pancasila', 5, 2, '0'),
(12851, '2025', '10', 4, 8, 'Pendidikan Pancasila', 6, 1, '0'),
(12852, '2025', '10', 4, 8, 'Pendidikan Pancasila', 6, 2, '0'),
(12853, '2025', '10', 4, 8, 'Bahasa Indonesia', 1, 1, '0'),
(12854, '2025', '10', 4, 8, 'Bahasa Indonesia', 1, 2, '0'),
(12855, '2025', '10', 4, 8, 'Bahasa Indonesia', 2, 1, '0'),
(12856, '2025', '10', 4, 8, 'Bahasa Indonesia', 2, 2, '0'),
(12857, '2025', '10', 4, 8, 'Bahasa Indonesia', 3, 1, '0'),
(12858, '2025', '10', 4, 8, 'Bahasa Indonesia', 3, 2, '0'),
(12859, '2025', '10', 4, 8, 'Bahasa Indonesia', 4, 1, '0'),
(12860, '2025', '10', 4, 8, 'Bahasa Indonesia', 4, 2, '0'),
(12861, '2025', '10', 4, 8, 'Bahasa Indonesia', 5, 1, '0'),
(12862, '2025', '10', 4, 8, 'Bahasa Indonesia', 5, 2, '0'),
(12863, '2025', '10', 4, 8, 'Bahasa Indonesia', 6, 1, '0'),
(12864, '2025', '10', 4, 8, 'Bahasa Indonesia', 6, 2, '0'),
(12865, '2025', '10', 1, 9, 'Agama Islam', 1, 1, '0'),
(12866, '2025', '10', 1, 9, 'Agama Islam', 1, 2, '0'),
(12867, '2025', '10', 1, 9, 'Agama Islam', 2, 1, '0'),
(12868, '2025', '10', 1, 9, 'Agama Islam', 2, 2, '0'),
(12869, '2025', '10', 1, 9, 'Agama Islam', 3, 1, '0'),
(12870, '2025', '10', 1, 9, 'Agama Islam', 3, 2, '0'),
(12871, '2025', '10', 1, 9, 'Agama Islam', 4, 1, '0'),
(12872, '2025', '10', 1, 9, 'Agama Islam', 4, 2, '0'),
(12873, '2025', '10', 1, 9, 'Agama Islam', 5, 1, '0'),
(12874, '2025', '10', 1, 9, 'Agama Islam', 5, 2, '0'),
(12875, '2025', '10', 1, 9, 'Agama Islam', 6, 1, '0'),
(12876, '2025', '10', 1, 9, 'Agama Islam', 6, 2, '0'),
(12877, '2025', '10', 1, 9, 'Agama Katolik', 1, 1, '0'),
(12878, '2025', '10', 1, 9, 'Agama Katolik', 1, 2, '0'),
(12879, '2025', '10', 1, 9, 'Agama Katolik', 2, 1, '0'),
(12880, '2025', '10', 1, 9, 'Agama Katolik', 2, 2, '0'),
(12881, '2025', '10', 1, 9, 'Agama Katolik', 3, 1, '0'),
(12882, '2025', '10', 1, 9, 'Agama Katolik', 3, 2, '0'),
(12883, '2025', '10', 1, 9, 'Agama Katolik', 4, 1, '0'),
(12884, '2025', '10', 1, 9, 'Agama Katolik', 4, 2, '0'),
(12885, '2025', '10', 1, 9, 'Agama Katolik', 5, 1, '0'),
(12886, '2025', '10', 1, 9, 'Agama Katolik', 5, 2, '0'),
(12887, '2025', '10', 1, 9, 'Agama Katolik', 6, 1, '0'),
(12888, '2025', '10', 1, 9, 'Agama Katolik', 6, 2, '0'),
(12889, '2025', '10', 1, 9, 'Pendidikan Pancasila', 1, 1, '0'),
(12890, '2025', '10', 1, 9, 'Pendidikan Pancasila', 1, 2, '0'),
(12891, '2025', '10', 1, 9, 'Pendidikan Pancasila', 2, 1, '0'),
(12892, '2025', '10', 1, 9, 'Pendidikan Pancasila', 2, 2, '0'),
(12893, '2025', '10', 1, 9, 'Pendidikan Pancasila', 3, 1, '0'),
(12894, '2025', '10', 1, 9, 'Pendidikan Pancasila', 3, 2, '0'),
(12895, '2025', '10', 1, 9, 'Pendidikan Pancasila', 4, 1, '0'),
(12896, '2025', '10', 1, 9, 'Pendidikan Pancasila', 4, 2, '0'),
(12897, '2025', '10', 1, 9, 'Pendidikan Pancasila', 5, 1, '0'),
(12898, '2025', '10', 1, 9, 'Pendidikan Pancasila', 5, 2, '0'),
(12899, '2025', '10', 1, 9, 'Pendidikan Pancasila', 6, 1, '0'),
(12900, '2025', '10', 1, 9, 'Pendidikan Pancasila', 6, 2, '0'),
(12901, '2025', '10', 1, 9, 'Bahasa Indonesia', 1, 1, '0'),
(12902, '2025', '10', 1, 9, 'Bahasa Indonesia', 1, 2, '0'),
(12903, '2025', '10', 1, 9, 'Bahasa Indonesia', 2, 1, '0'),
(12904, '2025', '10', 1, 9, 'Bahasa Indonesia', 2, 2, '0'),
(12905, '2025', '10', 1, 9, 'Bahasa Indonesia', 3, 1, '0'),
(12906, '2025', '10', 1, 9, 'Bahasa Indonesia', 3, 2, '0'),
(12907, '2025', '10', 1, 9, 'Bahasa Indonesia', 4, 1, '0'),
(12908, '2025', '10', 1, 9, 'Bahasa Indonesia', 4, 2, '0'),
(12909, '2025', '10', 1, 9, 'Bahasa Indonesia', 5, 1, '0'),
(12910, '2025', '10', 1, 9, 'Bahasa Indonesia', 5, 2, '0'),
(12911, '2025', '10', 1, 9, 'Bahasa Indonesia', 6, 1, '0'),
(12912, '2025', '10', 1, 9, 'Bahasa Indonesia', 6, 2, '0'),
(12913, '2025', '10', 2, 9, 'Agama Islam', 1, 1, '0'),
(12914, '2025', '10', 2, 9, 'Agama Islam', 1, 2, '0'),
(12915, '2025', '10', 2, 9, 'Agama Islam', 2, 1, '0'),
(12916, '2025', '10', 2, 9, 'Agama Islam', 2, 2, '0'),
(12917, '2025', '10', 2, 9, 'Agama Islam', 3, 1, '0'),
(12918, '2025', '10', 2, 9, 'Agama Islam', 3, 2, '0'),
(12919, '2025', '10', 2, 9, 'Agama Islam', 4, 1, '0'),
(12920, '2025', '10', 2, 9, 'Agama Islam', 4, 2, '0'),
(12921, '2025', '10', 2, 9, 'Agama Islam', 5, 1, '0'),
(12922, '2025', '10', 2, 9, 'Agama Islam', 5, 2, '0'),
(12923, '2025', '10', 2, 9, 'Agama Islam', 6, 1, '0'),
(12924, '2025', '10', 2, 9, 'Agama Islam', 6, 2, '0'),
(12925, '2025', '10', 2, 9, 'Agama Katolik', 1, 1, '0'),
(12926, '2025', '10', 2, 9, 'Agama Katolik', 1, 2, '0'),
(12927, '2025', '10', 2, 9, 'Agama Katolik', 2, 1, '0'),
(12928, '2025', '10', 2, 9, 'Agama Katolik', 2, 2, '0'),
(12929, '2025', '10', 2, 9, 'Agama Katolik', 3, 1, '0'),
(12930, '2025', '10', 2, 9, 'Agama Katolik', 3, 2, '0'),
(12931, '2025', '10', 2, 9, 'Agama Katolik', 4, 1, '0'),
(12932, '2025', '10', 2, 9, 'Agama Katolik', 4, 2, '0'),
(12933, '2025', '10', 2, 9, 'Agama Katolik', 5, 1, '0'),
(12934, '2025', '10', 2, 9, 'Agama Katolik', 5, 2, '0'),
(12935, '2025', '10', 2, 9, 'Agama Katolik', 6, 1, '0'),
(12936, '2025', '10', 2, 9, 'Agama Katolik', 6, 2, '0'),
(12937, '2025', '10', 2, 9, 'Pendidikan Pancasila', 1, 1, '0'),
(12938, '2025', '10', 2, 9, 'Pendidikan Pancasila', 1, 2, '0'),
(12939, '2025', '10', 2, 9, 'Pendidikan Pancasila', 2, 1, '0'),
(12940, '2025', '10', 2, 9, 'Pendidikan Pancasila', 2, 2, '0'),
(12941, '2025', '10', 2, 9, 'Pendidikan Pancasila', 3, 1, '0'),
(12942, '2025', '10', 2, 9, 'Pendidikan Pancasila', 3, 2, '0'),
(12943, '2025', '10', 2, 9, 'Pendidikan Pancasila', 4, 1, '0'),
(12944, '2025', '10', 2, 9, 'Pendidikan Pancasila', 4, 2, '0'),
(12945, '2025', '10', 2, 9, 'Pendidikan Pancasila', 5, 1, '0'),
(12946, '2025', '10', 2, 9, 'Pendidikan Pancasila', 5, 2, '0'),
(12947, '2025', '10', 2, 9, 'Pendidikan Pancasila', 6, 1, '0'),
(12948, '2025', '10', 2, 9, 'Pendidikan Pancasila', 6, 2, '0'),
(12949, '2025', '10', 2, 9, 'Bahasa Indonesia', 1, 1, '0'),
(12950, '2025', '10', 2, 9, 'Bahasa Indonesia', 1, 2, '0'),
(12951, '2025', '10', 2, 9, 'Bahasa Indonesia', 2, 1, '0'),
(12952, '2025', '10', 2, 9, 'Bahasa Indonesia', 2, 2, '0'),
(12953, '2025', '10', 2, 9, 'Bahasa Indonesia', 3, 1, '0'),
(12954, '2025', '10', 2, 9, 'Bahasa Indonesia', 3, 2, '0'),
(12955, '2025', '10', 2, 9, 'Bahasa Indonesia', 4, 1, '0'),
(12956, '2025', '10', 2, 9, 'Bahasa Indonesia', 4, 2, '0'),
(12957, '2025', '10', 2, 9, 'Bahasa Indonesia', 5, 1, '0'),
(12958, '2025', '10', 2, 9, 'Bahasa Indonesia', 5, 2, '0'),
(12959, '2025', '10', 2, 9, 'Bahasa Indonesia', 6, 1, '0'),
(12960, '2025', '10', 2, 9, 'Bahasa Indonesia', 6, 2, '0'),
(12961, '2025', '10', 3, 9, 'Agama Islam', 1, 1, '0'),
(12962, '2025', '10', 3, 9, 'Agama Islam', 1, 2, '0'),
(12963, '2025', '10', 3, 9, 'Agama Islam', 2, 1, '0'),
(12964, '2025', '10', 3, 9, 'Agama Islam', 2, 2, '0'),
(12965, '2025', '10', 3, 9, 'Agama Islam', 3, 1, '0'),
(12966, '2025', '10', 3, 9, 'Agama Islam', 3, 2, '0'),
(12967, '2025', '10', 3, 9, 'Agama Islam', 4, 1, '0'),
(12968, '2025', '10', 3, 9, 'Agama Islam', 4, 2, '0'),
(12969, '2025', '10', 3, 9, 'Agama Islam', 5, 1, '0'),
(12970, '2025', '10', 3, 9, 'Agama Islam', 5, 2, '0'),
(12971, '2025', '10', 3, 9, 'Agama Islam', 6, 1, '0'),
(12972, '2025', '10', 3, 9, 'Agama Islam', 6, 2, '0'),
(12973, '2025', '10', 3, 9, 'Agama Katolik', 1, 1, '0'),
(12974, '2025', '10', 3, 9, 'Agama Katolik', 1, 2, '0'),
(12975, '2025', '10', 3, 9, 'Agama Katolik', 2, 1, '0'),
(12976, '2025', '10', 3, 9, 'Agama Katolik', 2, 2, '0'),
(12977, '2025', '10', 3, 9, 'Agama Katolik', 3, 1, '0'),
(12978, '2025', '10', 3, 9, 'Agama Katolik', 3, 2, '0'),
(12979, '2025', '10', 3, 9, 'Agama Katolik', 4, 1, '0'),
(12980, '2025', '10', 3, 9, 'Agama Katolik', 4, 2, '0'),
(12981, '2025', '10', 3, 9, 'Agama Katolik', 5, 1, '0'),
(12982, '2025', '10', 3, 9, 'Agama Katolik', 5, 2, '0'),
(12983, '2025', '10', 3, 9, 'Agama Katolik', 6, 1, '0'),
(12984, '2025', '10', 3, 9, 'Agama Katolik', 6, 2, '0'),
(12985, '2025', '10', 3, 9, 'Pendidikan Pancasila', 1, 1, '0'),
(12986, '2025', '10', 3, 9, 'Pendidikan Pancasila', 1, 2, '0'),
(12987, '2025', '10', 3, 9, 'Pendidikan Pancasila', 2, 1, '0'),
(12988, '2025', '10', 3, 9, 'Pendidikan Pancasila', 2, 2, '0'),
(12989, '2025', '10', 3, 9, 'Pendidikan Pancasila', 3, 1, '0'),
(12990, '2025', '10', 3, 9, 'Pendidikan Pancasila', 3, 2, '0'),
(12991, '2025', '10', 3, 9, 'Pendidikan Pancasila', 4, 1, '0'),
(12992, '2025', '10', 3, 9, 'Pendidikan Pancasila', 4, 2, '0'),
(12993, '2025', '10', 3, 9, 'Pendidikan Pancasila', 5, 1, '0'),
(12994, '2025', '10', 3, 9, 'Pendidikan Pancasila', 5, 2, '0'),
(12995, '2025', '10', 3, 9, 'Pendidikan Pancasila', 6, 1, '0'),
(12996, '2025', '10', 3, 9, 'Pendidikan Pancasila', 6, 2, '0'),
(12997, '2025', '10', 3, 9, 'Bahasa Indonesia', 1, 1, '0'),
(12998, '2025', '10', 3, 9, 'Bahasa Indonesia', 1, 2, '0'),
(12999, '2025', '10', 3, 9, 'Bahasa Indonesia', 2, 1, '0'),
(13000, '2025', '10', 3, 9, 'Bahasa Indonesia', 2, 2, '0'),
(13001, '2025', '10', 3, 9, 'Bahasa Indonesia', 3, 1, '0'),
(13002, '2025', '10', 3, 9, 'Bahasa Indonesia', 3, 2, '0'),
(13003, '2025', '10', 3, 9, 'Bahasa Indonesia', 4, 1, '0'),
(13004, '2025', '10', 3, 9, 'Bahasa Indonesia', 4, 2, '0'),
(13005, '2025', '10', 3, 9, 'Bahasa Indonesia', 5, 1, '0'),
(13006, '2025', '10', 3, 9, 'Bahasa Indonesia', 5, 2, '0'),
(13007, '2025', '10', 3, 9, 'Bahasa Indonesia', 6, 1, '0'),
(13008, '2025', '10', 3, 9, 'Bahasa Indonesia', 6, 2, '0'),
(13009, '2025', '10', 4, 9, 'Agama Islam', 1, 1, '0'),
(13010, '2025', '10', 4, 9, 'Agama Islam', 1, 2, '0'),
(13011, '2025', '10', 4, 9, 'Agama Islam', 2, 1, '0'),
(13012, '2025', '10', 4, 9, 'Agama Islam', 2, 2, '0'),
(13013, '2025', '10', 4, 9, 'Agama Islam', 3, 1, '0'),
(13014, '2025', '10', 4, 9, 'Agama Islam', 3, 2, '0'),
(13015, '2025', '10', 4, 9, 'Agama Islam', 4, 1, '0'),
(13016, '2025', '10', 4, 9, 'Agama Islam', 4, 2, '0'),
(13017, '2025', '10', 4, 9, 'Agama Islam', 5, 1, '0'),
(13018, '2025', '10', 4, 9, 'Agama Islam', 5, 2, '0'),
(13019, '2025', '10', 4, 9, 'Agama Islam', 6, 1, '0'),
(13020, '2025', '10', 4, 9, 'Agama Islam', 6, 2, '0'),
(13021, '2025', '10', 4, 9, 'Agama Katolik', 1, 1, '0'),
(13022, '2025', '10', 4, 9, 'Agama Katolik', 1, 2, '0'),
(13023, '2025', '10', 4, 9, 'Agama Katolik', 2, 1, '0'),
(13024, '2025', '10', 4, 9, 'Agama Katolik', 2, 2, '0'),
(13025, '2025', '10', 4, 9, 'Agama Katolik', 3, 1, '0'),
(13026, '2025', '10', 4, 9, 'Agama Katolik', 3, 2, '0'),
(13027, '2025', '10', 4, 9, 'Agama Katolik', 4, 1, '0'),
(13028, '2025', '10', 4, 9, 'Agama Katolik', 4, 2, '0'),
(13029, '2025', '10', 4, 9, 'Agama Katolik', 5, 1, '0'),
(13030, '2025', '10', 4, 9, 'Agama Katolik', 5, 2, '0'),
(13031, '2025', '10', 4, 9, 'Agama Katolik', 6, 1, '0'),
(13032, '2025', '10', 4, 9, 'Agama Katolik', 6, 2, '0'),
(13033, '2025', '10', 4, 9, 'Pendidikan Pancasila', 1, 1, '0'),
(13034, '2025', '10', 4, 9, 'Pendidikan Pancasila', 1, 2, '0'),
(13035, '2025', '10', 4, 9, 'Pendidikan Pancasila', 2, 1, '0'),
(13036, '2025', '10', 4, 9, 'Pendidikan Pancasila', 2, 2, '0'),
(13037, '2025', '10', 4, 9, 'Pendidikan Pancasila', 3, 1, '0'),
(13038, '2025', '10', 4, 9, 'Pendidikan Pancasila', 3, 2, '0'),
(13039, '2025', '10', 4, 9, 'Pendidikan Pancasila', 4, 1, '0'),
(13040, '2025', '10', 4, 9, 'Pendidikan Pancasila', 4, 2, '0'),
(13041, '2025', '10', 4, 9, 'Pendidikan Pancasila', 5, 1, '0'),
(13042, '2025', '10', 4, 9, 'Pendidikan Pancasila', 5, 2, '0'),
(13043, '2025', '10', 4, 9, 'Pendidikan Pancasila', 6, 1, '0'),
(13044, '2025', '10', 4, 9, 'Pendidikan Pancasila', 6, 2, '0'),
(13045, '2025', '10', 4, 9, 'Bahasa Indonesia', 1, 1, '0'),
(13046, '2025', '10', 4, 9, 'Bahasa Indonesia', 1, 2, '0'),
(13047, '2025', '10', 4, 9, 'Bahasa Indonesia', 2, 1, '0'),
(13048, '2025', '10', 4, 9, 'Bahasa Indonesia', 2, 2, '0'),
(13049, '2025', '10', 4, 9, 'Bahasa Indonesia', 3, 1, '0'),
(13050, '2025', '10', 4, 9, 'Bahasa Indonesia', 3, 2, '0'),
(13051, '2025', '10', 4, 9, 'Bahasa Indonesia', 4, 1, '0'),
(13052, '2025', '10', 4, 9, 'Bahasa Indonesia', 4, 2, '0'),
(13053, '2025', '10', 4, 9, 'Bahasa Indonesia', 5, 1, '0'),
(13054, '2025', '10', 4, 9, 'Bahasa Indonesia', 5, 2, '0'),
(13055, '2025', '10', 4, 9, 'Bahasa Indonesia', 6, 1, '0'),
(13056, '2025', '10', 4, 9, 'Bahasa Indonesia', 6, 2, '0'),
(13057, '2025', '10', 1, 10, 'Agama Islam', 1, 1, '0'),
(13058, '2025', '10', 1, 10, 'Agama Islam', 1, 2, '0'),
(13059, '2025', '10', 1, 10, 'Agama Islam', 2, 1, '0'),
(13060, '2025', '10', 1, 10, 'Agama Islam', 2, 2, '0'),
(13061, '2025', '10', 1, 10, 'Agama Islam', 3, 1, '0'),
(13062, '2025', '10', 1, 10, 'Agama Islam', 3, 2, '0'),
(13063, '2025', '10', 1, 10, 'Agama Islam', 4, 1, '0'),
(13064, '2025', '10', 1, 10, 'Agama Islam', 4, 2, '0'),
(13065, '2025', '10', 1, 10, 'Agama Islam', 5, 1, '0'),
(13066, '2025', '10', 1, 10, 'Agama Islam', 5, 2, '0'),
(13067, '2025', '10', 1, 10, 'Agama Islam', 6, 1, '0'),
(13068, '2025', '10', 1, 10, 'Agama Islam', 6, 2, '0'),
(13069, '2025', '10', 1, 10, 'Agama Katolik', 1, 1, '0'),
(13070, '2025', '10', 1, 10, 'Agama Katolik', 1, 2, '0'),
(13071, '2025', '10', 1, 10, 'Agama Katolik', 2, 1, '0'),
(13072, '2025', '10', 1, 10, 'Agama Katolik', 2, 2, '0'),
(13073, '2025', '10', 1, 10, 'Agama Katolik', 3, 1, '0'),
(13074, '2025', '10', 1, 10, 'Agama Katolik', 3, 2, '0'),
(13075, '2025', '10', 1, 10, 'Agama Katolik', 4, 1, '0'),
(13076, '2025', '10', 1, 10, 'Agama Katolik', 4, 2, '0'),
(13077, '2025', '10', 1, 10, 'Agama Katolik', 5, 1, '0'),
(13078, '2025', '10', 1, 10, 'Agama Katolik', 5, 2, '0'),
(13079, '2025', '10', 1, 10, 'Agama Katolik', 6, 1, '0'),
(13080, '2025', '10', 1, 10, 'Agama Katolik', 6, 2, '0'),
(13081, '2025', '10', 1, 10, 'Pendidikan Pancasila', 1, 1, '0'),
(13082, '2025', '10', 1, 10, 'Pendidikan Pancasila', 1, 2, '0'),
(13083, '2025', '10', 1, 10, 'Pendidikan Pancasila', 2, 1, '0'),
(13084, '2025', '10', 1, 10, 'Pendidikan Pancasila', 2, 2, '0'),
(13085, '2025', '10', 1, 10, 'Pendidikan Pancasila', 3, 1, '0'),
(13086, '2025', '10', 1, 10, 'Pendidikan Pancasila', 3, 2, '0'),
(13087, '2025', '10', 1, 10, 'Pendidikan Pancasila', 4, 1, '0'),
(13088, '2025', '10', 1, 10, 'Pendidikan Pancasila', 4, 2, '0'),
(13089, '2025', '10', 1, 10, 'Pendidikan Pancasila', 5, 1, '0'),
(13090, '2025', '10', 1, 10, 'Pendidikan Pancasila', 5, 2, '0'),
(13091, '2025', '10', 1, 10, 'Pendidikan Pancasila', 6, 1, '0'),
(13092, '2025', '10', 1, 10, 'Pendidikan Pancasila', 6, 2, '0'),
(13093, '2025', '10', 1, 10, 'Bahasa Indonesia', 1, 1, '0'),
(13094, '2025', '10', 1, 10, 'Bahasa Indonesia', 1, 2, '0'),
(13095, '2025', '10', 1, 10, 'Bahasa Indonesia', 2, 1, '0'),
(13096, '2025', '10', 1, 10, 'Bahasa Indonesia', 2, 2, '0'),
(13097, '2025', '10', 1, 10, 'Bahasa Indonesia', 3, 1, '0'),
(13098, '2025', '10', 1, 10, 'Bahasa Indonesia', 3, 2, '0'),
(13099, '2025', '10', 1, 10, 'Bahasa Indonesia', 4, 1, '0'),
(13100, '2025', '10', 1, 10, 'Bahasa Indonesia', 4, 2, '0'),
(13101, '2025', '10', 1, 10, 'Bahasa Indonesia', 5, 1, '0'),
(13102, '2025', '10', 1, 10, 'Bahasa Indonesia', 5, 2, '0'),
(13103, '2025', '10', 1, 10, 'Bahasa Indonesia', 6, 1, '0'),
(13104, '2025', '10', 1, 10, 'Bahasa Indonesia', 6, 2, '0'),
(13105, '2025', '10', 2, 10, 'Agama Islam', 1, 1, '0'),
(13106, '2025', '10', 2, 10, 'Agama Islam', 1, 2, '0'),
(13107, '2025', '10', 2, 10, 'Agama Islam', 2, 1, '0'),
(13108, '2025', '10', 2, 10, 'Agama Islam', 2, 2, '0'),
(13109, '2025', '10', 2, 10, 'Agama Islam', 3, 1, '0'),
(13110, '2025', '10', 2, 10, 'Agama Islam', 3, 2, '0'),
(13111, '2025', '10', 2, 10, 'Agama Islam', 4, 1, '0'),
(13112, '2025', '10', 2, 10, 'Agama Islam', 4, 2, '0'),
(13113, '2025', '10', 2, 10, 'Agama Islam', 5, 1, '0'),
(13114, '2025', '10', 2, 10, 'Agama Islam', 5, 2, '0'),
(13115, '2025', '10', 2, 10, 'Agama Islam', 6, 1, '0'),
(13116, '2025', '10', 2, 10, 'Agama Islam', 6, 2, '0'),
(13117, '2025', '10', 2, 10, 'Agama Katolik', 1, 1, '0'),
(13118, '2025', '10', 2, 10, 'Agama Katolik', 1, 2, '0'),
(13119, '2025', '10', 2, 10, 'Agama Katolik', 2, 1, '0'),
(13120, '2025', '10', 2, 10, 'Agama Katolik', 2, 2, '0'),
(13121, '2025', '10', 2, 10, 'Agama Katolik', 3, 1, '0'),
(13122, '2025', '10', 2, 10, 'Agama Katolik', 3, 2, '0'),
(13123, '2025', '10', 2, 10, 'Agama Katolik', 4, 1, '0'),
(13124, '2025', '10', 2, 10, 'Agama Katolik', 4, 2, '0'),
(13125, '2025', '10', 2, 10, 'Agama Katolik', 5, 1, '0'),
(13126, '2025', '10', 2, 10, 'Agama Katolik', 5, 2, '0'),
(13127, '2025', '10', 2, 10, 'Agama Katolik', 6, 1, '0'),
(13128, '2025', '10', 2, 10, 'Agama Katolik', 6, 2, '0'),
(13129, '2025', '10', 2, 10, 'Pendidikan Pancasila', 1, 1, '0'),
(13130, '2025', '10', 2, 10, 'Pendidikan Pancasila', 1, 2, '0'),
(13131, '2025', '10', 2, 10, 'Pendidikan Pancasila', 2, 1, '0'),
(13132, '2025', '10', 2, 10, 'Pendidikan Pancasila', 2, 2, '0'),
(13133, '2025', '10', 2, 10, 'Pendidikan Pancasila', 3, 1, '0'),
(13134, '2025', '10', 2, 10, 'Pendidikan Pancasila', 3, 2, '0'),
(13135, '2025', '10', 2, 10, 'Pendidikan Pancasila', 4, 1, '0'),
(13136, '2025', '10', 2, 10, 'Pendidikan Pancasila', 4, 2, '0'),
(13137, '2025', '10', 2, 10, 'Pendidikan Pancasila', 5, 1, '0'),
(13138, '2025', '10', 2, 10, 'Pendidikan Pancasila', 5, 2, '0'),
(13139, '2025', '10', 2, 10, 'Pendidikan Pancasila', 6, 1, '0'),
(13140, '2025', '10', 2, 10, 'Pendidikan Pancasila', 6, 2, '0'),
(13141, '2025', '10', 2, 10, 'Bahasa Indonesia', 1, 1, '0'),
(13142, '2025', '10', 2, 10, 'Bahasa Indonesia', 1, 2, '0'),
(13143, '2025', '10', 2, 10, 'Bahasa Indonesia', 2, 1, '0'),
(13144, '2025', '10', 2, 10, 'Bahasa Indonesia', 2, 2, '0'),
(13145, '2025', '10', 2, 10, 'Bahasa Indonesia', 3, 1, '0'),
(13146, '2025', '10', 2, 10, 'Bahasa Indonesia', 3, 2, '0'),
(13147, '2025', '10', 2, 10, 'Bahasa Indonesia', 4, 1, '0'),
(13148, '2025', '10', 2, 10, 'Bahasa Indonesia', 4, 2, '0'),
(13149, '2025', '10', 2, 10, 'Bahasa Indonesia', 5, 1, '0'),
(13150, '2025', '10', 2, 10, 'Bahasa Indonesia', 5, 2, '0'),
(13151, '2025', '10', 2, 10, 'Bahasa Indonesia', 6, 1, '0'),
(13152, '2025', '10', 2, 10, 'Bahasa Indonesia', 6, 2, '0'),
(13153, '2025', '10', 3, 10, 'Agama Islam', 1, 1, '0'),
(13154, '2025', '10', 3, 10, 'Agama Islam', 1, 2, '0'),
(13155, '2025', '10', 3, 10, 'Agama Islam', 2, 1, '0'),
(13156, '2025', '10', 3, 10, 'Agama Islam', 2, 2, '0'),
(13157, '2025', '10', 3, 10, 'Agama Islam', 3, 1, '0'),
(13158, '2025', '10', 3, 10, 'Agama Islam', 3, 2, '0'),
(13159, '2025', '10', 3, 10, 'Agama Islam', 4, 1, '0'),
(13160, '2025', '10', 3, 10, 'Agama Islam', 4, 2, '0'),
(13161, '2025', '10', 3, 10, 'Agama Islam', 5, 1, '0'),
(13162, '2025', '10', 3, 10, 'Agama Islam', 5, 2, '0'),
(13163, '2025', '10', 3, 10, 'Agama Islam', 6, 1, '0'),
(13164, '2025', '10', 3, 10, 'Agama Islam', 6, 2, '0'),
(13165, '2025', '10', 3, 10, 'Agama Katolik', 1, 1, '0'),
(13166, '2025', '10', 3, 10, 'Agama Katolik', 1, 2, '0'),
(13167, '2025', '10', 3, 10, 'Agama Katolik', 2, 1, '0'),
(13168, '2025', '10', 3, 10, 'Agama Katolik', 2, 2, '0'),
(13169, '2025', '10', 3, 10, 'Agama Katolik', 3, 1, '0'),
(13170, '2025', '10', 3, 10, 'Agama Katolik', 3, 2, '0'),
(13171, '2025', '10', 3, 10, 'Agama Katolik', 4, 1, '0'),
(13172, '2025', '10', 3, 10, 'Agama Katolik', 4, 2, '0'),
(13173, '2025', '10', 3, 10, 'Agama Katolik', 5, 1, '0'),
(13174, '2025', '10', 3, 10, 'Agama Katolik', 5, 2, '0'),
(13175, '2025', '10', 3, 10, 'Agama Katolik', 6, 1, '0'),
(13176, '2025', '10', 3, 10, 'Agama Katolik', 6, 2, '0'),
(13177, '2025', '10', 3, 10, 'Pendidikan Pancasila', 1, 1, '0'),
(13178, '2025', '10', 3, 10, 'Pendidikan Pancasila', 1, 2, '0'),
(13179, '2025', '10', 3, 10, 'Pendidikan Pancasila', 2, 1, '0'),
(13180, '2025', '10', 3, 10, 'Pendidikan Pancasila', 2, 2, '0'),
(13181, '2025', '10', 3, 10, 'Pendidikan Pancasila', 3, 1, '0'),
(13182, '2025', '10', 3, 10, 'Pendidikan Pancasila', 3, 2, '0'),
(13183, '2025', '10', 3, 10, 'Pendidikan Pancasila', 4, 1, '0'),
(13184, '2025', '10', 3, 10, 'Pendidikan Pancasila', 4, 2, '0'),
(13185, '2025', '10', 3, 10, 'Pendidikan Pancasila', 5, 1, '0'),
(13186, '2025', '10', 3, 10, 'Pendidikan Pancasila', 5, 2, '0'),
(13187, '2025', '10', 3, 10, 'Pendidikan Pancasila', 6, 1, '0'),
(13188, '2025', '10', 3, 10, 'Pendidikan Pancasila', 6, 2, '0'),
(13189, '2025', '10', 3, 10, 'Bahasa Indonesia', 1, 1, '0'),
(13190, '2025', '10', 3, 10, 'Bahasa Indonesia', 1, 2, '0'),
(13191, '2025', '10', 3, 10, 'Bahasa Indonesia', 2, 1, '0'),
(13192, '2025', '10', 3, 10, 'Bahasa Indonesia', 2, 2, '0'),
(13193, '2025', '10', 3, 10, 'Bahasa Indonesia', 3, 1, '0'),
(13194, '2025', '10', 3, 10, 'Bahasa Indonesia', 3, 2, '0'),
(13195, '2025', '10', 3, 10, 'Bahasa Indonesia', 4, 1, '0'),
(13196, '2025', '10', 3, 10, 'Bahasa Indonesia', 4, 2, '0'),
(13197, '2025', '10', 3, 10, 'Bahasa Indonesia', 5, 1, '0'),
(13198, '2025', '10', 3, 10, 'Bahasa Indonesia', 5, 2, '0'),
(13199, '2025', '10', 3, 10, 'Bahasa Indonesia', 6, 1, '0'),
(13200, '2025', '10', 3, 10, 'Bahasa Indonesia', 6, 2, '0'),
(13201, '2025', '10', 4, 10, 'Agama Islam', 1, 1, '0'),
(13202, '2025', '10', 4, 10, 'Agama Islam', 1, 2, '0'),
(13203, '2025', '10', 4, 10, 'Agama Islam', 2, 1, '0'),
(13204, '2025', '10', 4, 10, 'Agama Islam', 2, 2, '0'),
(13205, '2025', '10', 4, 10, 'Agama Islam', 3, 1, '0'),
(13206, '2025', '10', 4, 10, 'Agama Islam', 3, 2, '0'),
(13207, '2025', '10', 4, 10, 'Agama Islam', 4, 1, '0'),
(13208, '2025', '10', 4, 10, 'Agama Islam', 4, 2, '0'),
(13209, '2025', '10', 4, 10, 'Agama Islam', 5, 1, '0'),
(13210, '2025', '10', 4, 10, 'Agama Islam', 5, 2, '0'),
(13211, '2025', '10', 4, 10, 'Agama Islam', 6, 1, '0'),
(13212, '2025', '10', 4, 10, 'Agama Islam', 6, 2, '0'),
(13213, '2025', '10', 4, 10, 'Agama Katolik', 1, 1, '0'),
(13214, '2025', '10', 4, 10, 'Agama Katolik', 1, 2, '0'),
(13215, '2025', '10', 4, 10, 'Agama Katolik', 2, 1, '0'),
(13216, '2025', '10', 4, 10, 'Agama Katolik', 2, 2, '0'),
(13217, '2025', '10', 4, 10, 'Agama Katolik', 3, 1, '0'),
(13218, '2025', '10', 4, 10, 'Agama Katolik', 3, 2, '0'),
(13219, '2025', '10', 4, 10, 'Agama Katolik', 4, 1, '0'),
(13220, '2025', '10', 4, 10, 'Agama Katolik', 4, 2, '0'),
(13221, '2025', '10', 4, 10, 'Agama Katolik', 5, 1, '0'),
(13222, '2025', '10', 4, 10, 'Agama Katolik', 5, 2, '0'),
(13223, '2025', '10', 4, 10, 'Agama Katolik', 6, 1, '0'),
(13224, '2025', '10', 4, 10, 'Agama Katolik', 6, 2, '0'),
(13225, '2025', '10', 4, 10, 'Pendidikan Pancasila', 1, 1, '0'),
(13226, '2025', '10', 4, 10, 'Pendidikan Pancasila', 1, 2, '0'),
(13227, '2025', '10', 4, 10, 'Pendidikan Pancasila', 2, 1, '0'),
(13228, '2025', '10', 4, 10, 'Pendidikan Pancasila', 2, 2, '0'),
(13229, '2025', '10', 4, 10, 'Pendidikan Pancasila', 3, 1, '0'),
(13230, '2025', '10', 4, 10, 'Pendidikan Pancasila', 3, 2, '0'),
(13231, '2025', '10', 4, 10, 'Pendidikan Pancasila', 4, 1, '0'),
(13232, '2025', '10', 4, 10, 'Pendidikan Pancasila', 4, 2, '0'),
(13233, '2025', '10', 4, 10, 'Pendidikan Pancasila', 5, 1, '0'),
(13234, '2025', '10', 4, 10, 'Pendidikan Pancasila', 5, 2, '0'),
(13235, '2025', '10', 4, 10, 'Pendidikan Pancasila', 6, 1, '0'),
(13236, '2025', '10', 4, 10, 'Pendidikan Pancasila', 6, 2, '0'),
(13237, '2025', '10', 4, 10, 'Bahasa Indonesia', 1, 1, '0'),
(13238, '2025', '10', 4, 10, 'Bahasa Indonesia', 1, 2, '0'),
(13239, '2025', '10', 4, 10, 'Bahasa Indonesia', 2, 1, '0'),
(13240, '2025', '10', 4, 10, 'Bahasa Indonesia', 2, 2, '0'),
(13241, '2025', '10', 4, 10, 'Bahasa Indonesia', 3, 1, '0'),
(13242, '2025', '10', 4, 10, 'Bahasa Indonesia', 3, 2, '0'),
(13243, '2025', '10', 4, 10, 'Bahasa Indonesia', 4, 1, '0'),
(13244, '2025', '10', 4, 10, 'Bahasa Indonesia', 4, 2, '0'),
(13245, '2025', '10', 4, 10, 'Bahasa Indonesia', 5, 1, '0'),
(13246, '2025', '10', 4, 10, 'Bahasa Indonesia', 5, 2, '0'),
(13247, '2025', '10', 4, 10, 'Bahasa Indonesia', 6, 1, '0'),
(13248, '2025', '10', 4, 10, 'Bahasa Indonesia', 6, 2, '0'),
(13249, '2025', '10', 1, 11, 'Agama Islam', 1, 1, '0'),
(13250, '2025', '10', 1, 11, 'Agama Islam', 1, 2, '0'),
(13251, '2025', '10', 1, 11, 'Agama Islam', 2, 1, '0'),
(13252, '2025', '10', 1, 11, 'Agama Islam', 2, 2, '0'),
(13253, '2025', '10', 1, 11, 'Agama Islam', 3, 1, '0'),
(13254, '2025', '10', 1, 11, 'Agama Islam', 3, 2, '0'),
(13255, '2025', '10', 1, 11, 'Agama Islam', 4, 1, '0'),
(13256, '2025', '10', 1, 11, 'Agama Islam', 4, 2, '0'),
(13257, '2025', '10', 1, 11, 'Agama Islam', 5, 1, '0'),
(13258, '2025', '10', 1, 11, 'Agama Islam', 5, 2, '0'),
(13259, '2025', '10', 1, 11, 'Agama Islam', 6, 1, '0'),
(13260, '2025', '10', 1, 11, 'Agama Islam', 6, 2, '0'),
(13261, '2025', '10', 1, 11, 'Agama Katolik', 1, 1, '0'),
(13262, '2025', '10', 1, 11, 'Agama Katolik', 1, 2, '0'),
(13263, '2025', '10', 1, 11, 'Agama Katolik', 2, 1, '0'),
(13264, '2025', '10', 1, 11, 'Agama Katolik', 2, 2, '0'),
(13265, '2025', '10', 1, 11, 'Agama Katolik', 3, 1, '0'),
(13266, '2025', '10', 1, 11, 'Agama Katolik', 3, 2, '0'),
(13267, '2025', '10', 1, 11, 'Agama Katolik', 4, 1, '0'),
(13268, '2025', '10', 1, 11, 'Agama Katolik', 4, 2, '0'),
(13269, '2025', '10', 1, 11, 'Agama Katolik', 5, 1, '0'),
(13270, '2025', '10', 1, 11, 'Agama Katolik', 5, 2, '0'),
(13271, '2025', '10', 1, 11, 'Agama Katolik', 6, 1, '0'),
(13272, '2025', '10', 1, 11, 'Agama Katolik', 6, 2, '0'),
(13273, '2025', '10', 1, 11, 'Pendidikan Pancasila', 1, 1, '0'),
(13274, '2025', '10', 1, 11, 'Pendidikan Pancasila', 1, 2, '0'),
(13275, '2025', '10', 1, 11, 'Pendidikan Pancasila', 2, 1, '0'),
(13276, '2025', '10', 1, 11, 'Pendidikan Pancasila', 2, 2, '0'),
(13277, '2025', '10', 1, 11, 'Pendidikan Pancasila', 3, 1, '0'),
(13278, '2025', '10', 1, 11, 'Pendidikan Pancasila', 3, 2, '0'),
(13279, '2025', '10', 1, 11, 'Pendidikan Pancasila', 4, 1, '0'),
(13280, '2025', '10', 1, 11, 'Pendidikan Pancasila', 4, 2, '0'),
(13281, '2025', '10', 1, 11, 'Pendidikan Pancasila', 5, 1, '0'),
(13282, '2025', '10', 1, 11, 'Pendidikan Pancasila', 5, 2, '0'),
(13283, '2025', '10', 1, 11, 'Pendidikan Pancasila', 6, 1, '0'),
(13284, '2025', '10', 1, 11, 'Pendidikan Pancasila', 6, 2, '0'),
(13285, '2025', '10', 1, 11, 'Bahasa Indonesia', 1, 1, '0'),
(13286, '2025', '10', 1, 11, 'Bahasa Indonesia', 1, 2, '0'),
(13287, '2025', '10', 1, 11, 'Bahasa Indonesia', 2, 1, '0'),
(13288, '2025', '10', 1, 11, 'Bahasa Indonesia', 2, 2, '0'),
(13289, '2025', '10', 1, 11, 'Bahasa Indonesia', 3, 1, '0'),
(13290, '2025', '10', 1, 11, 'Bahasa Indonesia', 3, 2, '0'),
(13291, '2025', '10', 1, 11, 'Bahasa Indonesia', 4, 1, '0'),
(13292, '2025', '10', 1, 11, 'Bahasa Indonesia', 4, 2, '0'),
(13293, '2025', '10', 1, 11, 'Bahasa Indonesia', 5, 1, '0'),
(13294, '2025', '10', 1, 11, 'Bahasa Indonesia', 5, 2, '0'),
(13295, '2025', '10', 1, 11, 'Bahasa Indonesia', 6, 1, '0'),
(13296, '2025', '10', 1, 11, 'Bahasa Indonesia', 6, 2, '0'),
(13297, '2025', '10', 2, 11, 'Agama Islam', 1, 1, '0'),
(13298, '2025', '10', 2, 11, 'Agama Islam', 1, 2, '0'),
(13299, '2025', '10', 2, 11, 'Agama Islam', 2, 1, '0'),
(13300, '2025', '10', 2, 11, 'Agama Islam', 2, 2, '0'),
(13301, '2025', '10', 2, 11, 'Agama Islam', 3, 1, '0'),
(13302, '2025', '10', 2, 11, 'Agama Islam', 3, 2, '0'),
(13303, '2025', '10', 2, 11, 'Agama Islam', 4, 1, '0'),
(13304, '2025', '10', 2, 11, 'Agama Islam', 4, 2, '0'),
(13305, '2025', '10', 2, 11, 'Agama Islam', 5, 1, '0'),
(13306, '2025', '10', 2, 11, 'Agama Islam', 5, 2, '0'),
(13307, '2025', '10', 2, 11, 'Agama Islam', 6, 1, '0'),
(13308, '2025', '10', 2, 11, 'Agama Islam', 6, 2, '0'),
(13309, '2025', '10', 2, 11, 'Agama Katolik', 1, 1, '0'),
(13310, '2025', '10', 2, 11, 'Agama Katolik', 1, 2, '0'),
(13311, '2025', '10', 2, 11, 'Agama Katolik', 2, 1, '0'),
(13312, '2025', '10', 2, 11, 'Agama Katolik', 2, 2, '0'),
(13313, '2025', '10', 2, 11, 'Agama Katolik', 3, 1, '0'),
(13314, '2025', '10', 2, 11, 'Agama Katolik', 3, 2, '0'),
(13315, '2025', '10', 2, 11, 'Agama Katolik', 4, 1, '0'),
(13316, '2025', '10', 2, 11, 'Agama Katolik', 4, 2, '0'),
(13317, '2025', '10', 2, 11, 'Agama Katolik', 5, 1, '0'),
(13318, '2025', '10', 2, 11, 'Agama Katolik', 5, 2, '0'),
(13319, '2025', '10', 2, 11, 'Agama Katolik', 6, 1, '0'),
(13320, '2025', '10', 2, 11, 'Agama Katolik', 6, 2, '0'),
(13321, '2025', '10', 2, 11, 'Pendidikan Pancasila', 1, 1, '0'),
(13322, '2025', '10', 2, 11, 'Pendidikan Pancasila', 1, 2, '1'),
(13323, '2025', '10', 2, 11, 'Pendidikan Pancasila', 2, 1, '0'),
(13324, '2025', '10', 2, 11, 'Pendidikan Pancasila', 2, 2, '0'),
(13325, '2025', '10', 2, 11, 'Pendidikan Pancasila', 3, 1, '0'),
(13326, '2025', '10', 2, 11, 'Pendidikan Pancasila', 3, 2, '0'),
(13327, '2025', '10', 2, 11, 'Pendidikan Pancasila', 4, 1, '0'),
(13328, '2025', '10', 2, 11, 'Pendidikan Pancasila', 4, 2, '0'),
(13329, '2025', '10', 2, 11, 'Pendidikan Pancasila', 5, 1, '0'),
(13330, '2025', '10', 2, 11, 'Pendidikan Pancasila', 5, 2, '0'),
(13331, '2025', '10', 2, 11, 'Pendidikan Pancasila', 6, 1, '0'),
(13332, '2025', '10', 2, 11, 'Pendidikan Pancasila', 6, 2, '0'),
(13333, '2025', '10', 2, 11, 'Bahasa Indonesia', 1, 1, '0'),
(13334, '2025', '10', 2, 11, 'Bahasa Indonesia', 1, 2, '0'),
(13335, '2025', '10', 2, 11, 'Bahasa Indonesia', 2, 1, '0'),
(13336, '2025', '10', 2, 11, 'Bahasa Indonesia', 2, 2, '0'),
(13337, '2025', '10', 2, 11, 'Bahasa Indonesia', 3, 1, '0'),
(13338, '2025', '10', 2, 11, 'Bahasa Indonesia', 3, 2, '0'),
(13339, '2025', '10', 2, 11, 'Bahasa Indonesia', 4, 1, '0'),
(13340, '2025', '10', 2, 11, 'Bahasa Indonesia', 4, 2, '0'),
(13341, '2025', '10', 2, 11, 'Bahasa Indonesia', 5, 1, '0'),
(13342, '2025', '10', 2, 11, 'Bahasa Indonesia', 5, 2, '0'),
(13343, '2025', '10', 2, 11, 'Bahasa Indonesia', 6, 1, '0'),
(13344, '2025', '10', 2, 11, 'Bahasa Indonesia', 6, 2, '0'),
(13345, '2025', '10', 3, 11, 'Agama Islam', 1, 1, '0'),
(13346, '2025', '10', 3, 11, 'Agama Islam', 1, 2, '0'),
(13347, '2025', '10', 3, 11, 'Agama Islam', 2, 1, '0'),
(13348, '2025', '10', 3, 11, 'Agama Islam', 2, 2, '0'),
(13349, '2025', '10', 3, 11, 'Agama Islam', 3, 1, '0'),
(13350, '2025', '10', 3, 11, 'Agama Islam', 3, 2, '0'),
(13351, '2025', '10', 3, 11, 'Agama Islam', 4, 1, '0'),
(13352, '2025', '10', 3, 11, 'Agama Islam', 4, 2, '0'),
(13353, '2025', '10', 3, 11, 'Agama Islam', 5, 1, '0'),
(13354, '2025', '10', 3, 11, 'Agama Islam', 5, 2, '0'),
(13355, '2025', '10', 3, 11, 'Agama Islam', 6, 1, '0'),
(13356, '2025', '10', 3, 11, 'Agama Islam', 6, 2, '0'),
(13357, '2025', '10', 3, 11, 'Agama Katolik', 1, 1, '0'),
(13358, '2025', '10', 3, 11, 'Agama Katolik', 1, 2, '0'),
(13359, '2025', '10', 3, 11, 'Agama Katolik', 2, 1, '0'),
(13360, '2025', '10', 3, 11, 'Agama Katolik', 2, 2, '0'),
(13361, '2025', '10', 3, 11, 'Agama Katolik', 3, 1, '0'),
(13362, '2025', '10', 3, 11, 'Agama Katolik', 3, 2, '0'),
(13363, '2025', '10', 3, 11, 'Agama Katolik', 4, 1, '0'),
(13364, '2025', '10', 3, 11, 'Agama Katolik', 4, 2, '0'),
(13365, '2025', '10', 3, 11, 'Agama Katolik', 5, 1, '0'),
(13366, '2025', '10', 3, 11, 'Agama Katolik', 5, 2, '0'),
(13367, '2025', '10', 3, 11, 'Agama Katolik', 6, 1, '0'),
(13368, '2025', '10', 3, 11, 'Agama Katolik', 6, 2, '0'),
(13369, '2025', '10', 3, 11, 'Pendidikan Pancasila', 1, 1, '0'),
(13370, '2025', '10', 3, 11, 'Pendidikan Pancasila', 1, 2, '0'),
(13371, '2025', '10', 3, 11, 'Pendidikan Pancasila', 2, 1, '0'),
(13372, '2025', '10', 3, 11, 'Pendidikan Pancasila', 2, 2, '0'),
(13373, '2025', '10', 3, 11, 'Pendidikan Pancasila', 3, 1, '0'),
(13374, '2025', '10', 3, 11, 'Pendidikan Pancasila', 3, 2, '0'),
(13375, '2025', '10', 3, 11, 'Pendidikan Pancasila', 4, 1, '0'),
(13376, '2025', '10', 3, 11, 'Pendidikan Pancasila', 4, 2, '0'),
(13377, '2025', '10', 3, 11, 'Pendidikan Pancasila', 5, 1, '0'),
(13378, '2025', '10', 3, 11, 'Pendidikan Pancasila', 5, 2, '0'),
(13379, '2025', '10', 3, 11, 'Pendidikan Pancasila', 6, 1, '0'),
(13380, '2025', '10', 3, 11, 'Pendidikan Pancasila', 6, 2, '0'),
(13381, '2025', '10', 3, 11, 'Bahasa Indonesia', 1, 1, '0'),
(13382, '2025', '10', 3, 11, 'Bahasa Indonesia', 1, 2, '0'),
(13383, '2025', '10', 3, 11, 'Bahasa Indonesia', 2, 1, '0'),
(13384, '2025', '10', 3, 11, 'Bahasa Indonesia', 2, 2, '0'),
(13385, '2025', '10', 3, 11, 'Bahasa Indonesia', 3, 1, '0'),
(13386, '2025', '10', 3, 11, 'Bahasa Indonesia', 3, 2, '0'),
(13387, '2025', '10', 3, 11, 'Bahasa Indonesia', 4, 1, '0'),
(13388, '2025', '10', 3, 11, 'Bahasa Indonesia', 4, 2, '0'),
(13389, '2025', '10', 3, 11, 'Bahasa Indonesia', 5, 1, '0'),
(13390, '2025', '10', 3, 11, 'Bahasa Indonesia', 5, 2, '0'),
(13391, '2025', '10', 3, 11, 'Bahasa Indonesia', 6, 1, '0'),
(13392, '2025', '10', 3, 11, 'Bahasa Indonesia', 6, 2, '0'),
(13393, '2025', '10', 4, 11, 'Agama Islam', 1, 1, '0'),
(13394, '2025', '10', 4, 11, 'Agama Islam', 1, 2, '0'),
(13395, '2025', '10', 4, 11, 'Agama Islam', 2, 1, '0'),
(13396, '2025', '10', 4, 11, 'Agama Islam', 2, 2, '0'),
(13397, '2025', '10', 4, 11, 'Agama Islam', 3, 1, '0'),
(13398, '2025', '10', 4, 11, 'Agama Islam', 3, 2, '0'),
(13399, '2025', '10', 4, 11, 'Agama Islam', 4, 1, '0'),
(13400, '2025', '10', 4, 11, 'Agama Islam', 4, 2, '0'),
(13401, '2025', '10', 4, 11, 'Agama Islam', 5, 1, '0'),
(13402, '2025', '10', 4, 11, 'Agama Islam', 5, 2, '0'),
(13403, '2025', '10', 4, 11, 'Agama Islam', 6, 1, '0'),
(13404, '2025', '10', 4, 11, 'Agama Islam', 6, 2, '0'),
(13405, '2025', '10', 4, 11, 'Agama Katolik', 1, 1, '0'),
(13406, '2025', '10', 4, 11, 'Agama Katolik', 1, 2, '0'),
(13407, '2025', '10', 4, 11, 'Agama Katolik', 2, 1, '0'),
(13408, '2025', '10', 4, 11, 'Agama Katolik', 2, 2, '0'),
(13409, '2025', '10', 4, 11, 'Agama Katolik', 3, 1, '0'),
(13410, '2025', '10', 4, 11, 'Agama Katolik', 3, 2, '0'),
(13411, '2025', '10', 4, 11, 'Agama Katolik', 4, 1, '0'),
(13412, '2025', '10', 4, 11, 'Agama Katolik', 4, 2, '0'),
(13413, '2025', '10', 4, 11, 'Agama Katolik', 5, 1, '0'),
(13414, '2025', '10', 4, 11, 'Agama Katolik', 5, 2, '0'),
(13415, '2025', '10', 4, 11, 'Agama Katolik', 6, 1, '0'),
(13416, '2025', '10', 4, 11, 'Agama Katolik', 6, 2, '0'),
(13417, '2025', '10', 4, 11, 'Pendidikan Pancasila', 1, 1, '0'),
(13418, '2025', '10', 4, 11, 'Pendidikan Pancasila', 1, 2, '0'),
(13419, '2025', '10', 4, 11, 'Pendidikan Pancasila', 2, 1, '0'),
(13420, '2025', '10', 4, 11, 'Pendidikan Pancasila', 2, 2, '0'),
(13421, '2025', '10', 4, 11, 'Pendidikan Pancasila', 3, 1, '0'),
(13422, '2025', '10', 4, 11, 'Pendidikan Pancasila', 3, 2, '0'),
(13423, '2025', '10', 4, 11, 'Pendidikan Pancasila', 4, 1, '0'),
(13424, '2025', '10', 4, 11, 'Pendidikan Pancasila', 4, 2, '0'),
(13425, '2025', '10', 4, 11, 'Pendidikan Pancasila', 5, 1, '0'),
(13426, '2025', '10', 4, 11, 'Pendidikan Pancasila', 5, 2, '0'),
(13427, '2025', '10', 4, 11, 'Pendidikan Pancasila', 6, 1, '0'),
(13428, '2025', '10', 4, 11, 'Pendidikan Pancasila', 6, 2, '0'),
(13429, '2025', '10', 4, 11, 'Bahasa Indonesia', 1, 1, '0'),
(13430, '2025', '10', 4, 11, 'Bahasa Indonesia', 1, 2, '0'),
(13431, '2025', '10', 4, 11, 'Bahasa Indonesia', 2, 1, '0'),
(13432, '2025', '10', 4, 11, 'Bahasa Indonesia', 2, 2, '0'),
(13433, '2025', '10', 4, 11, 'Bahasa Indonesia', 3, 1, '0'),
(13434, '2025', '10', 4, 11, 'Bahasa Indonesia', 3, 2, '0'),
(13435, '2025', '10', 4, 11, 'Bahasa Indonesia', 4, 1, '0'),
(13436, '2025', '10', 4, 11, 'Bahasa Indonesia', 4, 2, '0'),
(13437, '2025', '10', 4, 11, 'Bahasa Indonesia', 5, 1, '0'),
(13438, '2025', '10', 4, 11, 'Bahasa Indonesia', 5, 2, '0'),
(13439, '2025', '10', 4, 11, 'Bahasa Indonesia', 6, 1, '0'),
(13440, '2025', '10', 4, 11, 'Bahasa Indonesia', 6, 2, '0');

-- --------------------------------------------------------

--
-- Struktur dari tabel `db_bulanan_siswa`
--

CREATE TABLE `db_bulanan_siswa` (
  `id_db_bulanan_siswa` int(10) NOT NULL,
  `periode` int(10) NOT NULL,
  `num_bulan` text NOT NULL,
  `id_kelas` int(10) NOT NULL,
  `id_tingkat` int(10) NOT NULL,
  `id_agama` int(10) NOT NULL,
  `id_jenis_kelamin` int(10) NOT NULL,
  `jumlah` text NOT NULL
) ENGINE=InnoDB DEFAULT CHARSET=utf8mb4;

--
-- Dumping data untuk tabel `db_bulanan_siswa`
--

INSERT INTO `db_bulanan_siswa` (`id_db_bulanan_siswa`, `periode`, `num_bulan`, `id_kelas`, `id_tingkat`, `id_agama`, `id_jenis_kelamin`, `jumlah`) VALUES
(661, 3, '08', 1, 1, 1, 1, '6'),
(662, 3, '08', 1, 1, 1, 2, '9'),
(663, 3, '08', 1, 1, 2, 1, '10'),
(664, 3, '08', 1, 1, 2, 2, '6'),
(665, 3, '08', 1, 1, 3, 1, '0'),
(666, 3, '08', 1, 1, 3, 2, '0'),
(667, 3, '08', 1, 1, 4, 1, '0'),
(668, 3, '08', 1, 1, 4, 2, '0'),
(669, 3, '08', 1, 1, 5, 1, '0'),
(670, 3, '08', 1, 1, 5, 2, '0'),
(671, 3, '08', 1, 1, 6, 1, '0'),
(672, 3, '08', 1, 1, 6, 2, '0'),
(673, 3, '08', 2, 1, 1, 1, '8'),
(674, 3, '08', 2, 1, 1, 2, '6'),
(675, 3, '08', 2, 1, 2, 1, '11'),
(676, 3, '08', 2, 1, 2, 2, '9'),
(677, 3, '08', 2, 1, 3, 1, '0'),
(678, 3, '08', 2, 1, 3, 2, '0'),
(679, 3, '08', 2, 1, 4, 1, '0'),
(680, 3, '08', 2, 1, 4, 2, '0'),
(681, 3, '08', 2, 1, 5, 1, '0'),
(682, 3, '08', 2, 1, 5, 2, '0'),
(683, 3, '08', 2, 1, 6, 1, '0'),
(684, 3, '08', 2, 1, 6, 2, '0'),
(685, 3, '08', 3, 2, 1, 1, '5'),
(686, 3, '08', 3, 2, 1, 2, '2'),
(687, 3, '08', 3, 2, 2, 1, '15'),
(688, 3, '08', 3, 2, 2, 2, '14'),
(689, 3, '08', 3, 2, 3, 1, '0'),
(690, 3, '08', 3, 2, 3, 2, '0'),
(691, 3, '08', 3, 2, 4, 1, '0'),
(692, 3, '08', 3, 2, 4, 2, '0'),
(693, 3, '08', 3, 2, 5, 1, '0'),
(694, 3, '08', 3, 2, 5, 2, '0'),
(695, 3, '08', 3, 2, 6, 1, '0'),
(696, 3, '08', 3, 2, 6, 2, '0'),
(697, 3, '08', 5, 2, 1, 1, '3'),
(698, 3, '08', 5, 2, 1, 2, '4'),
(699, 3, '08', 5, 2, 2, 1, '12'),
(700, 3, '08', 5, 2, 2, 2, '14'),
(701, 3, '08', 5, 2, 3, 1, '0'),
(702, 3, '08', 5, 2, 3, 2, '1'),
(703, 3, '08', 5, 2, 4, 1, '0'),
(704, 3, '08', 5, 2, 4, 2, '0'),
(705, 3, '08', 5, 2, 5, 1, '0'),
(706, 3, '08', 5, 2, 5, 2, '0'),
(707, 3, '08', 5, 2, 6, 1, '0'),
(708, 3, '08', 5, 2, 6, 2, '0'),
(709, 3, '08', 4, 3, 1, 1, '4'),
(710, 3, '08', 4, 3, 1, 2, '8'),
(711, 3, '08', 4, 3, 2, 1, '12'),
(712, 3, '08', 4, 3, 2, 2, '15'),
(713, 3, '08', 4, 3, 3, 1, '0'),
(714, 3, '08', 4, 3, 3, 2, '0'),
(715, 3, '08', 4, 3, 4, 1, '0'),
(716, 3, '08', 4, 3, 4, 2, '0'),
(717, 3, '08', 4, 3, 5, 1, '0'),
(718, 3, '08', 4, 3, 5, 2, '0'),
(719, 3, '08', 4, 3, 6, 1, '0'),
(720, 3, '08', 4, 3, 6, 2, '0'),
(721, 3, '09', 1, 1, 1, 1, '6'),
(722, 3, '09', 1, 1, 1, 2, '9'),
(723, 3, '09', 1, 1, 2, 1, '10'),
(724, 3, '09', 1, 1, 2, 2, '6'),
(725, 3, '09', 1, 1, 3, 1, '0'),
(726, 3, '09', 1, 1, 3, 2, '0'),
(727, 3, '09', 1, 1, 4, 1, '0'),
(728, 3, '09', 1, 1, 4, 2, '0'),
(729, 3, '09', 1, 1, 5, 1, '0'),
(730, 3, '09', 1, 1, 5, 2, '0'),
(731, 3, '09', 1, 1, 6, 1, '0'),
(732, 3, '09', 1, 1, 6, 2, '0'),
(733, 3, '09', 2, 1, 1, 1, '8'),
(734, 3, '09', 2, 1, 1, 2, '6'),
(735, 3, '09', 2, 1, 2, 1, '11'),
(736, 3, '09', 2, 1, 2, 2, '9'),
(737, 3, '09', 2, 1, 3, 1, '0'),
(738, 3, '09', 2, 1, 3, 2, '0'),
(739, 3, '09', 2, 1, 4, 1, '0'),
(740, 3, '09', 2, 1, 4, 2, '0'),
(741, 3, '09', 2, 1, 5, 1, '0'),
(742, 3, '09', 2, 1, 5, 2, '0'),
(743, 3, '09', 2, 1, 6, 1, '0'),
(744, 3, '09', 2, 1, 6, 2, '0'),
(745, 3, '09', 3, 2, 1, 1, '5'),
(746, 3, '09', 3, 2, 1, 2, '2'),
(747, 3, '09', 3, 2, 2, 1, '15'),
(748, 3, '09', 3, 2, 2, 2, '14'),
(749, 3, '09', 3, 2, 3, 1, '0'),
(750, 3, '09', 3, 2, 3, 2, '0'),
(751, 3, '09', 3, 2, 4, 1, '0'),
(752, 3, '09', 3, 2, 4, 2, '0'),
(753, 3, '09', 3, 2, 5, 1, '0'),
(754, 3, '09', 3, 2, 5, 2, '0'),
(755, 3, '09', 3, 2, 6, 1, '0'),
(756, 3, '09', 3, 2, 6, 2, '0'),
(757, 3, '09', 5, 2, 1, 1, '3'),
(758, 3, '09', 5, 2, 1, 2, '4'),
(759, 3, '09', 5, 2, 2, 1, '12'),
(760, 3, '09', 5, 2, 2, 2, '14'),
(761, 3, '09', 5, 2, 3, 1, '0'),
(762, 3, '09', 5, 2, 3, 2, '1'),
(763, 3, '09', 5, 2, 4, 1, '0'),
(764, 3, '09', 5, 2, 4, 2, '0'),
(765, 3, '09', 5, 2, 5, 1, '0'),
(766, 3, '09', 5, 2, 5, 2, '0'),
(767, 3, '09', 5, 2, 6, 1, '0'),
(768, 3, '09', 5, 2, 6, 2, '0'),
(769, 3, '09', 4, 3, 1, 1, '4'),
(770, 3, '09', 4, 3, 1, 2, '8'),
(771, 3, '09', 4, 3, 2, 1, '12'),
(772, 3, '09', 4, 3, 2, 2, '15'),
(773, 3, '09', 4, 3, 3, 1, '0'),
(774, 3, '09', 4, 3, 3, 2, '0'),
(775, 3, '09', 4, 3, 4, 1, '0'),
(776, 3, '09', 4, 3, 4, 2, '0'),
(777, 3, '09', 4, 3, 5, 1, '0'),
(778, 3, '09', 4, 3, 5, 2, '0'),
(779, 3, '09', 4, 3, 6, 1, '0'),
(780, 3, '09', 4, 3, 6, 2, '0'),
(781, 3, '10', 1, 1, 1, 1, '6'),
(782, 3, '10', 1, 1, 1, 2, '8'),
(783, 3, '10', 1, 1, 2, 1, '9'),
(784, 3, '10', 1, 1, 2, 2, '6'),
(785, 3, '10', 1, 1, 3, 1, '0'),
(786, 3, '10', 1, 1, 3, 2, '0'),
(787, 3, '10', 1, 1, 4, 1, '0'),
(788, 3, '10', 1, 1, 4, 2, '0'),
(789, 3, '10', 1, 1, 5, 1, '0'),
(790, 3, '10', 1, 1, 5, 2, '0'),
(791, 3, '10', 1, 1, 6, 1, '0'),
(792, 3, '10', 1, 1, 6, 2, '0'),
(793, 3, '10', 2, 1, 1, 1, '8'),
(794, 3, '10', 2, 1, 1, 2, '6'),
(795, 3, '10', 2, 1, 2, 1, '11'),
(796, 3, '10', 2, 1, 2, 2, '9'),
(797, 3, '10', 2, 1, 3, 1, '0'),
(798, 3, '10', 2, 1, 3, 2, '0'),
(799, 3, '10', 2, 1, 4, 1, '0'),
(800, 3, '10', 2, 1, 4, 2, '0'),
(801, 3, '10', 2, 1, 5, 1, '0'),
(802, 3, '10', 2, 1, 5, 2, '0'),
(803, 3, '10', 2, 1, 6, 1, '0'),
(804, 3, '10', 2, 1, 6, 2, '0'),
(805, 3, '10', 3, 2, 1, 1, '5'),
(806, 3, '10', 3, 2, 1, 2, '2'),
(807, 3, '10', 3, 2, 2, 1, '15'),
(808, 3, '10', 3, 2, 2, 2, '14'),
(809, 3, '10', 3, 2, 3, 1, '0'),
(810, 3, '10', 3, 2, 3, 2, '0'),
(811, 3, '10', 3, 2, 4, 1, '0'),
(812, 3, '10', 3, 2, 4, 2, '0'),
(813, 3, '10', 3, 2, 5, 1, '0'),
(814, 3, '10', 3, 2, 5, 2, '0'),
(815, 3, '10', 3, 2, 6, 1, '0'),
(816, 3, '10', 3, 2, 6, 2, '0'),
(817, 3, '10', 5, 2, 1, 1, '3'),
(818, 3, '10', 5, 2, 1, 2, '4'),
(819, 3, '10', 5, 2, 2, 1, '12'),
(820, 3, '10', 5, 2, 2, 2, '14'),
(821, 3, '10', 5, 2, 3, 1, '0'),
(822, 3, '10', 5, 2, 3, 2, '1'),
(823, 3, '10', 5, 2, 4, 1, '0'),
(824, 3, '10', 5, 2, 4, 2, '0'),
(825, 3, '10', 5, 2, 5, 1, '0'),
(826, 3, '10', 5, 2, 5, 2, '0'),
(827, 3, '10', 5, 2, 6, 1, '0'),
(828, 3, '10', 5, 2, 6, 2, '0'),
(829, 3, '10', 4, 3, 1, 1, '4'),
(830, 3, '10', 4, 3, 1, 2, '7'),
(831, 3, '10', 4, 3, 2, 1, '12'),
(832, 3, '10', 4, 3, 2, 2, '15'),
(833, 3, '10', 4, 3, 3, 1, '0'),
(834, 3, '10', 4, 3, 3, 2, '0'),
(835, 3, '10', 4, 3, 4, 1, '0'),
(836, 3, '10', 4, 3, 4, 2, '0'),
(837, 3, '10', 4, 3, 5, 1, '0'),
(838, 3, '10', 4, 3, 5, 2, '0'),
(839, 3, '10', 4, 3, 6, 1, '0'),
(840, 3, '10', 4, 3, 6, 2, '0'),
(901, 3, '07', 1, 1, 1, 1, '6'),
(902, 3, '07', 1, 1, 1, 2, '9'),
(903, 3, '07', 1, 1, 2, 1, '10'),
(904, 3, '07', 1, 1, 2, 2, '6'),
(905, 3, '07', 1, 1, 3, 1, '0'),
(906, 3, '07', 1, 1, 3, 2, '0'),
(907, 3, '07', 1, 1, 4, 1, '0'),
(908, 3, '07', 1, 1, 4, 2, '0'),
(909, 3, '07', 1, 1, 5, 1, '0'),
(910, 3, '07', 1, 1, 5, 2, '0'),
(911, 3, '07', 1, 1, 6, 1, '0'),
(912, 3, '07', 1, 1, 6, 2, '0'),
(913, 3, '07', 2, 1, 1, 1, '8'),
(914, 3, '07', 2, 1, 1, 2, '6'),
(915, 3, '07', 2, 1, 2, 1, '11'),
(916, 3, '07', 2, 1, 2, 2, '9'),
(917, 3, '07', 2, 1, 3, 1, '0'),
(918, 3, '07', 2, 1, 3, 2, '0'),
(919, 3, '07', 2, 1, 4, 1, '0'),
(920, 3, '07', 2, 1, 4, 2, '0'),
(921, 3, '07', 2, 1, 5, 1, '0'),
(922, 3, '07', 2, 1, 5, 2, '0'),
(923, 3, '07', 2, 1, 6, 1, '0'),
(924, 3, '07', 2, 1, 6, 2, '0'),
(925, 3, '07', 3, 2, 1, 1, '5'),
(926, 3, '07', 3, 2, 1, 2, '2'),
(927, 3, '07', 3, 2, 2, 1, '15'),
(928, 3, '07', 3, 2, 2, 2, '14'),
(929, 3, '07', 3, 2, 3, 1, '0'),
(930, 3, '07', 3, 2, 3, 2, '0'),
(931, 3, '07', 3, 2, 4, 1, '0'),
(932, 3, '07', 3, 2, 4, 2, '0'),
(933, 3, '07', 3, 2, 5, 1, '0'),
(934, 3, '07', 3, 2, 5, 2, '0'),
(935, 3, '07', 3, 2, 6, 1, '0'),
(936, 3, '07', 3, 2, 6, 2, '0'),
(937, 3, '07', 5, 2, 1, 1, '3'),
(938, 3, '07', 5, 2, 1, 2, '4'),
(939, 3, '07', 5, 2, 2, 1, '12'),
(940, 3, '07', 5, 2, 2, 2, '14'),
(941, 3, '07', 5, 2, 3, 1, '0'),
(942, 3, '07', 5, 2, 3, 2, '1'),
(943, 3, '07', 5, 2, 4, 1, '0'),
(944, 3, '07', 5, 2, 4, 2, '0'),
(945, 3, '07', 5, 2, 5, 1, '0'),
(946, 3, '07', 5, 2, 5, 2, '0'),
(947, 3, '07', 5, 2, 6, 1, '0'),
(948, 3, '07', 5, 2, 6, 2, '0'),
(949, 3, '07', 4, 3, 1, 1, '4'),
(950, 3, '07', 4, 3, 1, 2, '8'),
(951, 3, '07', 4, 3, 2, 1, '12'),
(952, 3, '07', 4, 3, 2, 2, '15'),
(953, 3, '07', 4, 3, 3, 1, '0'),
(954, 3, '07', 4, 3, 3, 2, '0'),
(955, 3, '07', 4, 3, 4, 1, '0'),
(956, 3, '07', 4, 3, 4, 2, '0'),
(957, 3, '07', 4, 3, 5, 1, '0'),
(958, 3, '07', 4, 3, 5, 2, '0'),
(959, 3, '07', 4, 3, 6, 1, '0'),
(960, 3, '07', 4, 3, 6, 2, '0');

-- --------------------------------------------------------

--
-- Struktur dari tabel `db_surat_keluar`
--

CREATE TABLE `db_surat_keluar` (
  `id_db_surat_keluar` int(10) NOT NULL,
  `kode` text NOT NULL,
  `tujuan` int(10) NOT NULL
) ENGINE=InnoDB DEFAULT CHARSET=utf8mb4;

--
-- Dumping data untuk tabel `db_surat_keluar`
--

INSERT INTO `db_surat_keluar` (`id_db_surat_keluar`, `kode`, `tujuan`) VALUES
(1, '931bbfbc7bcef93cc5310550c23194b6', 7),
(2, '07f798e222450c54e437970c1916baf0', 7),
(3, 'aadb9441a7b207deaf700e6422a3f4f9', 29),
(4, '8de86aefa9743665c74442154c1be849', 2),
(5, 'f289874aa844ad4f13daa69370804222', 31),
(6, 'f289874aa844ad4f13daa69370804222', 30),
(7, 'e8bf1566ef5781f57019f7d26e2d6d04', 291),
(8, 'b30a0afa78d537bcd858e359a6c2f632', 102),
(9, 'c8738a41e771321572a1fc0b07127a45', 20),
(10, 'e0bd8d7514f706ae1582b3261ee2f31a', 8),
(11, 'd8a29103690bd1b774f8e3d1ac0022e3', 417);

-- --------------------------------------------------------

--
-- Struktur dari tabel `eskul`
--

CREATE TABLE `eskul` (
  `id_eskul` int(10) NOT NULL,
  `eskul` text NOT NULL,
  `kode` text NOT NULL,
  `softDelete` int(10) NOT NULL
) ENGINE=InnoDB DEFAULT CHARSET=utf8mb4;

--
-- Dumping data untuk tabel `eskul`
--

INSERT INTO `eskul` (`id_eskul`, `eskul`, `kode`, `softDelete`) VALUES
(1, 'Pramuka', 'PRK', 0),
(2, 'kesenian', 'KSN', 0),
(3, 'Olahraga', 'OLG', 0),
(4, 'Karya Ilmiah Remaja', 'KIR', 1);

-- --------------------------------------------------------

--
-- Struktur dari tabel `guru`
--

CREATE TABLE `guru` (
  `id_guru` int(10) NOT NULL,
  `tugas_pokok` int(10) NOT NULL,
  `sub_jabatan` text NOT NULL,
  `kepegawaian` int(10) NOT NULL,
  `tmt` date DEFAULT NULL,
  `tgl_masuk` text NOT NULL,
  `bulan_masuk` text NOT NULL,
  `tahun_masuk` int(11) NOT NULL,
  `nama_guru` text NOT NULL,
  `nip` text NOT NULL,
  `nuptk` text NOT NULL,
  `kelamin` int(10) NOT NULL,
  `agama` int(10) NOT NULL,
  `tempat_lahir` text NOT NULL,
  `tanggal_lahir` date DEFAULT NULL,
  `foto` text NOT NULL,
  `pendidikan_terakhir` int(10) NOT NULL,
  `keaktifan` text NOT NULL,
  `status` text NOT NULL,
  `tanggal_keluar` date DEFAULT NULL,
  `keluar_tanggal` text NOT NULL,
  `keluar_bulan` text NOT NULL,
  `keluar_tahun` text NOT NULL,
  `alasan` text NOT NULL,
  `no_sk` text NOT NULL,
  `tanggal_sk` date DEFAULT NULL,
  `tanggal_input` text NOT NULL,
  `bulan_input` text NOT NULL,
  `tahun_input` text NOT NULL
) ENGINE=InnoDB DEFAULT CHARSET=utf8mb4;

--
-- Dumping data untuk tabel `guru`
--

INSERT INTO `guru` (`id_guru`, `tugas_pokok`, `sub_jabatan`, `kepegawaian`, `tmt`, `tgl_masuk`, `bulan_masuk`, `tahun_masuk`, `nama_guru`, `nip`, `nuptk`, `kelamin`, `agama`, `tempat_lahir`, `tanggal_lahir`, `foto`, `pendidikan_terakhir`, `keaktifan`, `status`, `tanggal_keluar`, `keluar_tanggal`, `keluar_bulan`, `keluar_tahun`, `alasan`, `no_sk`, `tanggal_sk`, `tanggal_input`, `bulan_input`, `tahun_input`) VALUES
(1, 4, '', 11, '2025-07-01', '01', '07', 2025, 'Tata Usaha Sekolah', '', '', 1, 1, '', NULL, '', 0, 'Aktif', '', NULL, '', '', '', '', '', NULL, '11', '10', '2025'),
(2, 1, 'Agama Islam', 1, '2025-07-01', '01', '07', 2025, 'Ama Mohamad', '198803022025211027', '', 1, 1, 'Lahad Datu', '1988-03-02', '', 0, 'Aktif', '', NULL, '', '', '', '', '', NULL, '11', '10', '2025'),
(29, 2, 'Agama Islam', 1, '2019-08-21', '21', '08', 2019, 'Siti Rahmah', '198502042019032001', '-', 2, 1, 'Flores Timur', '1987-04-02', '', 0, 'Aktif', '', NULL, '', '', '', '', '', NULL, '11', '10', '2025'),
(30, 2, 'Pendidikan Pancasila', 11, '2025-07-01', '01', '07', 2025, 'Anggun Hidayatullah Tokan', '-', '', 2, 1, 'Lamablawa', '2015-07-21', '', 0, 'Aktif', '', NULL, '', '', '', '', '', NULL, '11', '10', '2025'),
(31, 2, 'Bahasa Indonesia', 8, '2023-07-21', '21', '07', 2023, 'Muhammad Yusuf Alfaribi', '-', '-', 1, 1, 'Larantuka', '2001-12-08', '', 0, 'Aktif', '', NULL, '', '', '', '', '', NULL, '11', '10', '2025'),
(32, 2, 'Agama Katolik', 8, '2025-10-12', '12', '10', 2025, 'Contoh PTK 1', '-', '-', 1, 3, 'Contoh tempat lahir 1', '2025-10-12', '', 0, 'Aktif', '', NULL, '', '', '', '', '', NULL, '11', '10', '2025');

-- --------------------------------------------------------

--
-- Struktur dari tabel `jenis_kelamin`
--

CREATE TABLE `jenis_kelamin` (
  `id_jenis_kelamin` int(10) NOT NULL,
  `jenis_kelamin` text NOT NULL,
  `sjengkel` text NOT NULL
) ENGINE=InnoDB DEFAULT CHARSET=utf8mb4;

--
-- Dumping data untuk tabel `jenis_kelamin`
--

INSERT INTO `jenis_kelamin` (`id_jenis_kelamin`, `jenis_kelamin`, `sjengkel`) VALUES
(1, 'Laki-laki', 'L'),
(2, 'Perempuan', 'P');

-- --------------------------------------------------------

--
-- Struktur dari tabel `jenis_laporan_bulanan`
--

CREATE TABLE `jenis_laporan_bulanan` (
  `id_jenis_laporan_bulanan` int(10) NOT NULL,
  `jenis_laporan` text NOT NULL,
  `url_laporan` text NOT NULL
) ENGINE=InnoDB DEFAULT CHARSET=utf8mb4;

--
-- Dumping data untuk tabel `jenis_laporan_bulanan`
--

INSERT INTO `jenis_laporan_bulanan` (`id_jenis_laporan_bulanan`, `jenis_laporan`, `url_laporan`) VALUES
(1, 'Laporan Bulanan Surat Keluar', 'lap-surat-keluar.php'),
(2, 'Laporan Bulanan Keadaan Peserta Didik', 'lap_kondisi_siswa.php'),
(3, 'Laporan Bulanan Keadaan Tenaga Pendidik & Kependidikan', 'lap_kondisi_guru.php'),
(4, 'Laporan Bulanan Surat Masuk', 'lap-surat-masuk.php');

-- --------------------------------------------------------

--
-- Struktur dari tabel `jenis_surat_keluar`
--

CREATE TABLE `jenis_surat_keluar` (
  `id_jenis_surat_keluar` int(10) NOT NULL,
  `piloting` text COLLATE utf8mb4_unicode_ci NOT NULL,
  `jenis_surat_keluar` text COLLATE utf8mb4_unicode_ci NOT NULL,
  `nomenklatur_surat` text COLLATE utf8mb4_unicode_ci NOT NULL,
  `url_surat` text COLLATE utf8mb4_unicode_ci NOT NULL
) ENGINE=InnoDB DEFAULT CHARSET=utf8mb4 COLLATE=utf8mb4_unicode_ci;

--
-- Dumping data untuk tabel `jenis_surat_keluar`
--

INSERT INTO `jenis_surat_keluar` (`id_jenis_surat_keluar`, `piloting`, `jenis_surat_keluar`, `nomenklatur_surat`, `url_surat`) VALUES
(1, 'Guru', 'Surat Pengantar', 'I 21.25.12/SMAN 1/KP/', 'surat_pengantar.php'),
(2, 'Guru', 'Surat Keterangan Tidak Pernah Dijatuhi Hukuman Disiplin', 'I 21.25.12/SMAN 1/KP/', 'surat_keterangan_tidak_pernah_dijatuhi_hukuman.php'),
(3, 'Alumni', 'Surat Keterangan Tidak Mengeluarkan SKHUN', 'I 21.25.12/SMAN 1/MN/', 'surat_keterangan_tidak_mengeluarkan_skhun.php'),
(5, 'Guru', 'Surat Undangan Rapat', 'I 21.25.12/SMAN 1/MN/', 'surat_undangan_rapat.php'),
(6, 'Siswa', 'Surat Keterangan Pindah', 'I 21.25.12/SMAN 1/MN/', 'surat_keterangan_pindah.php'),
(7, 'Siswa', 'Surat Kelakuan Baik', 'I 21.25.12/SMAN 1/MN/', 'surat_kelakuan_baik.php'),
(8, 'Alumni', 'Surat Kelakuan Baik', 'I 21.25.12/SMAN 1/MN/', 'surat_kelakuan_baik_alumni.php'),
(9, 'Siswa', 'Surat Panggilan Orang Tua / Wali', 'I 21.25.12/SMAN 1/LL/', 'surat_panggilan_orang_tua.php'),
(10, 'Siswa', 'Surat Keterangan Peserta Didik Aktif', 'I 21.25.12/SMAN 1/MN/', 'surat_keterangan_siswa_aktif.php'),
(11, 'Siswa', 'Surat Rekomendasi', 'I 21.25.12/SMAN 1/MN/', 'surat_rekomendasi_siswa_baru.php'),
(12, 'Siswa', 'Surat Pengembalian Peserta Didik', '/I 21.25.12/SMAN 1/KP/', 'surat_pengembalian_siswa.php'),
(13, 'Guru', 'Surat Perintah Tugas', '/I 21.25.12/SMAN 1/MN/', 'surat_tugas.php'),
(14, 'Guru', 'Surat Izin Kepala Sekolah', 'I 21.25.12/SMAN 1/MN', 'surat_izin_kepala_sekolah.php'),
(16, 'Alumni', 'Surat Keterangan Lulus', 'I 21.25.12/SMAN 1/MN', 'surat_keterangan_lulus.php');

-- --------------------------------------------------------

--
-- Struktur dari tabel `kelas`
--

CREATE TABLE `kelas` (
  `id_kelas` int(10) NOT NULL,
  `nama_kelas` text NOT NULL,
  `id_tingkat` int(10) NOT NULL,
  `id_program_jurusan` int(10) NOT NULL
) ENGINE=InnoDB DEFAULT CHARSET=utf8mb4;

--
-- Dumping data untuk tabel `kelas`
--

INSERT INTO `kelas` (`id_kelas`, `nama_kelas`, `id_tingkat`, `id_program_jurusan`) VALUES
(1, 'X E-1', 1, 1),
(2, 'X E-2', 1, 1),
(3, 'XI F-1', 2, 1),
(4, 'XII F-1', 3, 1),
(5, 'XI F 2', 2, 1);

-- --------------------------------------------------------

--
-- Struktur dari tabel `kelompok_mapel`
--

CREATE TABLE `kelompok_mapel` (
  `id_kelompok_mapel` int(10) NOT NULL,
  `kelompok_mapel` text NOT NULL
) ENGINE=InnoDB DEFAULT CHARSET=utf8mb4;

--
-- Dumping data untuk tabel `kelompok_mapel`
--

INSERT INTO `kelompok_mapel` (`id_kelompok_mapel`, `kelompok_mapel`) VALUES
(1, 'Agama'),
(2, 'Wajib A'),
(3, 'Wajib B'),
(4, 'Pilihan'),
(5, 'Muatan Lokal');

-- --------------------------------------------------------

--
-- Struktur dari tabel `kelompok_surat_masuk`
--

CREATE TABLE `kelompok_surat_masuk` (
  `id_kelompok_surat_masuk` int(10) NOT NULL,
  `kelompok_surat` text NOT NULL
) ENGINE=InnoDB DEFAULT CHARSET=utf8mb4;

--
-- Dumping data untuk tabel `kelompok_surat_masuk`
--

INSERT INTO `kelompok_surat_masuk` (`id_kelompok_surat_masuk`, `kelompok_surat`) VALUES
(1, 'Pemerintah Provinsi'),
(2, 'Pemerintah Kabupaten'),
(3, 'Pemerintah Kecamatan'),
(4, 'Kantor Kedinasan'),
(5, 'Kantor Swasta'),
(6, 'Masyarakat');

-- --------------------------------------------------------

--
-- Struktur dari tabel `kepala_sekolah`
--

CREATE TABLE `kepala_sekolah` (
  `id_kepala_sekolah` int(10) NOT NULL,
  `id_periode` int(10) NOT NULL,
  `id_guru` int(10) NOT NULL,
  `no_sk` text NOT NULL,
  `tanggal_sk` date DEFAULT NULL,
  `tmt` date DEFAULT NULL,
  `tgl_tmt` text NOT NULL,
  `bln_tmt` text NOT NULL,
  `thn_tmt` text NOT NULL
) ENGINE=InnoDB DEFAULT CHARSET=utf8mb4;

--
-- Dumping data untuk tabel `kepala_sekolah`
--

INSERT INTO `kepala_sekolah` (`id_kepala_sekolah`, `id_periode`, `id_guru`, `no_sk`, `tanggal_sk`, `tmt`, `tgl_tmt`, `bln_tmt`, `thn_tmt`) VALUES
(1, 3, 2, '', NULL, NULL, '', '', '');

-- --------------------------------------------------------

--
-- Struktur dari tabel `kepangkatan`
--

CREATE TABLE `kepangkatan` (
  `id_kepangkatan` int(10) NOT NULL,
  `pangkat` text NOT NULL,
  `golongan` text NOT NULL,
  `ruang` text NOT NULL,
  `jabfung` text NOT NULL
) ENGINE=InnoDB DEFAULT CHARSET=utf8mb4;

--
-- Dumping data untuk tabel `kepangkatan`
--

INSERT INTO `kepangkatan` (`id_kepangkatan`, `pangkat`, `golongan`, `ruang`, `jabfung`) VALUES
(1, 'Juru Muda', 'I', 'a', ''),
(2, 'Juru Muda Tingkat I', 'I', 'b', ''),
(3, 'Juru', 'I', 'c', ''),
(4, 'Juru Tingkat I', 'I', 'd', ''),
(5, 'Pengatur Muda', 'II', 'a', ''),
(6, 'Pengatur Muda Tingkat I', 'II', 'b', ''),
(7, 'Pengatur Muda', 'II', 'c', ''),
(8, 'Pengatur Muda', 'II', 'd', ''),
(9, 'Penata Muda', 'III', 'a', 'Guru Ahli Pertama'),
(10, 'Penata Muda Tingkat I', 'III', 'b', 'Guru Ahli Pertama'),
(11, 'Penata', 'III', 'c', 'Guru Ahli Muda'),
(12, 'Penata Tingkat I', 'III', 'd', 'Guru Ahli Muda'),
(13, 'Pembina', 'IV', 'a', 'Guru Ahli Madya'),
(14, 'Pembina Tingkat I', 'IV', 'b', 'Guru Ahli Madya'),
(15, 'Pembina Utama Muda', 'IV', 'c', 'Guru Ahli Madya'),
(16, 'Pembina Utama Madya', 'IV', 'd', 'Guru Ahli Utama'),
(17, 'Pembina Utama', 'IV', 'e', 'Guru Ahli Utama');

-- --------------------------------------------------------

--
-- Struktur dari tabel `kepegawaian`
--

CREATE TABLE `kepegawaian` (
  `id_kepegawaian` int(10) NOT NULL,
  `kepegawaian` text COLLATE utf8mb4_unicode_ci NOT NULL
) ENGINE=InnoDB DEFAULT CHARSET=utf8mb4 COLLATE=utf8mb4_unicode_ci;

--
-- Dumping data untuk tabel `kepegawaian`
--

INSERT INTO `kepegawaian` (`id_kepegawaian`, `kepegawaian`) VALUES
(1, 'PNS'),
(2, 'PNS Diperbantukan'),
(3, 'PNS Depag'),
(5, 'GTT/PTT Provinsi'),
(6, 'GTT/PTT Kab/Kota'),
(7, 'Guru Bantu Pusat'),
(8, 'Guru Honor Sekolah'),
(9, 'Tenaga Honor'),
(10, 'CPNS'),
(11, 'PPPK');

-- --------------------------------------------------------

--
-- Struktur dari tabel `lembaga`
--

CREATE TABLE `lembaga` (
  `id_lembaga` int(10) NOT NULL,
  `npsn` text NOT NULL,
  `nama_sekolah` text NOT NULL,
  `alamat` text NOT NULL,
  `desa` text NOT NULL,
  `kecamatan` text NOT NULL,
  `kabupaten` text NOT NULL,
  `provinsi` text NOT NULL,
  `kontak` text NOT NULL,
  `email` text NOT NULL,
  `kode_pos` text NOT NULL,
  `website` text NOT NULL,
  `logo_sekolah` text NOT NULL,
  `logo_pemda` text NOT NULL
) ENGINE=InnoDB DEFAULT CHARSET=utf8mb4;

--
-- Dumping data untuk tabel `lembaga`
--

INSERT INTO `lembaga` (`id_lembaga`, `npsn`, `nama_sekolah`, `alamat`, `desa`, `kecamatan`, `kabupaten`, `provinsi`, `kontak`, `email`, `kode_pos`, `website`, `logo_sekolah`, `logo_pemda`) VALUES
(1, '50301884', 'SMK Negeri 1 Mandah', 'Jalan H. M. Rusli Zainal', 'Bolak Raya', 'Mandah', 'Indragiri Hilir', 'Riau', '081371383382', 'smkn1mandah@yahoo.com', '29254', 'https://sman1adonaratimur.sch.id/', 'smkn1 mandah.png', 'Logo_prov_riau2.png');

-- --------------------------------------------------------

--
-- Struktur dari tabel `list_tugas_tambahan`
--

CREATE TABLE `list_tugas_tambahan` (
  `id_list_tugas_tambahan` int(10) NOT NULL,
  `tugas_tambahan` text COLLATE utf8mb4_unicode_ci NOT NULL
) ENGINE=InnoDB DEFAULT CHARSET=utf8mb4 COLLATE=utf8mb4_unicode_ci;

--
-- Dumping data untuk tabel `list_tugas_tambahan`
--

INSERT INTO `list_tugas_tambahan` (`id_list_tugas_tambahan`, `tugas_tambahan`) VALUES
(1, 'Wakil Kepala Sekolah Urusan Kurikulum'),
(2, 'Wakil Kepala Sekolah Urusan Kesiswaan'),
(3, 'Wakil Kepala Sekolah Urusan Sarana Prasarana'),
(4, 'Wakil Kepala Sekolah Urusan Hubungan Masyarakat'),
(5, 'Kepala Perpustakaan'),
(6, 'Kepala Laboratorium IPA'),
(7, 'Kepala Laboratorium Bahasa'),
(8, 'Kepala Laboratorium Komputer'),
(9, 'Wali Kelas'),
(10, 'Pembina Ekstrakurikuler'),
(12, 'Guru Wali');

-- --------------------------------------------------------

--
-- Struktur dari tabel `lulusan`
--

CREATE TABLE `lulusan` (
  `id_lulusan` int(10) NOT NULL,
  `periode` int(10) NOT NULL,
  `id_kelas` int(10) NOT NULL,
  `id_siswa` int(10) NOT NULL,
  `nomor_ijazah` text NOT NULL,
  `no_transkrip_nilai` text NOT NULL
) ENGINE=InnoDB DEFAULT CHARSET=utf8mb4;

--
-- Dumping data untuk tabel `lulusan`
--

INSERT INTO `lulusan` (`id_lulusan`, `periode`, `id_kelas`, `id_siswa`, `nomor_ijazah`, `no_transkrip_nilai`) VALUES
(3, 3, 4, 7, '', ''),
(4, 3, 4, 9, '', '');

-- --------------------------------------------------------

--
-- Struktur dari tabel `mapel`
--

CREATE TABLE `mapel` (
  `id_mapel` int(10) NOT NULL,
  `urutan` int(10) NOT NULL,
  `nama_mapel` text NOT NULL,
  `kode` text NOT NULL,
  `id_kelompok_mapel` int(10) NOT NULL,
  `sb_jabatan` text NOT NULL
) ENGINE=InnoDB DEFAULT CHARSET=utf8mb4;

--
-- Dumping data untuk tabel `mapel`
--

INSERT INTO `mapel` (`id_mapel`, `urutan`, `nama_mapel`, `kode`, `id_kelompok_mapel`, `sb_jabatan`) VALUES
(5, 1, 'Pendidikan Agama Islam dan Budi Pekerti', 'PAI', 1, 'Agama Islam'),
(6, 2, 'Pendidikan Agama Katolik dan Budi Pekerti', 'PAK', 1, 'Agama Katolik'),
(7, 3, 'Pendidikan Pancasila dan Kewarganegaraan', 'PPKn', 2, 'Pendidikan Pancasila'),
(8, 4, 'Bahasa Indonesia', 'Bindo', 2, 'Bahasa Indonesia'),
(9, 5, 'Matematika', 'MTK', 2, 'Matematika');

-- --------------------------------------------------------

--
-- Struktur dari tabel `mapel_kelas`
--

CREATE TABLE `mapel_kelas` (
  `id_mapel_kelas` int(10) NOT NULL,
  `periode` int(10) NOT NULL,
  `id_kelas` int(10) NOT NULL,
  `id_mapel` int(10) NOT NULL,
  `id_guru` int(10) NOT NULL
) ENGINE=InnoDB DEFAULT CHARSET=utf8mb4;

--
-- Dumping data untuk tabel `mapel_kelas`
--

INSERT INTO `mapel_kelas` (`id_mapel_kelas`, `periode`, `id_kelas`, `id_mapel`, `id_guru`) VALUES
(1, 3, 1, 5, 29),
(3, 3, 1, 7, 30),
(6, 3, 1, 8, 31),
(7, 3, 1, 6, 0),
(8, 3, 1, 9, 0);

-- --------------------------------------------------------

--
-- Struktur dari tabel `mutasi_masuk`
--

CREATE TABLE `mutasi_masuk` (
  `id_mutasi_masuk` int(10) NOT NULL,
  `periode` int(10) NOT NULL,
  `id_siswa` int(10) NOT NULL,
  `tanggal_masuk` date NOT NULL,
  `tgl` text NOT NULL,
  `bln` text NOT NULL,
  `thn` text NOT NULL,
  `kelas_awal` int(10) NOT NULL
) ENGINE=InnoDB DEFAULT CHARSET=utf8mb4;

-- --------------------------------------------------------

--
-- Struktur dari tabel `pangkat_ptk`
--

CREATE TABLE `pangkat_ptk` (
  `id_pangkat_ptk` int(10) NOT NULL,
  `id_guru` int(10) NOT NULL,
  `id_pangkat` int(10) NOT NULL,
  `tmt` date DEFAULT NULL,
  `no_sk` text NOT NULL,
  `tanggal_sk` date NOT NULL,
  `file_sk` text NOT NULL
) ENGINE=InnoDB DEFAULT CHARSET=utf8mb4;

--
-- Dumping data untuk tabel `pangkat_ptk`
--

INSERT INTO `pangkat_ptk` (`id_pangkat_ptk`, `id_guru`, `id_pangkat`, `tmt`, `no_sk`, `tanggal_sk`, `file_sk`) VALUES
(3, 2, 10, '2025-07-01', '0039', '2025-10-10', '2-10.pdf'),
(4, 29, 10, '2023-04-01', '-', '2025-10-11', '');

-- --------------------------------------------------------

--
-- Struktur dari tabel `pembina_eskul`
--

CREATE TABLE `pembina_eskul` (
  `id_pembina_eskul` int(10) NOT NULL,
  `periode` int(10) NOT NULL,
  `id_eskul` int(10) NOT NULL,
  `id_guru` int(10) NOT NULL
) ENGINE=InnoDB DEFAULT CHARSET=utf8mb4;

--
-- Dumping data untuk tabel `pembina_eskul`
--

INSERT INTO `pembina_eskul` (`id_pembina_eskul`, `periode`, `id_eskul`, `id_guru`) VALUES
(9, 3, 1, 31),
(10, 3, 1, 30);

-- --------------------------------------------------------

--
-- Struktur dari tabel `pendidikan`
--

CREATE TABLE `pendidikan` (
  `id_pendidikan` int(10) NOT NULL,
  `pendidikan` text COLLATE utf8mb4_unicode_ci NOT NULL
) ENGINE=InnoDB DEFAULT CHARSET=utf8mb4 COLLATE=utf8mb4_unicode_ci;

--
-- Dumping data untuk tabel `pendidikan`
--

INSERT INTO `pendidikan` (`id_pendidikan`, `pendidikan`) VALUES
(1, 'Tidak Sekolah'),
(2, 'Putus SD'),
(3, 'SD Sederajat'),
(4, 'SMP Sederajat'),
(5, 'SMA Sederajat'),
(6, 'D1'),
(7, 'D2'),
(8, 'D3'),
(9, 'S1'),
(10, 'S2'),
(11, 'S3');

-- --------------------------------------------------------

--
-- Struktur dari tabel `pendidikan_ptk`
--

CREATE TABLE `pendidikan_ptk` (
  `id_pendidikan_ptk` int(10) NOT NULL,
  `id_guru` int(10) NOT NULL,
  `id_pendidikan` int(10) NOT NULL,
  `tahun_masuk` text NOT NULL,
  `tahun_lulus` text NOT NULL,
  `gelar_depan` text NOT NULL,
  `gelar_belakang` text NOT NULL,
  `file_ijazah` text NOT NULL
) ENGINE=InnoDB DEFAULT CHARSET=utf8mb4;

--
-- Dumping data untuk tabel `pendidikan_ptk`
--

INSERT INTO `pendidikan_ptk` (`id_pendidikan_ptk`, `id_guru`, `id_pendidikan`, `tahun_masuk`, `tahun_lulus`, `gelar_depan`, `gelar_belakang`, `file_ijazah`) VALUES
(1, 2, 3, '1996', '2002', '-', '-', '2-3.pdf'),
(5, 2, 5, '2005', '2007', '-', '-', '2-5.pdf'),
(6, 2, 9, '2008', '2021', '-', 'S.Pd', '2-9.pdf'),
(7, 3, 9, '2019', '2023', '-', 'S.Pd', ''),
(8, 29, 9, '1998', '2003', '-', 'S.Pd.SD', '');

-- --------------------------------------------------------

--
-- Struktur dari tabel `periode`
--

CREATE TABLE `periode` (
  `id_periode` int(10) NOT NULL,
  `tahun` text NOT NULL,
  `semester` text NOT NULL,
  `tahun_pelajaran` text NOT NULL
) ENGINE=InnoDB DEFAULT CHARSET=utf8mb4;

--
-- Dumping data untuk tabel `periode`
--

INSERT INTO `periode` (`id_periode`, `tahun`, `semester`, `tahun_pelajaran`) VALUES
(3, '2025', '1', '2025/2026');

-- --------------------------------------------------------

--
-- Struktur dari tabel `prestasi_siswa`
--

CREATE TABLE `prestasi_siswa` (
  `id_prestasi_siswa` int(10) NOT NULL,
  `periode` int(10) NOT NULL,
  `kegiatan` text NOT NULL,
  `tingkat` text NOT NULL,
  `penyelenggara` text NOT NULL,
  `keterangan` text NOT NULL
) ENGINE=InnoDB DEFAULT CHARSET=utf8mb4;

-- --------------------------------------------------------

--
-- Struktur dari tabel `program_jurusan`
--

CREATE TABLE `program_jurusan` (
  `id_program_jurusan` int(10) NOT NULL,
  `program_jurusan` text NOT NULL
) ENGINE=InnoDB DEFAULT CHARSET=utf8mb4;

--
-- Dumping data untuk tabel `program_jurusan`
--

INSERT INTO `program_jurusan` (`id_program_jurusan`, `program_jurusan`) VALUES
(1, 'Umum');

-- --------------------------------------------------------

--
-- Struktur dari tabel `rombel`
--

CREATE TABLE `rombel` (
  `id_rombel` int(10) NOT NULL,
  `periode` int(10) NOT NULL,
  `id_kelas` int(10) NOT NULL,
  `wali_kelas` int(10) NOT NULL
) ENGINE=InnoDB DEFAULT CHARSET=utf8mb4;

--
-- Dumping data untuk tabel `rombel`
--

INSERT INTO `rombel` (`id_rombel`, `periode`, `id_kelas`, `wali_kelas`) VALUES
(1, 3, 1, 29),
(2, 3, 2, 30),
(3, 3, 3, 32),
(4, 3, 5, 31),
(5, 3, 4, 0);

-- --------------------------------------------------------

--
-- Struktur dari tabel `siswa`
--

CREATE TABLE `siswa` (
  `id_siswa` int(10) NOT NULL,
  `nis` text NOT NULL,
  `nisn` text NOT NULL,
  `nama_siswa` text NOT NULL,
  `tempat_lahir` text NOT NULL,
  `tanggal_lahir` date NOT NULL,
  `kelamin` int(10) NOT NULL,
  `agama` int(10) NOT NULL,
  `alamat` text NOT NULL,
  `kontak` text NOT NULL,
  `email` text NOT NULL,
  `terima_tanggal` date DEFAULT NULL,
  `terima_tgl` text NOT NULL,
  `terima_bulan` text NOT NULL,
  `terima_tahun` text NOT NULL,
  `terima_kelas` int(10) NOT NULL,
  `sekolah_asal` text NOT NULL,
  `jumlah_bersaudara` text NOT NULL,
  `anak_ke` text NOT NULL,
  `jenis_hubungan_keluarga` text NOT NULL,
  `nama_ayah` text NOT NULL,
  `nama_ibu` text NOT NULL,
  `pekerjaan_ayah` text NOT NULL,
  `pekerjaan_ibu` text NOT NULL,
  `kontak_orang_tua` text NOT NULL,
  `alamat_orang_tua` text NOT NULL,
  `nama_wali` text NOT NULL,
  `pekerjaan_wali` text NOT NULL,
  `kontak_wali` text NOT NULL,
  `alamat_wali` text NOT NULL,
  `username` text NOT NULL,
  `pass` text NOT NULL,
  `password` varchar(250) NOT NULL,
  `kode_keluar` text NOT NULL,
  `tanggal_keluar` date DEFAULT NULL,
  `keluar_tanggal` text NOT NULL,
  `keluar_bulan` text NOT NULL,
  `keluar_tahun` text NOT NULL,
  `status_siswa` text NOT NULL,
  `alasan_keluar` text NOT NULL,
  `sekolah_tujuan` text NOT NULL,
  `nomor_surat_rekomendasi` text NOT NULL,
  `tanggal_surat_rekomendasi` date DEFAULT NULL,
  `kelas_program` text NOT NULL,
  `keaktifan` text NOT NULL
) ENGINE=InnoDB DEFAULT CHARSET=utf8mb4;

--
-- Dumping data untuk tabel `siswa`
--

INSERT INTO `siswa` (`id_siswa`, `nis`, `nisn`, `nama_siswa`, `tempat_lahir`, `tanggal_lahir`, `kelamin`, `agama`, `alamat`, `kontak`, `email`, `terima_tanggal`, `terima_tgl`, `terima_bulan`, `terima_tahun`, `terima_kelas`, `sekolah_asal`, `jumlah_bersaudara`, `anak_ke`, `jenis_hubungan_keluarga`, `nama_ayah`, `nama_ibu`, `pekerjaan_ayah`, `pekerjaan_ibu`, `kontak_orang_tua`, `alamat_orang_tua`, `nama_wali`, `pekerjaan_wali`, `kontak_wali`, `alamat_wali`, `username`, `pass`, `password`, `kode_keluar`, `tanggal_keluar`, `keluar_tanggal`, `keluar_bulan`, `keluar_tahun`, `status_siswa`, `alasan_keluar`, `sekolah_tujuan`, `nomor_surat_rekomendasi`, `tanggal_surat_rekomendasi`, `kelas_program`, `keaktifan`) VALUES
(1, '0001', '00083919191', 'Contoh 1', 'Flores Timur 1', '2014-10-21', 1, 1, '', '', '', '2025-07-19', '19', '07', '2025', 0, '', '', '', '', '', '', '', '', '', '', '', '', '', '', '', '', '', '', NULL, '', '', '', 'Siswa Baru', '', '', '', NULL, '', 'Ya'),
(2, '0002', '00083919192', 'Contoh 2', 'Flores Timur 2', '2014-10-21', 1, 1, '', '', '', '2025-07-19', '19', '07', '2025', 0, '', '', '', '', '', '', '', '', '', '', '', '', '', '', '', '', '', '', NULL, '', '', '', 'Siswa Baru', '', '', '', NULL, '', 'Ya'),
(3, '0003', '00083919193', 'Contoh 3', 'Flores Timur 3', '2014-10-21', 2, 1, '', '', '', '2025-07-19', '19', '07', '2025', 0, '', '', '', '', '', '', '', '', '', '', '', '', '', '', '', '', '', '', NULL, '', '', '', 'Siswa Baru', '', '', '', NULL, '', 'Ya'),
(4, '0004', '00083919194', 'Contoh 4', 'Flores Timur 4', '2014-10-21', 1, 2, '', '', '', '2025-07-19', '19', '07', '2025', 0, '', '', '', '', '', '', '', '', '', '', '', '', '', '', '', '', '', '', NULL, '', '', '', 'Siswa Baru', '', '', '', NULL, '', 'Ya'),
(5, '0005', '00083919195', 'Contoh 5', 'Flores Timur 5', '2014-10-21', 1, 1, '', '', '', '2025-07-19', '19', '07', '2025', 0, '', '', '', '', '', '', '', '', '', '', '', '', '', '', '', '', '', '', NULL, '', '', '', 'Siswa Baru', '', '', '', NULL, '', 'Ya'),
(6, '0006', '00083919196', 'Contoh 6', 'Flores Timur 6', '2014-10-21', 2, 1, '', '', '', '2025-07-19', '19', '07', '2025', 0, '', '', '', '', '', '', '', '', '', '', '', '', '', '', '', '', '', '0c882eba1f1fffef1dfd0a1c04899261', '2025-10-12', '12', '10', '2025', 'Pindah Keluar', 'Kemauan Orang Tua', 'SMA Negeri Adonara', '44', '2025-10-12', '', 'Tidak'),
(7, '0007', '00083919197', 'Contoh 7', 'Flores Timur 7', '2014-10-21', 2, 1, 'Desa Sukutokan, Kecamatan Kelubagolit, Kabupaten Flores Timur', '081288348595', 'bilqi5mahmud90@gmail.com', '2025-07-19', '19', '07', '2025', 0, 'SMPS 1912 WATOONE', '5', '3', 'Anak Kandung', 'Mohamad Ikram Ola Wia', 'Siti Mahani Safak', 'Petani', 'Petani', '081288348595', 'Desa Sukutokan, Kecamatan Kelubagolit, Kabupaten Flores Timur', '-', '-', '-', '-', '', '', '', '', NULL, '', '', '', 'Lulus', '', '', '', NULL, '', 'Tidak'),
(8, '0008', '00083919198', 'Contoh 8', 'Flores Timur 8', '2014-10-21', 1, 2, '', '', '', '2025-07-19', '19', '07', '2025', 0, '', '', '', '', '', '', '', '', '', '', '', '', '', '', '', '', '', 'e0bd8d7514f706ae1582b3261ee2f31a', '2025-10-11', '11', '10', '2025', 'Dikembalikan', '', '', '', NULL, '', 'Tidak'),
(9, '0009', '00083919199', 'Contoh 9', 'Flores Timur 9', '2014-10-21', 1, 1, '', '', '', '2025-07-19', '19', '07', '2025', 0, '', '', '', '', '', '', '', '', '', '', '', '', '', '', '', '', '', '', NULL, '', '', '', 'Lulus', '', '', '', NULL, '', 'Tidak'),
(10, '0010', '00083919200', 'Contoh 10', 'Flores Timur 10', '2014-10-21', 2, 1, '', '', '', '2025-07-19', '19', '07', '2025', 0, '', '', '', '', '', '', '', '', '', '', '', '', '', '', '', '', '', '', NULL, '', '', '', 'Siswa Baru', '', '', '', NULL, '', 'Ya'),
(11, '0011', '00083919201', 'Contoh 11', 'Flores Timur 11', '2014-10-21', 1, 2, '', '', '', '2025-07-19', '19', '07', '2025', 0, '', '', '', '', '', '', '', '', '', '', '', '', '', '', '', '', '', '', NULL, '', '', '', 'Siswa Baru', '', '', '', NULL, '', 'Ya'),
(12, '0012', '00083919202', 'Contoh 12', 'Flores Timur 12', '2014-10-21', 1, 1, '', '', '', '2025-07-19', '19', '07', '2025', 0, '', '', '', '', '', '', '', '', '', '', '', '', '', '', '', '', '', '', NULL, '', '', '', 'Siswa Baru', '', '', '', NULL, '', 'Ya'),
(14, '1', '1', '1', '1', '2025-10-10', 2, 1, '1', '1', 'sadas@gmail.com', '2025-10-10', '10', '10', '2025', 0, '1', '1', '1', 'Anak Kandung', '1', '1', '1', '1', '1', '1', '1', '1', '1', '1', '1', '1', '$2y$10$1ir6M1HLqkPdG9OA7OV87.oevve8aXNQhkvgTsxx.cB8JSPVCaNIq', '380d8be0895e6d6081da07677e29406f', '2025-10-10', '10', '10', '2025', 'Pindah Keluar', 'Kemauan Orang Tua', 'SMAN SWASTA SURYA MANDALA WAIWERANG', '901/i.21.01/S.VI-2025', '2025-07-14', '', 'Tidak'),
(15, '0021', '77775569', 'MIRNA TERE BURHAN', 'Flores Timur 1', '2015-07-21', 2, 1, '', '', '', '2025-07-19', '19', '07', '2025', 0, '', '', '', '', '', '', '', '', '', '', '', '', '', '', '', '', '', '', NULL, '', '', '', 'Siswa Baru', '', '', '', NULL, '', 'Ya'),
(16, '0022', '103806493', 'FITRIA RAHAYU IWAN', 'Flores Timur 2', '2015-07-21', 2, 1, '', '', '', '2025-07-19', '19', '07', '2025', 0, '', '', '', '', '', '', '', '', '', '', '', '', '', '', '', '', '', '', NULL, '', '', '', 'Siswa Baru', '', '', '', NULL, '', 'Ya'),
(17, '0023', '0101257038', 'FIFI ALFI AINI', 'Flores Timur 3', '2015-07-21', 2, 1, '', '', '', '2025-07-19', '19', '07', '2025', 0, '', '', '', '', '', '', '', '', '', '', '', '', '', '', '', '', '', '', NULL, '', '', '', 'Siswa Baru', '', '', '', NULL, '', 'Ya'),
(18, '0024', '0092069913', 'KASIM KEWA AMA', 'Flores Timur 4', '2015-07-21', 1, 1, '', '', '', '2025-07-19', '19', '07', '2025', 0, '', '', '', '', '', '', '', '', '', '', '', '', '', '', '', '', '', '', NULL, '', '', '', 'Siswa Baru', '', '', '', NULL, '', 'Ya'),
(19, '0025', '0109959684', 'HAMIDAH TAHER', 'Flores Timur 5', '2015-07-21', 2, 1, '', '', '', '2025-07-19', '19', '07', '2025', 0, '', '', '', '', '', '', '', '', '', '', '', '', '', '', '', '', '', '', NULL, '', '', '', 'Pindah Masuk', '', '', '', NULL, '', 'Ya'),
(20, '0026', '0099268620', 'ADRIANUS PURA NAREK', 'Flores Timur 6', '2015-07-21', 1, 2, '', '', '', '2025-07-19', '19', '07', '2025', 0, '', '', '', '', '', '', '', '', '', '', '', '', '', '', '', '', '', '', NULL, '', '', '', 'Siswa Baru', '', '', '', NULL, '', 'Ya'),
(21, '0027', '0092404985', 'MARIA AGUSTINA TULIT DEMON', 'Flores Timur 7', '2015-07-21', 2, 2, '', '', '', '2025-07-19', '19', '07', '2025', 0, '', '', '', '', '', '', '', '', '', '', '', '', '', '', '', '', '', '', NULL, '', '', '', 'Siswa Baru', '', '', '', NULL, '', 'Ya'),
(22, '0028', '0108297552', 'ALOYSIUS SANGA SAMON', 'Flores Timur 8', '2015-07-21', 1, 2, '', '', '', '2025-07-19', '19', '07', '2025', 0, '', '', '', '', '', '', '', '', '', '', '', '', '', '', '', '', '', '', NULL, '', '', '', 'Siswa Baru', '', '', '', NULL, '', 'Ya'),
(23, '0029', '0105579581', 'NAISYA AULIA PUTRI', 'Flores Timur 9', '2015-07-21', 2, 2, '', '', '', '2025-07-19', '19', '07', '2025', 0, '', '', '', '', '', '', '', '', '', '', '', '', '', '', '', '', '', '', NULL, '', '', '', 'Siswa Baru', '', '', '', NULL, '', 'Ya'),
(24, '0030', '0077326989', 'MARIA ARLINDA BAREK LEIN', 'Flores Timur 10', '2015-07-21', 2, 2, '', '', '', '2025-07-19', '19', '07', '2025', 0, '', '', '', '', '', '', '', '', '', '', '', '', '', '', '', '', '', '', NULL, '', '', '', 'Siswa Baru', '', '', '', NULL, '', 'Ya'),
(25, '0031', '0089560817', 'MARIA KEWA TUKAN', 'Flores Timur 11', '2015-07-21', 2, 2, '', '', '', '2025-07-19', '19', '07', '2025', 0, '', '', '', '', '', '', '', '', '', '', '', '', '', '', '', '', '', '', NULL, '', '', '', 'Siswa Baru', '', '', '', NULL, '', 'Ya'),
(26, '0032', '0109370416', 'KRISTINA WALI WURA', 'Flores Timur 12', '2015-07-21', 2, 2, '', '', '', '2025-07-19', '19', '07', '2025', 0, '', '', '', '', '', '', '', '', '', '', '', '', '', '', '', '', '', '', NULL, '', '', '', 'Siswa Baru', '', '', '', NULL, '', 'Ya'),
(27, '0033', '0095468473', 'YUNITA MASI WOLO', 'Flores Timur 13', '2015-07-21', 2, 2, '', '', '', '2025-07-19', '19', '07', '2025', 0, '', '', '', '', '', '', '', '', '', '', '', '', '', '', '', '', '', '', NULL, '', '', '', 'Siswa Baru', '', '', '', NULL, '', 'Ya'),
(28, '0034', '0108236427', 'YULIANA EVALINA MICHELLE ATULOLON', 'Flores Timur 14', '2015-07-21', 2, 2, '', '', '', '2025-07-19', '19', '07', '2025', 0, '', '', '', '', '', '', '', '', '', '', '', '', '', '', '', '', '', '', NULL, '', '', '', 'Siswa Baru', '', '', '', NULL, '', 'Ya'),
(29, '0035', '0109953444', 'CRISTIANUS SANGA GOLEN', 'Flores Timur 15', '2015-07-21', 1, 2, '', '', '', '2025-07-19', '19', '07', '2025', 0, '', '', '', '', '', '', '', '', '', '', '', '', '', '', '', '', '', '', NULL, '', '', '', 'Siswa Baru', '', '', '', NULL, '', 'Ya'),
(30, '0036', '0092716086', 'MARIA ORISA EDWARD JATI', 'Flores Timur 16', '2015-07-21', 2, 2, '', '', '', '2025-07-19', '19', '07', '2025', 0, '', '', '', '', '', '', '', '', '', '', '', '', '', '', '', '', '', '', NULL, '', '', '', 'Siswa Baru', '', '', '', NULL, '', 'Ya'),
(31, '0037', '0098889552', 'ABAS ARA', 'Flores Timur 17', '2015-07-21', 1, 1, '', '', '', '2025-07-19', '19', '07', '2025', 0, '', '', '', '', '', '', '', '', '', '', '', '', '', '', '', '', '', '', NULL, '', '', '', 'Siswa Baru', '', '', '', NULL, '', 'Ya'),
(32, '0038', '0102261060', 'YOHANES KRISTIANO L. S. GORAN', 'Flores Timur 18', '2015-07-21', 1, 2, '', '', '', '2025-07-19', '19', '07', '2025', 0, '', '', '', '', '', '', '', '', '', '', '', '', '', '', '', '', '', '', NULL, '', '', '', 'Siswa Baru', '', '', '', NULL, '', 'Ya'),
(33, '0039', '0104572174', 'MARIA SKOLASTIKA D.ATAGORAN', 'Flores Timur 19', '2015-07-21', 2, 2, '', '', '', '2025-07-19', '19', '07', '2025', 0, '', '', '', '', '', '', '', '', '', '', '', '', '', '', '', '', '', '', NULL, '', '', '', 'Siswa Baru', '', '', '', NULL, '', 'Ya'),
(34, '0040', '0087911642', 'MARIA ELIANA PALANG USEN', 'Flores Timur 20', '2015-07-21', 2, 2, '', '', '', '2025-07-19', '19', '07', '2025', 0, '', '', '', '', '', '', '', '', '', '', '', '', '', '', '', '', '', '', NULL, '', '', '', 'Pindah Masuk', '', '', '', NULL, '', 'Ya'),
(35, '0041', '0104644424', 'MARIA ANGELIA G. PAMA', 'Flores Timur 21', '2015-07-21', 2, 2, '', '', '', '2025-07-19', '19', '07', '2025', 0, '', '', '', '', '', '', '', '', '', '', '', '', '', '', '', '', '', '', NULL, '', '', '', 'Siswa Baru', '', '', '', NULL, '', 'Ya'),
(36, '0042', '0088110194', 'FRANSISKUS DIKHA AMA TERON', 'Flores Timur 22', '2015-07-21', 1, 2, '', '', '', '2025-07-19', '19', '07', '2025', 0, '', '', '', '', '', '', '', '', '', '', '', '', '', '', '', '', '', '', NULL, '', '', '', 'Siswa Baru', '', '', '', NULL, '', 'Ya'),
(37, '0043', '0097821144', 'YULIANUS YOLANDA MAWAR', 'Flores Timur 23', '2015-07-21', 1, 2, '', '', '', '2025-07-19', '19', '07', '2025', 0, '', '', '', '', '', '', '', '', '', '', '', '', '', '', '', '', '', '', NULL, '', '', '', 'Siswa Baru', '', '', '', NULL, '', 'Ya'),
(38, '0044', '0084644792', 'NIKOLAUS SILI', 'Flores Timur 24', '2015-07-21', 1, 2, '', '', '', '2025-07-19', '19', '07', '2025', 0, '', '', '', '', '', '', '', '', '', '', '', '', '', '', '', '', '', '', NULL, '', '', '', 'Siswa Baru', '', '', '', NULL, '', 'Ya'),
(39, '0045', '0083461954', 'MARIA MARGARETHA DERAN SOGE', 'Flores Timur 25', '2015-07-21', 2, 2, '', '', '', '2025-07-19', '19', '07', '2025', 0, '', '', '', '', '', '', '', '', '', '', '', '', '', '', '', '', '', '', NULL, '', '', '', 'Siswa Baru', '', '', '', NULL, '', 'Ya'),
(40, '0046', '0105838085', 'HENDRIKUS GELALANG', 'Flores Timur 26', '2015-07-21', 1, 2, '', '', '', '2025-07-19', '19', '07', '2025', 0, '', '', '', '', '', '', '', '', '', '', '', '', '', '', '', '', '', '', NULL, '', '', '', 'Siswa Baru', '', '', '', NULL, '', 'Ya'),
(41, '0047', '0106094742', 'YOHANA LOVIANA INA LIPAT', 'Flores Timur 27', '2015-07-21', 2, 2, '', '', '', '2025-07-19', '19', '07', '2025', 0, '', '', '', '', '', '', '', '', '', '', '', '', '', '', '', '', '', '', NULL, '', '', '', 'Siswa Baru', '', '', '', NULL, '', 'Ya'),
(42, '0048', '0092305013', 'YOSEPH OLA SUBAN', 'Flores Timur 28', '2015-07-21', 1, 2, '', '', '', '2025-07-19', '19', '07', '2025', 0, '', '', '', '', '', '', '', '', '', '', '', '', '', '', '', '', '', '', NULL, '', '', '', 'Siswa Baru', '', '', '', NULL, '', 'Ya'),
(43, '0049', '0098357258', 'MARIA DESIRAWATI LEYN', 'Flores Timur 29', '2015-07-21', 2, 2, '', '', '', '2025-07-19', '19', '07', '2025', 0, '', '', '', '', '', '', '', '', '', '', '', '', '', '', '', '', '', '', NULL, '', '', '', 'Siswa Baru', '', '', '', NULL, '', 'Ya'),
(44, '0050', '0105397801', 'YOHANES ALFINO AMA LAGA', 'Flores Timur 30', '2015-07-21', 1, 2, '', '', '', '2025-07-19', '19', '07', '2025', 0, '', '', '', '', '', '', '', '', '', '', '', '', '', '', '', '', '', '', NULL, '', '', '', 'Siswa Baru', '', '', '', NULL, '', 'Ya'),
(45, '0051', '0085207800', 'GABRIEL IGO MAWAR', 'Flores Timur 31', '2015-07-21', 1, 2, '', '', '', '2025-07-19', '19', '07', '2025', 0, '', '', '', '', '', '', '', '', '', '', '', '', '', '', '', '', '', '', NULL, '', '', '', 'Siswa Baru', '', '', '', NULL, '', 'Ya'),
(46, '0052', '0106202700', 'FRANSISKUS SUBAN KEMAN', 'Flores Timur 32', '2015-07-21', 1, 2, '', '', '', '2025-07-19', '19', '07', '2025', 0, '', '', '', '', '', '', '', '', '', '', '', '', '', '', '', '', '', '', NULL, '', '', '', 'Siswa Baru', '', '', '', NULL, '', 'Ya'),
(47, '0053', '0094720949', 'LIVIA PENATEN DEMON', 'Flores Timur 33', '2015-07-21', 2, 2, '', '', '', '2025-07-19', '19', '07', '2025', 0, '', '', '', '', '', '', '', '', '', '', '', '', '', '', '', '', '', '', NULL, '', '', '', 'Siswa Baru', '', '', '', NULL, '', 'Ya'),
(48, '0054', '0105702823', 'VERONIKA PENI', 'Flores Timur 34', '2015-07-21', 2, 2, '', '', '', '2025-07-19', '19', '07', '2025', 0, '', '', '', '', '', '', '', '', '', '', '', '', '', '', '', '', '', '', NULL, '', '', '', 'Pindah Masuk', '', '', '', NULL, '', 'Ya'),
(49, '0055', '0077755382', 'BENEDIKTUS OLA SUBAN', 'Flores Timur 35', '2015-07-21', 1, 2, '', '', '', '2025-07-19', '19', '07', '2025', 0, '', '', '', '', '', '', '', '', '', '', '', '', '', '', '', '', '', '', NULL, '', '', '', 'Siswa Baru', '', '', '', NULL, '', 'Ya'),
(50, '0056', '0073760930', 'MARIANUS OLA BENGA', 'Flores Timur 36', '2015-07-21', 1, 2, '', '', '', '2025-07-19', '19', '07', '2025', 0, '', '', '', '', '', '', '', '', '', '', '', '', '', '', '', '', '', '', NULL, '', '', '', 'Siswa Baru', '', '', '', NULL, '', 'Ya'),
(51, '0057', '0091526764', 'ORLANDO ALEKSANDRO LAGA', 'Flores Timur 37', '2015-07-21', 1, 2, '', '', '', '2025-07-19', '19', '07', '2025', 0, '', '', '', '', '', '', '', '', '', '', '', '', '', '', '', '', '', '', NULL, '', '', '', 'Siswa Baru', '', '', '', NULL, '', 'Ya'),
(52, '0058', '0109093509', 'ANGELA PUTRI APRILI', 'Flores Timur 38', '2015-07-21', 2, 2, '', '', '', '2025-07-19', '19', '07', '2025', 0, '', '', '', '', '', '', '', '', '', '', '', '', '', '', '', '', '', '', NULL, '', '', '', 'Siswa Baru', '', '', '', NULL, '', 'Ya'),
(53, '0059', '0095303423', 'MARIACHUY CELINDIAN BINTANG', 'Flores Timur 39', '2015-07-21', 2, 2, '', '', '', '2025-07-19', '19', '07', '2025', 0, '', '', '', '', '', '', '', '', '', '', '', '', '', '', '', '', '', '', NULL, '', '', '', 'Siswa Baru', '', '', '', NULL, '', 'Ya'),
(54, '0060', '0102996782', 'FRANSISKA UBA REBON', 'Flores Timur 40', '2015-07-21', 2, 2, '', '', '', '2025-07-19', '19', '07', '2025', 0, '', '', '', '', '', '', '', '', '', '', '', '', '', '', '', '', '', '', NULL, '', '', '', 'Siswa Baru', '', '', '', NULL, '', 'Ya'),
(55, '0061', '3093798304', 'PRISKA KLAUDIA UBA WEWAN', 'Flores Timur 41', '2015-07-21', 2, 2, '', '', '', '2025-07-19', '19', '07', '2025', 0, '', '', '', '', '', '', '', '', '', '', '', '', '', '', '', '', '', '', NULL, '', '', '', 'Siswa Baru', '', '', '', NULL, '', 'Ya'),
(56, '0062', '0106939871', 'MARIA ROSDIANA PALAN TERON', 'Flores Timur 42', '2015-07-21', 2, 2, '', '', '', '2025-07-19', '19', '07', '2025', 0, '', '', '', '', '', '', '', '', '', '', '', '', '', '', '', '', '', '', NULL, '', '', '', 'Siswa Baru', '', '', '', NULL, '', 'Ya'),
(57, '0063', '3108948914', 'MUH. ABID MAGHFIRAH GISNAR', 'Flores Timur 43', '2015-07-21', 1, 1, '', '', '', '2025-07-19', '19', '07', '2025', 0, '', '', '', '', '', '', '', '', '', '', '', '', '', '', '', '', '', '', NULL, '', '', '', 'Siswa Baru', '', '', '', NULL, '', 'Ya'),
(58, '0064', '0103928616', 'GABRIELA AVRIANI RIANTOBI', 'Flores Timur 44', '2015-07-21', 2, 2, '', '', '', '2025-07-19', '19', '07', '2025', 0, '', '', '', '', '', '', '', '', '', '', '', '', '', '', '', '', '', '', NULL, '', '', '', 'Siswa Baru', '', '', '', NULL, '', 'Ya'),
(59, '0065', '0096574195', 'FEBRIANA KRIONG BEWA', 'Flores Timur 45', '2015-07-21', 2, 2, '', '', '', '2025-07-19', '19', '07', '2025', 0, '', '', '', '', '', '', '', '', '', '', '', '', '', '', '', '', '', '', NULL, '', '', '', 'Siswa Baru', '', '', '', NULL, '', 'Ya'),
(60, '0066', '3102280993', 'UMMU HALIMA TUSADIAH', 'Flores Timur 46', '2015-07-21', 2, 1, '', '', '', '2025-07-19', '19', '07', '2025', 0, '', '', '', '', '', '', '', '', '', '', '', '', '', '', '', '', '', '', NULL, '', '', '', 'Siswa Baru', '', '', '', NULL, '', 'Ya'),
(61, '0067', '0104928591', 'MARIA KRISTI BENGAN HABAN', 'Flores Timur 47', '2015-07-21', 2, 2, '', '', '', '2025-07-19', '19', '07', '2025', 0, '', '', '', '', '', '', '', '', '', '', '', '', '', '', '', '', '', '', NULL, '', '', '', 'Siswa Baru', '', '', '', NULL, '', 'Ya'),
(62, '0068', '0099376186', 'MARIA REVALINA PALAN TERON', 'Flores Timur 48', '2015-07-21', 2, 2, '', '', '', '2025-07-19', '19', '07', '2025', 0, '', '', '', '', '', '', '', '', '', '', '', '', '', '', '', '', '', '', NULL, '', '', '', 'Siswa Baru', '', '', '', NULL, '', 'Ya'),
(63, '0069', '0098552277', 'SYAFA NUR ALIFA', 'Flores Timur 49', '2015-07-21', 2, 1, '', '', '', '2025-07-19', '19', '07', '2025', 0, '', '', '', '', '', '', '', '', '', '', '', '', '', '', '', '', '', '', NULL, '', '', '', 'Siswa Baru', '', '', '', NULL, '', 'Ya'),
(64, '0070', '0098715132', 'PAULINA BULU BOTAN', 'Flores Timur 50', '2015-07-21', 2, 2, '', '', '', '2025-07-19', '19', '07', '2025', 0, '', '', '', '', '', '', '', '', '', '', '', '', '', '', '', '', '', '', NULL, '', '', '', 'Siswa Baru', '', '', '', NULL, '', 'Ya'),
(65, '0071', '3106075222', 'NADHILLA KHAIRA AL FIRDAUS', 'Flores Timur 51', '2015-07-21', 2, 1, '', '', '', '2025-07-19', '19', '07', '2025', 0, '', '', '', '', '', '', '', '', '', '', '', '', '', '', '', '', '', '', NULL, '', '', '', 'Pindah Masuk', '', '', '', NULL, '', 'Ya'),
(66, '0072', '0097476406', 'AGNES ERNIFARLYN KASWANDI', 'Flores Timur 52', '2015-07-21', 2, 2, '', '', '', '2025-07-19', '19', '07', '2025', 0, '', '', '', '', '', '', '', '', '', '', '', '', '', '', '', '', '', '', NULL, '', '', '', 'Siswa Baru', '', '', '', NULL, '', 'Ya'),
(67, '0073', '0097962636', 'SEBASTIANUS KOPONG LEWO BUNGA', 'Flores Timur 53', '2015-07-21', 1, 2, '', '', '', '2025-07-19', '19', '07', '2025', 0, '', '', '', '', '', '', '', '', '', '', '', '', '', '', '', '', '', '', NULL, '', '', '', 'Siswa Baru', '', '', '', NULL, '', 'Ya'),
(68, '0074', '0094862423', 'CHRISTINE AVISSA M. TOKAN', 'Flores Timur 54', '2015-07-21', 2, 2, '', '', '', '2025-07-19', '19', '07', '2025', 0, '', '', '', '', '', '', '', '', '', '', '', '', '', '', '', '', '', '', NULL, '', '', '', 'Siswa Baru', '', '', '', NULL, '', 'Ya'),
(69, '0075', '0096646372', 'AL-MIRA TUNGGA DEWI UKEL', 'Flores Timur 55', '2015-07-21', 2, 1, '', '', '', '2025-07-19', '19', '07', '2025', 0, '', '', '', '', '', '', '', '', '', '', '', '', '', '', '', '', '', '', NULL, '', '', '', 'Siswa Baru', '', '', '', NULL, '', 'Ya'),
(70, '0076', '0105770043', 'CONZTANTYNA DERAN KOLI', 'Flores Timur 56', '2015-07-21', 2, 2, '', '', '', '2025-07-19', '19', '07', '2025', 0, '', '', '', '', '', '', '', '', '', '', '', '', '', '', '', '', '', '', NULL, '', '', '', 'Siswa Baru', '', '', '', NULL, '', 'Ya'),
(71, '0077', '0104188910', 'GARSIA PALANG HADA', 'Flores Timur 57', '2015-07-21', 2, 2, '', '', '', '2025-07-19', '19', '07', '2025', 0, '', '', '', '', '', '', '', '', '', '', '', '', '', '', '', '', '', '', NULL, '', '', '', 'Siswa Baru', '', '', '', NULL, '', 'Ya'),
(72, '0078', '91855702', 'RIZKIA CAMILA MALIK', 'Flores Timur 58', '2015-07-21', 2, 1, '', '', '', '2025-07-19', '19', '07', '2025', 0, '', '', '', '', '', '', '', '', '', '', '', '', '', '', '', '', '', '', NULL, '', '', '', 'Siswa Baru', '', '', '', NULL, '', 'Ya'),
(73, '0079', '3095585047', 'SYAQILA BUNGA', 'Flores Timur 59', '2015-07-21', 2, 1, '', '', '', '2025-07-19', '19', '07', '2025', 0, '', '', '', '', '', '', '', '', '', '', '', '', '', '', '', '', '', '', NULL, '', '', '', 'Siswa Baru', '', '', '', NULL, '', 'Ya'),
(74, '0080', '105843457', 'SYAFIQAH HASAN', 'Flores Timur 60', '2015-07-21', 2, 1, '', '', '', '2025-07-19', '19', '07', '2025', 0, '', '', '', '', '', '', '', '', '', '', '', '', '', '', '', '', '', '', NULL, '', '', '', 'Siswa Baru', '', '', '', NULL, '', 'Ya'),
(75, '0081', '0101248523', 'BERTINAS LUTE WEDJE', 'Flores Timur 61', '2015-07-21', 2, 3, '', '', '', '2025-07-19', '19', '07', '2025', 0, '', '', '', '', '', '', '', '', '', '', '', '', '', '', '', '', '', '', NULL, '', '', '', 'Siswa Baru', '', '', '', NULL, '', 'Ya'),
(76, '0082', '0101654960', 'STEFANO CRISTIAN GERRARDO', 'Flores Timur 62', '2015-07-21', 1, 2, '', '', '', '2025-07-19', '19', '07', '2025', 0, '', '', '', '', '', '', '', '', '', '', '', '', '', '', '', '', '', '', NULL, '', '', '', 'Siswa Baru', '', '', '', NULL, '', 'Ya'),
(77, '0083', '0086693960', 'MAGDALENA LEPANG KUMANIRENG', 'Flores Timur 63', '2015-07-21', 2, 2, '', '', '', '2025-07-19', '19', '07', '2025', 0, '', '', '', '', '', '', '', '', '', '', '', '', '', '', '', '', '', '', NULL, '', '', '', 'Pindah Masuk', '', '', '', NULL, '', 'Ya'),
(78, '0084', '93196680', 'KHAIRUN NISA', 'Flores Timur 64', '2015-07-21', 2, 1, '', '', '', '2025-07-19', '19', '07', '2025', 0, '', '', '', '', '', '', '', '', '', '', '', '', '', '', '', '', '', '', NULL, '', '', '', 'Siswa Baru', '', '', '', NULL, '', 'Ya'),
(79, '0085', '0091360781', 'MARIA MAGDALENA ANU OLA', 'Flores Timur 65', '2015-07-21', 2, 2, '', '', '', '2025-07-19', '19', '07', '2025', 0, '', '', '', '', '', '', '', '', '', '', '', '', '', '', '', '', '', '', NULL, '', '', '', 'Siswa Baru', '', '', '', NULL, '', 'Ya'),
(80, '0086', '3103296895', 'SITI FADILAH MULYA HASANAH', 'Flores Timur 66', '2015-07-21', 2, 1, '', '', '', '2025-07-19', '19', '07', '2025', 0, '', '', '', '', '', '', '', '', '', '', '', '', '', '', '', '', '', '', NULL, '', '', '', 'Siswa Baru', '', '', '', NULL, '', 'Ya'),
(81, '0087', '106534946', 'MAISYA MAHARANI HASAN', 'Flores Timur 67', '2015-07-21', 2, 1, '', '', '', '2025-07-19', '19', '07', '2025', 0, '', '', '', '', '', '', '', '', '', '', '', '', '', '', '', '', '', '', NULL, '', '', '', 'Siswa Baru', '', '', '', NULL, '', 'Ya'),
(82, '0088', '0108282018', 'NAIFAH ZHEZA MAHDIYAH', 'Flores Timur 68', '2015-07-21', 2, 1, '', '', '', '2025-07-19', '19', '07', '2025', 0, '', '', '', '', '', '', '', '', '', '', '', '', '', '', '', '', '', '', NULL, '', '', '', 'Siswa Baru', '', '', '', NULL, '', 'Ya'),
(83, '0089', '0108434334', 'MUHAMMAD AL- FARIZI BAHRY', 'Flores Timur 69', '2015-07-21', 1, 1, '', '', '', '2025-07-19', '19', '07', '2025', 0, '', '', '', '', '', '', '', '', '', '', '', '', '', '', '', '', '', '', NULL, '', '', '', 'Siswa Baru', '', '', '', NULL, '', 'Ya'),
(84, '0090', '0097139443', 'MONIKA INA LAMAWITAK', 'Flores Timur 70', '2015-07-21', 2, 2, '', '', '', '2025-07-19', '19', '07', '2025', 0, '', '', '', '', '', '', '', '', '', '', '', '', '', '', '', '', '', '', NULL, '', '', '', 'Siswa Baru', '', '', '', NULL, '', 'Ya'),
(85, '0091', '101085997', 'NASHRUL ILHAM ANASRULLAH', 'Flores Timur 71', '2015-07-21', 1, 1, '', '', '', '2025-07-19', '19', '07', '2025', 0, '', '', '', '', '', '', '', '', '', '', '', '', '', '', '', '', '', '', NULL, '', '', '', 'Siswa Baru', '', '', '', NULL, '', 'Ya'),
(86, '0092', '0096119316', 'VEBRIANUS TOKAN LAMAWITAK', 'Flores Timur 72', '2015-07-21', 1, 2, '', '', '', '2025-07-19', '19', '07', '2025', 0, '', '', '', '', '', '', '', '', '', '', '', '', '', '', '', '', '', '', NULL, '', '', '', 'Siswa Baru', '', '', '', NULL, '', 'Ya'),
(87, '0093', '0092647020', 'YOVITA CELINA ABON BOLI', 'Flores Timur 73', '2015-07-21', 2, 2, '', '', '', '2025-07-19', '19', '07', '2025', 0, '', '', '', '', '', '', '', '', '', '', '', '', '', '', '', '', '', '', NULL, '', '', '', 'Siswa Baru', '', '', '', NULL, '', 'Ya'),
(88, '0094', '104116621', 'SALMA RL', 'Flores Timur 74', '2015-07-21', 2, 1, '', '', '', '2025-07-19', '19', '07', '2025', 0, '', '', '', '', '', '', '', '', '', '', '', '', '', '', '', '', '', '', NULL, '', '', '', 'Siswa Baru', '', '', '', NULL, '', 'Ya'),
(89, '0095', '3107450913', 'AMARULLAH MUKHLIS', 'Flores Timur 75', '2015-07-21', 1, 1, '', '', '', '2025-07-19', '19', '07', '2025', 0, '', '', '', '', '', '', '', '', '', '', '', '', '', '', '', '', '', '', NULL, '', '', '', 'Siswa Baru', '', '', '', NULL, '', 'Ya'),
(90, '0096', '0089456858', 'DELVIANA INA PENI', 'Flores Timur 76', '2015-07-21', 2, 2, '', '', '', '2025-07-19', '19', '07', '2025', 0, '', '', '', '', '', '', '', '', '', '', '', '', '', '', '', '', '', '', NULL, '', '', '', 'Siswa Baru', '', '', '', NULL, '', 'Ya'),
(91, '0097', '0094621432', 'FALENTINA JELITA DAHEN', 'Flores Timur 77', '2015-07-21', 2, 2, '', '', '', '2025-07-19', '19', '07', '2025', 0, '', '', '', '', '', '', '', '', '', '', '', '', '', '', '', '', '', '', NULL, '', '', '', 'Siswa Baru', '', '', '', NULL, '', 'Ya'),
(92, '0098', '107884475', 'SUMANTI ST', 'Flores Timur 78', '2015-07-21', 2, 1, '', '', '', '2025-07-19', '19', '07', '2025', 0, '', '', '', '', '', '', '', '', '', '', '', '', '', '', '', '', '', '', NULL, '', '', '', 'Siswa Baru', '', '', '', NULL, '', 'Ya'),
(93, '0099', '108869244', 'DWI CINTAMI TOKAN', 'Flores Timur 79', '2015-07-21', 2, 1, '', '', '', '2025-07-19', '19', '07', '2025', 0, '', '', '', '', '', '', '', '', '', '', '', '', '', '', '', '', '', '', NULL, '', '', '', 'Siswa Baru', '', '', '', NULL, '', 'Ya'),
(94, '0100', '0092786345', 'YOHANES SUBAN DONI', 'Flores Timur 80', '2015-07-21', 1, 2, '', '', '', '2025-07-19', '19', '07', '2025', 0, '', '', '', '', '', '', '', '', '', '', '', '', '', '', '', '', '', '', NULL, '', '', '', 'Siswa Baru', '', '', '', NULL, '', 'Ya'),
(95, '0101', '0105575823', 'MAXI ALFINO L. RYANG', 'Flores Timur 81', '2015-07-21', 1, 2, '', '', '', '2025-07-19', '19', '07', '2025', 0, '', '', '', '', '', '', '', '', '', '', '', '', '', '', '', '', '', '', NULL, '', '', '', 'Pindah Masuk', '', '', '', NULL, '', 'Ya'),
(96, '0102', '3109314745', 'MUHAMAD ILHAM DZAKI', 'Flores Timur 82', '2015-07-21', 1, 1, '', '', '', '2025-07-19', '19', '07', '2025', 0, '', '', '', '', '', '', '', '', '', '', '', '', '', '', '', '', '', '', NULL, '', '', '', 'Siswa Baru', '', '', '', NULL, '', 'Ya'),
(97, '0103', '0083638525', 'ADITYA DWI JAYA', 'Flores Timur 83', '2015-07-21', 1, 1, '', '', '', '2025-07-19', '19', '07', '2025', 0, '', '', '', '', '', '', '', '', '', '', '', '', '', '', '', '', '', '', NULL, '', '', '', 'Siswa Baru', '', '', '', NULL, '', 'Ya'),
(98, '0104', '0102267270', 'AZAAM MUYASSAR', 'Flores Timur 84', '2015-07-21', 1, 1, '', '', '', '2025-07-19', '19', '07', '2025', 0, '', '', '', '', '', '', '', '', '', '', '', '', '', '', '', '', '', '', NULL, '', '', '', 'Siswa Baru', '', '', '', NULL, '', 'Ya'),
(99, '0105', '0102181162', 'KAROLUS D. DORE DA SILVA', 'Flores Timur 85', '2015-07-21', 1, 2, '', '', '', '2025-07-19', '19', '07', '2025', 0, '', '', '', '', '', '', '', '', '', '', '', '', '', '', '', '', '', '', NULL, '', '', '', 'Siswa Baru', '', '', '', NULL, '', 'Ya'),
(100, '0106', '0095000366', 'NUURUL ASIA SULAIMAN', 'Flores Timur 86', '2015-07-21', 2, 1, '', '', '', '2025-07-19', '19', '07', '2025', 0, '', '', '', '', '', '', '', '', '', '', '', '', '', '', '', '', '', '', NULL, '', '', '', 'Siswa Baru', '', '', '', NULL, '', 'Ya'),
(101, '0107', '1320', 'LIDIA CHERIL DAI TULIT', 'Flores Timur 87', '2015-07-21', 2, 2, '', '', '', '2025-07-19', '19', '07', '2025', 0, '', '', '', '', '', '', '', '', '', '', '', '', '', '', '', '', '', '', NULL, '', '', '', 'Siswa Baru', '', '', '', NULL, '', 'Ya'),
(102, '0108', '107499301', 'AHMAD SYARIF', 'Flores Timur 88', '2015-07-21', 1, 1, '', '', '', '2025-07-19', '19', '07', '2025', 0, '', '', '', '', '', '', '', '', '', '', '', '', '', '', '', '', '', '', NULL, '', '', '', 'Siswa Baru', '', '', '', NULL, '', 'Ya'),
(103, '0109', '0096916074', 'MARIA DESRIANA BENGA JAPI', 'Flores Timur 89', '2015-07-21', 2, 2, '', '', '', '2025-07-19', '19', '07', '2025', 0, '', '', '', '', '', '', '', '', '', '', '', '', '', '', '', '', '', '', NULL, '', '', '', 'Siswa Baru', '', '', '', NULL, '', 'Ya'),
(104, '0110', '0095717755', 'ALOYSIA DERAN', 'Flores Timur 90', '2015-07-21', 2, 2, '', '', '', '2025-07-19', '19', '07', '2025', 0, '', '', '', '', '', '', '', '', '', '', '', '', '', '', '', '', '', '', NULL, '', '', '', 'Siswa Baru', '', '', '', NULL, '', 'Ya'),
(105, '0111', '0107577333', 'APRILIYANNO STEVILO', 'Flores Timur 91', '2015-07-21', 1, 2, '', '', '', '2025-07-19', '19', '07', '2025', 0, '', '', '', '', '', '', '', '', '', '', '', '', '', '', '', '', '', '', NULL, '', '', '', 'Siswa Baru', '', '', '', NULL, '', 'Ya'),
(106, '0112', '0108886670', 'GONDALIA FIONA GRIES DEO', 'Flores Timur 92', '2015-07-21', 2, 2, '', '', '', '2025-07-19', '19', '07', '2025', 0, '', '', '', '', '', '', '', '', '', '', '', '', '', '', '', '', '', '', NULL, '', '', '', 'Siswa Baru', '', '', '', NULL, '', 'Ya'),
(107, '0113', '0095208785', 'STEFANIA BAREK', 'Flores Timur 93', '2015-07-21', 2, 2, '', '', '', '2025-07-19', '19', '07', '2025', 0, '', '', '', '', '', '', '', '', '', '', '', '', '', '', '', '', '', '', NULL, '', '', '', 'Siswa Baru', '', '', '', NULL, '', 'Ya'),
(108, '0114', '0101440051', 'MARSELINO ANJELO BELEBAN DULI', 'Flores Timur 94', '2015-07-21', 1, 2, '', '', '', '2025-07-19', '19', '07', '2025', 0, '', '', '', '', '', '', '', '', '', '', '', '', '', '', '', '', '', '', NULL, '', '', '', 'Siswa Baru', '', '', '', NULL, '', 'Ya'),
(109, '0115', '0096842953', 'LUTGARDIS ASTINA', 'Flores Timur 95', '2015-07-21', 2, 2, '', '', '', '2025-07-19', '19', '07', '2025', 0, '', '', '', '', '', '', '', '', '', '', '', '', '', '', '', '', '', '', NULL, '', '', '', 'Siswa Baru', '', '', '', NULL, '', 'Ya'),
(110, '0116', '0094750076', 'THERESIA AURELIA SURAT ASAN', 'Flores Timur 96', '2015-07-21', 2, 2, '', '', '', '2025-07-19', '19', '07', '2025', 0, '', '', '', '', '', '', '', '', '', '', '', '', '', '', '', '', '', '', NULL, '', '', '', 'Siswa Baru', '', '', '', NULL, '', 'Ya'),
(111, '0117', '0091598079', 'MARIA ARISKA SABU PEKA', 'Flores Timur 97', '2015-07-21', 2, 2, '', '', '', '2025-07-19', '19', '07', '2025', 0, '', '', '', '', '', '', '', '', '', '', '', '', '', '', '', '', '', '', NULL, '', '', '', 'Siswa Baru', '', '', '', NULL, '', 'Ya'),
(112, '0118', '0082112060', 'FIFIANA DAI BEDAN', 'Flores Timur 98', '2015-07-21', 2, 2, '', '', '', '2025-07-19', '19', '07', '2025', 0, '', '', '', '', '', '', '', '', '', '', '', '', '', '', '', '', '', '', NULL, '', '', '', 'Siswa Baru', '', '', '', NULL, '', 'Ya'),
(113, '0119', '0107260437', 'JUANDIKA BASTIYANO', 'Flores Timur 99', '2015-07-21', 1, 2, '', '', '', '2025-07-19', '19', '07', '2025', 0, '', '', '', '', '', '', '', '', '', '', '', '', '', '', '', '', '', '', NULL, '', '', '', 'Siswa Baru', '', '', '', NULL, '', 'Ya'),
(114, '0120', '0089232726', 'DOMINGGUS LANGU WILA', 'Flores Timur 100', '2015-07-21', 1, 3, '', '', '', '2025-07-19', '19', '07', '2025', 0, '', '', '', '', '', '', '', '', '', '', '', '', '', '', '', '', '', '', NULL, '', '', '', 'Siswa Baru', '', '', '', NULL, '', 'Ya'),
(115, '0121', '0102610363', 'MERFIANA ROSA LENO', 'Flores Timur 101', '2015-07-21', 2, 2, '', '', '', '2025-07-19', '19', '07', '2025', 0, '', '', '', '', '', '', '', '', '', '', '', '', '', '', '', '', '', '', NULL, '', '', '', 'Siswa Baru', '', '', '', NULL, '', 'Ya'),
(116, '0122', '0101392770', 'AGUSTINUS STEVINO AMA HALI', 'Flores Timur 102', '2015-07-21', 1, 2, '', '', '', '2025-07-19', '19', '07', '2025', 0, '', '', '', '', '', '', '', '', '', '', '', '', '', '', '', '', '', '', NULL, '', '', '', 'Siswa Baru', '', '', '', NULL, '', 'Ya'),
(117, '0123', '0093080561', 'WAONA CAHAYA RAMADANA', 'Flores Timur 103', '2015-07-21', 2, 1, '', '', '', '2025-07-19', '19', '07', '2025', 0, '', '', '', '', '', '', '', '', '', '', '', '', '', '', '', '', '', '', NULL, '', '', '', 'Siswa Baru', '', '', '', NULL, '', 'Ya'),
(118, '0124', '0099240069', 'JEHESKIEL DAENG SABON LEWAO', 'Flores Timur 104', '2015-07-21', 1, 2, '', '', '', '2025-07-19', '19', '07', '2025', 0, '', '', '', '', '', '', '', '', '', '', '', '', '', '', '', '', '', '', NULL, '', '', '', 'Siswa Baru', '', '', '', NULL, '', 'Ya'),
(119, '0125', '0099403945', 'MARIA KRISTINA NOTANG', 'Flores Timur 105', '2015-07-21', 2, 2, '', '', '', '2025-07-19', '19', '07', '2025', 0, '', '', '', '', '', '', '', '', '', '', '', '', '', '', '', '', '', '', NULL, '', '', '', 'Siswa Baru', '', '', '', NULL, '', 'Ya'),
(120, '0126', '108273584', 'NURUL SYUHADA', 'Flores Timur 106', '2015-07-21', 2, 1, '', '', '', '2025-07-19', '19', '07', '2025', 0, '', '', '', '', '', '', '', '', '', '', '', '', '', '', '', '', '', '', NULL, '', '', '', 'Siswa Baru', '', '', '', NULL, '', 'Ya'),
(121, '0127', '0098645724', 'RYAN XAVIRIUS PENATEN AMA', 'Flores Timur 107', '2015-07-21', 1, 2, '', '', '', '2025-07-19', '19', '07', '2025', 0, '', '', '', '', '', '', '', '', '', '', '', '', '', '', '', '', '', '', NULL, '', '', '', 'Siswa Baru', '', '', '', NULL, '', 'Ya'),
(122, '0128', '0103764714', 'FIRLANGGA NURDIN', 'Flores Timur 108', '2015-07-21', 1, 1, '', '', '', '2025-07-19', '19', '07', '2025', 0, '', '', '', '', '', '', '', '', '', '', '', '', '', '', '', '', '', '', NULL, '', '', '', 'Siswa Baru', '', '', '', NULL, '', 'Ya'),
(123, '0129', '0097493960', 'VALERIA NATASHA PERADA SANGA', 'Flores Timur 109', '2015-07-21', 2, 2, '', '', '', '2025-07-19', '19', '07', '2025', 0, '', '', '', '', '', '', '', '', '', '', '', '', '', '', '', '', '', '', NULL, '', '', '', 'Siswa Baru', '', '', '', NULL, '', 'Ya'),
(124, '0130', '0092759953', 'AHMAD ALFAUZAN RIFKY KLEDEN', 'Flores Timur 110', '2015-07-21', 1, 1, '', '', '', '2025-07-19', '19', '07', '2025', 0, '', '', '', '', '', '', '', '', '', '', '', '', '', '', '', '', '', '', NULL, '', '', '', 'Siswa Baru', '', '', '', NULL, '', 'Ya'),
(125, '0131', '0092307176', 'FLORENTINA DERANG DA SILVA', 'Flores Timur 111', '2015-07-21', 2, 2, '', '', '', '2025-07-19', '19', '07', '2025', 0, '', '', '', '', '', '', '', '', '', '', '', '', '', '', '', '', '', '', NULL, '', '', '', 'Siswa Baru', '', '', '', NULL, '', 'Ya'),
(126, '0132', '0092433994', 'BELISKA MARSALIA', 'Flores Timur 112', '2015-07-21', 2, 1, '', '', '', '2025-07-19', '19', '07', '2025', 0, '', '', '', '', '', '', '', '', '', '', '', '', '', '', '', '', '', '', NULL, '', '', '', 'Siswa Baru', '', '', '', NULL, '', 'Ya'),
(127, '0133', '94882646', 'SITI HAJAR KASIM', 'Flores Timur 113', '2015-07-21', 2, 1, '', '', '', '2025-07-19', '19', '07', '2025', 0, '', '', '', '', '', '', '', '', '', '', '', '', '', '', '', '', '', '', NULL, '', '', '', 'Siswa Baru', '', '', '', NULL, '', 'Ya'),
(128, '0134', '0095421036', 'YOHANES BOLI PERAN', 'Flores Timur 114', '2015-07-21', 1, 2, '', '', '', '2025-07-19', '19', '07', '2025', 0, '', '', '', '', '', '', '', '', '', '', '', '', '', '', '', '', '', '', NULL, '', '', '', 'Siswa Baru', '', '', '', NULL, '', 'Ya'),
(129, '0135', '0096622586', 'LAURENSIA LETEK', 'Flores Timur 115', '2015-07-21', 2, 2, '', '', '', '2025-07-19', '19', '07', '2025', 0, '', '', '', '', '', '', '', '', '', '', '', '', '', '', '', '', '', '', NULL, '', '', '', 'Siswa Baru', '', '', '', NULL, '', 'Ya'),
(130, '0136', '0093976706', 'SAMUEL OLA LIBUR', 'Flores Timur 116', '2015-07-21', 1, 2, '', '', '', '2025-07-19', '19', '07', '2025', 0, '', '', '', '', '', '', '', '', '', '', '', '', '', '', '', '', '', '', NULL, '', '', '', 'Siswa Baru', '', '', '', NULL, '', 'Ya'),
(131, '0137', '104023254', 'DELLA SAFIRA', 'Flores Timur 117', '2015-07-21', 2, 1, '', '', '', '2025-07-19', '19', '07', '2025', 0, '', '', '', '', '', '', '', '', '', '', '', '', '', '', '', '', '', '', NULL, '', '', '', 'Siswa Baru', '', '', '', NULL, '', 'Ya'),
(132, '0138', '3108580078', 'DEFRYANUS KIA BURA', 'Flores Timur 118', '2015-07-21', 1, 2, '', '', '', '2025-07-19', '19', '07', '2025', 0, '', '', '', '', '', '', '', '', '', '', '', '', '', '', '', '', '', '', NULL, '', '', '', 'Siswa Baru', '', '', '', NULL, '', 'Ya'),
(133, '0139', '0083210225', 'CLAUDINATA BAREK WUNGUBELEN', 'Flores Timur 119', '2015-07-21', 2, 2, '', '', '', '2025-07-19', '19', '07', '2025', 0, '', '', '', '', '', '', '', '', '', '', '', '', '', '', '', '', '', '', NULL, '', '', '', 'Siswa Baru', '', '', '', NULL, '', 'Ya'),
(134, '0140', '107186537', 'ARYUNI', 'Flores Timur 120', '2015-07-21', 2, 1, '', '', '', '2025-07-19', '19', '07', '2025', 0, '', '', '', '', '', '', '', '', '', '', '', '', '', '', '', '', '', '', NULL, '', '', '', 'Siswa Baru', '', '', '', NULL, '', 'Ya'),
(135, '0141', '0096333415', 'FELISITAS TIRO PAJI', 'Flores Timur 121', '2015-07-21', 2, 2, '', '', '', '2025-07-19', '19', '07', '2025', 0, '', '', '', '', '', '', '', '', '', '', '', '', '', '', '', '', '', '', NULL, '', '', '', 'Siswa Baru', '', '', '', NULL, '', 'Ya'),
(136, '0142', '3114791010', 'ZUBAIDA ERO', 'Flores Timur 122', '2015-07-21', 2, 1, '', '', '', '2025-07-19', '19', '07', '2025', 0, '', '', '', '', '', '', '', '', '', '', '', '', '', '', '', '', '', '', NULL, '', '', '', 'Siswa Baru', '', '', '', NULL, '', 'Ya'),
(137, '0143', '0104537817', 'YOHANES MARIL SABU', 'Flores Timur 123', '2015-07-21', 1, 2, '', '', '', '2025-07-19', '19', '07', '2025', 0, '', '', '', '', '', '', '', '', '', '', '', '', '', '', '', '', '', '', NULL, '', '', '', 'Siswa Baru', '', '', '', NULL, '', 'Ya'),
(138, '0144', '0098425841', 'THEODORUS NAMA UMAR', 'Flores Timur 124', '2015-07-21', 1, 2, '', '', '', '2025-07-19', '19', '07', '2025', 0, '', '', '', '', '', '', '', '', '', '', '', '', '', '', '', '', '', '', NULL, '', '', '', 'Siswa Baru', '', '', '', NULL, '', 'Ya'),
(139, '0145', '0104758693', 'MARSELINA PENATEN LONEK', 'Flores Timur 125', '2015-07-21', 2, 2, '', '', '', '2025-07-19', '19', '07', '2025', 0, '', '', '', '', '', '', '', '', '', '', '', '', '', '', '', '', '', '', NULL, '', '', '', 'Siswa Baru', '', '', '', NULL, '', 'Ya'),
(140, '0146', '0102803422', 'KANISIUS KOPONG LAMA MAYAN', 'Flores Timur 126', '2015-07-21', 1, 2, '', '', '', '2025-07-19', '19', '07', '2025', 0, '', '', '', '', '', '', '', '', '', '', '', '', '', '', '', '', '', '', NULL, '', '', '', 'Siswa Baru', '', '', '', NULL, '', 'Ya'),
(141, '0147', '0096872162', 'VALERIANUS KEBESA RAYA', 'Flores Timur 127', '2015-07-21', 1, 2, '', '', '', '2025-07-19', '19', '07', '2025', 0, '', '', '', '', '', '', '', '', '', '', '', '', '', '', '', '', '', '', NULL, '', '', '', 'Siswa Baru', '', '', '', NULL, '', 'Ya'),
(142, '0148', '0101280811', 'NURSAFIRA L. BUAN', 'Flores Timur 128', '2015-07-21', 2, 1, '', '', '', '2025-07-19', '19', '07', '2025', 0, '', '', '', '', '', '', '', '', '', '', '', '', '', '', '', '', '', '', NULL, '', '', '', 'Siswa Baru', '', '', '', NULL, '', 'Ya'),
(143, '0149', '0092897678', 'AULIA RAHMAN BL', 'Flores Timur 129', '2015-07-21', 2, 1, '', '', '', '2025-07-19', '19', '07', '2025', 0, '', '', '', '', '', '', '', '', '', '', '', '', '', '', '', '', '', '', NULL, '', '', '', 'Siswa Baru', '', '', '', NULL, '', 'Ya'),
(144, '0150', '0098521993', 'GRACELA TAYEN HERLIN CB', 'Flores Timur 130', '2015-07-21', 2, 2, '', '', '', '2025-07-19', '19', '07', '2025', 0, '', '', '', '', '', '', '', '', '', '', '', '', '', '', '', '', '', '', NULL, '', '', '', 'Siswa Baru', '', '', '', NULL, '', 'Ya'),
(145, '0151', '0108143141', 'SITI AMINA TAHER', 'Flores Timur 131', '2015-07-21', 2, 1, '', '', '', '2025-07-19', '19', '07', '2025', 0, '', '', '', '', '', '', '', '', '', '', '', '', '', '', '', '', '', '', NULL, '', '', '', 'Siswa Baru', '', '', '', NULL, '', 'Ya'),
(146, '0152', '3093665069', 'SITI NURBAYA IPA', 'Flores Timur 132', '2015-07-21', 2, 1, '', '', '', '2025-07-19', '19', '07', '2025', 0, '', '', '', '', '', '', '', '', '', '', '', '', '', '', '', '', '', '', NULL, '', '', '', 'Siswa Baru', '', '', '', NULL, '', 'Ya'),
(147, '0153', '0091939729', 'MARIA APRILIANA TULIT INA', 'Flores Timur 133', '2015-07-21', 2, 2, '', '', '', '2025-07-19', '19', '07', '2025', 0, '', '', '', '', '', '', '', '', '', '', '', '', '', '', '', '', '', '', NULL, '', '', '', 'Siswa Baru', '', '', '', NULL, '', 'Ya'),
(148, '0154', '98592205', 'AL FITRA SAPUTRA ABDUL', 'Flores Timur 134', '2015-07-21', 1, 1, '', '', '', '2025-07-19', '19', '07', '2025', 0, '', '', '', '', '', '', '', '', '', '', '', '', '', '', '', '', '', '', NULL, '', '', '', 'Siswa Baru', '', '', '', NULL, '', 'Ya'),
(149, '0155', '0088689717', 'POLIKASTIKA BAREK', 'Flores Timur 135', '2015-07-21', 2, 2, '', '', '', '2025-07-19', '19', '07', '2025', 0, '', '', '', '', '', '', '', '', '', '', '', '', '', '', '', '', '', '', NULL, '', '', '', 'Siswa Baru', '', '', '', NULL, '', 'Ya'),
(150, '0156', '0086289617', 'NATALIA BAREK LONEK', 'Flores Timur 136', '2015-07-21', 2, 2, '', '', '', '2025-07-19', '19', '07', '2025', 0, '', '', '', '', '', '', '', '', '', '', '', '', '', '', '', '', '', '', NULL, '', '', '', 'Siswa Baru', '', '', '', NULL, '', 'Ya'),
(151, '0157', '0097673365', 'AGATHALIN PERADA SABON', 'Flores Timur 137', '2015-07-21', 2, 2, '', '', '', '2025-07-19', '19', '07', '2025', 0, '', '', '', '', '', '', '', '', '', '', '', '', '', '', '', '', '', '', NULL, '', '', '', 'Siswa Baru', '', '', '', NULL, '', 'Ya'),
(152, '0158', '3087902763', 'BASILIUS LABA SELY', 'Flores Timur 138', '2015-07-21', 1, 2, '', '', '', '2025-07-19', '19', '07', '2025', 0, '', '', '', '', '', '', '', '', '', '', '', '', '', '', '', '', '', '', NULL, '', '', '', 'Siswa Baru', '', '', '', NULL, '', 'Ya'),
(153, '0159', '0074906332', 'SURIYANA LIPA', 'Flores Timur 139', '2015-07-21', 2, 1, '', '', '', '2025-07-19', '19', '07', '2025', 0, '', '', '', '', '', '', '', '', '', '', '', '', '', '', '', '', '', '', NULL, '', '', '', 'Siswa Baru', '', '', '', NULL, '', 'Ya'),
(154, '0160', '0081489492', 'MARTHA STEVANI KIDI PAYONG', 'Flores Timur 140', '2015-07-21', 2, 2, '', '', '', '2025-07-19', '19', '07', '2025', 0, '', '', '', '', '', '', '', '', '', '', '', '', '', '', '', '', '', '', NULL, '', '', '', 'Siswa Baru', '', '', '', NULL, '', 'Ya'),
(155, '0161', '0093981056', 'HILARION CHRISTIAN LELAONA', 'Flores Timur 141', '2015-07-21', 1, 2, '', '', '', '2025-07-19', '19', '07', '2025', 0, '', '', '', '', '', '', '', '', '', '', '', '', '', '', '', '', '', '', NULL, '', '', '', 'Siswa Baru', '', '', '', NULL, '', 'Ya'),
(156, '0162', '0094417401', 'ATRISIA LOU DOSI LAMABELUN', 'Flores Timur 142', '2015-07-21', 2, 2, '', '', '', '2025-07-19', '19', '07', '2025', 0, '', '', '', '', '', '', '', '', '', '', '', '', '', '', '', '', '', '', NULL, '', '', '', 'Siswa Baru', '', '', '', NULL, '', 'Ya'),
(157, '0163', '109161515', 'ILHAM PURNAMA PUTRA A.', 'Flores Timur 143', '2015-07-21', 1, 1, '', '', '', '2025-07-19', '19', '07', '2025', 0, '', '', '', '', '', '', '', '', '', '', '', '', '', '', '', '', '', '', NULL, '', '', '', 'Siswa Baru', '', '', '', NULL, '', 'Ya'),
(158, '0164', '3093157163', 'WAHAB SAMON', 'Flores Timur 144', '2015-07-21', 1, 1, '', '', '', '2025-07-19', '19', '07', '2025', 0, '', '', '', '', '', '', '', '', '', '', '', '', '', '', '', '', '', '', NULL, '', '', '', 'Siswa Baru', '', '', '', NULL, '', 'Ya'),
(159, '0165', '0092897343', 'GERVASIA ATRIANA DERAN LAOT', 'Flores Timur 145', '2015-07-21', 2, 2, '', '', '', '2025-07-19', '19', '07', '2025', 0, '', '', '', '', '', '', '', '', '', '', '', '', '', '', '', '', '', '', NULL, '', '', '', 'Siswa Baru', '', '', '', NULL, '', 'Ya'),
(160, '0166', '0096356794', 'MARIA ROSALIA VIANA WITAK', 'Flores Timur 146', '2015-07-21', 2, 2, '', '', '', '2025-07-19', '19', '07', '2025', 0, '', '', '', '', '', '', '', '', '', '', '', '', '', '', '', '', '', '', NULL, '', '', '', 'Siswa Baru', '', '', '', NULL, '', 'Ya'),
(161, '0167', '0093401705', 'MARIA JESIKA MEILINDA WELIN W', 'Flores Timur 147', '2015-07-21', 2, 2, '', '', '', '2025-07-19', '19', '07', '2025', 0, '', '', '', '', '', '', '', '', '', '', '', '', '', '', '', '', '', '', NULL, '', '', '', 'Siswa Baru', '', '', '', NULL, '', 'Ya'),
(162, '0168', '0099885058', 'MELANI NAREK', 'Flores Timur 148', '2015-07-21', 2, 2, '', '', '', '2025-07-19', '19', '07', '2025', 0, '', '', '', '', '', '', '', '', '', '', '', '', '', '', '', '', '', '', NULL, '', '', '', 'Siswa Baru', '', '', '', NULL, '', 'Ya'),
(163, '0169', '0108986852', 'ALVARES JIOVA AMES LEWOJAWA', 'Flores Timur 149', '2015-07-21', 1, 2, '', '', '', '2025-07-19', '19', '07', '2025', 0, '', '', '', '', '', '', '', '', '', '', '', '', '', '', '', '', '', '', NULL, '', '', '', 'Siswa Baru', '', '', '', NULL, '', 'Ya'),
(164, '0170', '0094507220', 'APOLONIA BENGA SUBAN', 'Flores Timur 150', '2015-07-21', 2, 2, '', '', '', '2025-07-19', '19', '07', '2025', 0, '', '', '', '', '', '', '', '', '', '', '', '', '', '', '', '', '', '', NULL, '', '', '', 'Siswa Baru', '', '', '', NULL, '', 'Ya'),
(165, '0171', '3105149908', 'MUHAMMAD IRFAN', 'Flores Timur 151', '2015-07-21', 1, 1, '', '', '', '2025-07-19', '19', '07', '2025', 0, '', '', '', '', '', '', '', '', '', '', '', '', '', '', '', '', '', '', NULL, '', '', '', 'Siswa Baru', '', '', '', NULL, '', 'Ya'),
(166, '0172', '0099021677', 'ASIFFA WULANDARI INA LIPAT', 'Flores Timur 152', '2015-07-21', 2, 1, '', '', '', '2025-07-19', '19', '07', '2025', 0, '', '', '', '', '', '', '', '', '', '', '', '', '', '', '', '', '', '', NULL, '', '', '', 'Siswa Baru', '', '', '', NULL, '', 'Ya'),
(167, '0173', '0099770813', 'FALDO ALFIO LIBU', 'Flores Timur 153', '2015-07-21', 1, 2, '', '', '', '2025-07-19', '19', '07', '2025', 0, '', '', '', '', '', '', '', '', '', '', '', '', '', '', '', '', '', '', NULL, '', '', '', 'Siswa Baru', '', '', '', NULL, '', 'Ya'),
(168, '0174', '0097020096', 'MIKHAEL GERODA GUMA KEBAN', 'Flores Timur 154', '2015-07-21', 1, 2, '', '', '', '2025-07-19', '19', '07', '2025', 0, '', '', '', '', '', '', '', '', '', '', '', '', '', '', '', '', '', '', NULL, '', '', '', 'Siswa Baru', '', '', '', NULL, '', 'Ya'),
(169, '0175', '0091200910', 'STEFANUS SAID TUTO AMA', 'Flores Timur 155', '2015-07-21', 1, 2, '', '', '', '2025-07-19', '19', '07', '2025', 0, '', '', '', '', '', '', '', '', '', '', '', '', '', '', '', '', '', '', NULL, '', '', '', 'Siswa Baru', '', '', '', NULL, '', 'Ya'),
(170, '0176', '0098081208', 'AMBROSIA LIPAT LANAN', 'Flores Timur 156', '2015-07-21', 2, 2, '', '', '', '2025-07-19', '19', '07', '2025', 0, '', '', '', '', '', '', '', '', '', '', '', '', '', '', '', '', '', '', NULL, '', '', '', 'Siswa Baru', '', '', '', NULL, '', 'Ya'),
(171, '0177', '94613943', 'NURUL SYAFIRA', 'Flores Timur 157', '2015-07-21', 2, 1, '', '', '', '2025-07-19', '19', '07', '2025', 0, '', '', '', '', '', '', '', '', '', '', '', '', '', '', '', '', '', '', NULL, '', '', '', 'Siswa Baru', '', '', '', NULL, '', 'Ya'),
(172, '0178', '0095924375', 'JACINTA PERADA SAMON', 'Flores Timur 158', '2015-07-21', 2, 2, '', '', '', '2025-07-19', '19', '07', '2025', 0, '', '', '', '', '', '', '', '', '', '', '', '', '', '', '', '', '', '', NULL, '', '', '', 'Siswa Baru', '', '', '', NULL, '', 'Ya'),
(173, '0179', '0109940720', 'EUPHRASIA LOU MADO', 'Flores Timur 159', '2015-07-21', 2, 2, '', '', '', '2025-07-19', '19', '07', '2025', 0, '', '', '', '', '', '', '', '', '', '', '', '', '', '', '', '', '', '', NULL, '', '', '', 'Siswa Baru', '', '', '', NULL, '', 'Ya'),
(174, '0180', '0093205131', 'SKOLASTIKA TULIT PAYON', 'Flores Timur 160', '2015-07-21', 2, 2, '', '', '', '2025-07-19', '19', '07', '2025', 0, '', '', '', '', '', '', '', '', '', '', '', '', '', '', '', '', '', '', NULL, '', '', '', 'Siswa Baru', '', '', '', NULL, '', 'Ya'),
(175, '0181', '0063050690', 'DELVIANA LIPAT PAYONG', 'Flores Timur 161', '2015-07-21', 2, 2, '', '', '', '2025-07-19', '19', '07', '2025', 0, '', '', '', '', '', '', '', '', '', '', '', '', '', '', '', '', '', '', NULL, '', '', '', 'Siswa Baru', '', '', '', NULL, '', 'Ya'),
(176, '0182', '0103426921', 'YOHANES MARIO MANGU ARAKIAN', 'Flores Timur 162', '2015-07-21', 1, 2, '', '', '', '2025-07-19', '19', '07', '2025', 0, '', '', '', '', '', '', '', '', '', '', '', '', '', '', '', '', '', '', NULL, '', '', '', 'Siswa Baru', '', '', '', NULL, '', 'Ya'),
(177, '0183', '0093647791', 'SERVULUS NELSON LAGA BAHY', 'Flores Timur 163', '2015-07-21', 1, 2, '', '', '', '2025-07-19', '19', '07', '2025', 0, '', '', '', '', '', '', '', '', '', '', '', '', '', '', '', '', '', '', NULL, '', '', '', 'Siswa Baru', '', '', '', NULL, '', 'Ya'),
(178, '0184', '0102889417', 'MARIA CINTA YULINDA INA SABU', 'Flores Timur 164', '2015-07-21', 2, 2, '', '', '', '2025-07-19', '19', '07', '2025', 0, '', '', '', '', '', '', '', '', '', '', '', '', '', '', '', '', '', '', NULL, '', '', '', 'Siswa Baru', '', '', '', NULL, '', 'Ya'),
(179, '0185', '0108113860', 'MARIA DAI BELAN', 'Flores Timur 165', '2015-07-21', 2, 2, '', '', '', '2025-07-19', '19', '07', '2025', 0, '', '', '', '', '', '', '', '', '', '', '', '', '', '', '', '', '', '', NULL, '', '', '', 'Siswa Baru', '', '', '', NULL, '', 'Ya'),
(180, '0186', '0091674264', 'UMMI SYHAKINAH BM', 'Flores Timur 166', '2015-07-21', 2, 1, '', '', '', '2025-07-19', '19', '07', '2025', 0, '', '', '', '', '', '', '', '', '', '', '', '', '', '', '', '', '', '', NULL, '', '', '', 'Siswa Baru', '', '', '', NULL, '', 'Ya'),
(181, '0187', '0094447178', 'YULITA TUTO DEMON', 'Flores Timur 167', '2015-07-21', 2, 2, '', '', '', '2025-07-19', '19', '07', '2025', 0, '', '', '', '', '', '', '', '', '', '', '', '', '', '', '', '', '', '', NULL, '', '', '', 'Siswa Baru', '', '', '', NULL, '', 'Ya');
INSERT INTO `siswa` (`id_siswa`, `nis`, `nisn`, `nama_siswa`, `tempat_lahir`, `tanggal_lahir`, `kelamin`, `agama`, `alamat`, `kontak`, `email`, `terima_tanggal`, `terima_tgl`, `terima_bulan`, `terima_tahun`, `terima_kelas`, `sekolah_asal`, `jumlah_bersaudara`, `anak_ke`, `jenis_hubungan_keluarga`, `nama_ayah`, `nama_ibu`, `pekerjaan_ayah`, `pekerjaan_ibu`, `kontak_orang_tua`, `alamat_orang_tua`, `nama_wali`, `pekerjaan_wali`, `kontak_wali`, `alamat_wali`, `username`, `pass`, `password`, `kode_keluar`, `tanggal_keluar`, `keluar_tanggal`, `keluar_bulan`, `keluar_tahun`, `status_siswa`, `alasan_keluar`, `sekolah_tujuan`, `nomor_surat_rekomendasi`, `tanggal_surat_rekomendasi`, `kelas_program`, `keaktifan`) VALUES
(182, '0188', '0103196539', 'KLARA SURAT PATI', 'Flores Timur 168', '2015-07-21', 2, 2, '', '', '', '2025-07-19', '19', '07', '2025', 0, '', '', '', '', '', '', '', '', '', '', '', '', '', '', '', '', '', '', NULL, '', '', '', 'Siswa Baru', '', '', '', NULL, '', 'Ya'),
(183, '0189', '0093919894', 'ANDREAS ATAGORAN', 'Flores Timur 169', '2015-07-21', 1, 2, '', '', '', '2025-07-19', '19', '07', '2025', 0, '', '', '', '', '', '', '', '', '', '', '', '', '', '', '', '', '', '', NULL, '', '', '', 'Siswa Baru', '', '', '', NULL, '', 'Ya'),
(184, '0190', '0107669749', 'ABDUL ZAHKI AL JAILANI', 'Flores Timur 170', '2015-07-21', 1, 1, '', '', '', '2025-07-19', '19', '07', '2025', 0, '', '', '', '', '', '', '', '', '', '', '', '', '', '', '', '', '', '', NULL, '', '', '', 'Siswa Baru', '', '', '', NULL, '', 'Ya'),
(185, '0191', '0091041825', 'YOSEF SILI SABON', 'Flores Timur 171', '2015-07-21', 1, 2, '', '', '', '2025-07-19', '19', '07', '2025', 0, '', '', '', '', '', '', '', '', '', '', '', '', '', '', '', '', '', '', NULL, '', '', '', 'Siswa Baru', '', '', '', NULL, '', 'Ya'),
(186, '0192', '0108995241', 'DOMINIKUS RAPOK KNAELOLON', 'Flores Timur 172', '2015-07-21', 1, 2, '', '', '', '2025-07-19', '19', '07', '2025', 0, '', '', '', '', '', '', '', '', '', '', '', '', '', '', '', '', '', '', NULL, '', '', '', 'Siswa Baru', '', '', '', NULL, '', 'Ya'),
(187, '0193', '0107378881', 'ANSARI RAHMAT MAHMUD', 'Flores Timur 173', '2015-07-21', 1, 1, '', '', '', '2025-07-19', '19', '07', '2025', 0, '', '', '', '', '', '', '', '', '', '', '', '', '', '', '', '', '', '', NULL, '', '', '', 'Siswa Baru', '', '', '', NULL, '', 'Ya'),
(188, '0194', '102211289', 'NURFATIYA ABUBAKAR', 'Flores Timur 174', '2015-07-21', 2, 1, '', '', '', '2025-07-19', '19', '07', '2025', 0, '', '', '', '', '', '', '', '', '', '', '', '', '', '', '', '', '', '', NULL, '', '', '', 'Siswa Baru', '', '', '', NULL, '', 'Ya'),
(189, '0195', '0095259261', 'PONTILIANIA YULIANA', 'Flores Timur 175', '2015-07-21', 2, 2, '', '', '', '2025-07-19', '19', '07', '2025', 0, '', '', '', '', '', '', '', '', '', '', '', '', '', '', '', '', '', '', NULL, '', '', '', 'Siswa Baru', '', '', '', NULL, '', 'Ya'),
(190, '0196', '0094685073', 'ANGELINA BAREK LAOT', 'Flores Timur 176', '2015-07-21', 2, 2, '', '', '', '2025-07-19', '19', '07', '2025', 0, '', '', '', '', '', '', '', '', '', '', '', '', '', '', '', '', '', '', NULL, '', '', '', 'Siswa Baru', '', '', '', NULL, '', 'Ya'),
(191, '0197', '106913532', 'AISYAH MAHARANI', 'Flores Timur 177', '2015-07-21', 2, 1, '', '', '', '2025-07-19', '19', '07', '2025', 0, '', '', '', '', '', '', '', '', '', '', '', '', '', '', '', '', '', '', NULL, '', '', '', 'Siswa Baru', '', '', '', NULL, '', 'Ya'),
(192, '0198', '0092186437', 'NATALIA BURONG', 'Flores Timur 178', '2015-07-21', 2, 2, '', '', '', '2025-07-19', '19', '07', '2025', 0, '', '', '', '', '', '', '', '', '', '', '', '', '', '', '', '', '', '', NULL, '', '', '', 'Siswa Baru', '', '', '', NULL, '', 'Ya'),
(193, '0199', '0093207859', 'VERENA OLINANG', 'Flores Timur 179', '2015-07-21', 2, 2, '', '', '', '2025-07-19', '19', '07', '2025', 0, '', '', '', '', '', '', '', '', '', '', '', '', '', '', '', '', '', '', NULL, '', '', '', 'Siswa Baru', '', '', '', NULL, '', 'Ya'),
(194, '0200', '3101316722', 'ARIANTO SINU LONEK', 'Flores Timur 180', '2015-07-21', 1, 2, '', '', '', '2025-07-19', '19', '07', '2025', 0, '', '', '', '', '', '', '', '', '', '', '', '', '', '', '', '', '', '', NULL, '', '', '', 'Siswa Baru', '', '', '', NULL, '', 'Ya'),
(195, '0201', '0089369850', 'ANJELINUS HALI SAMON', 'Flores Timur 181', '2015-07-21', 1, 2, '', '', '', '2025-07-19', '19', '07', '2025', 0, '', '', '', '', '', '', '', '', '', '', '', '', '', '', '', '', '', '', NULL, '', '', '', 'Siswa Baru', '', '', '', NULL, '', 'Ya'),
(196, '0202', '0062464525', 'FERDIANUS REBON DULI', 'Flores Timur 182', '2015-07-21', 1, 2, '', '', '', '2025-07-19', '19', '07', '2025', 0, '', '', '', '', '', '', '', '', '', '', '', '', '', '', '', '', '', '', NULL, '', '', '', 'Siswa Baru', '', '', '', NULL, '', 'Ya'),
(197, '0203', '0094156489', 'PUTRAH KENCANA', 'Flores Timur 183', '2015-07-21', 1, 1, '', '', '', '2025-07-19', '19', '07', '2025', 0, '', '', '', '', '', '', '', '', '', '', '', '', '', '', '', '', '', '', NULL, '', '', '', 'Siswa Baru', '', '', '', NULL, '', 'Ya'),
(198, '0204', '0097134339', 'FITRIYANI', 'Flores Timur 184', '2015-07-21', 2, 1, '', '', '', '2025-07-19', '19', '07', '2025', 0, '', '', '', '', '', '', '', '', '', '', '', '', '', '', '', '', '', '', NULL, '', '', '', 'Siswa Baru', '', '', '', NULL, '', 'Ya'),
(199, '0205', '0094193457', 'YOSEFINA COVERTINI KEWA', 'Flores Timur 185', '2015-07-21', 2, 2, '', '', '', '2025-07-19', '19', '07', '2025', 0, '', '', '', '', '', '', '', '', '', '', '', '', '', '', '', '', '', '', NULL, '', '', '', 'Siswa Baru', '', '', '', NULL, '', 'Ya'),
(200, '0206', '3109975088', 'MUHAMMAD AINUR ROFIQ', 'Flores Timur 186', '2015-07-21', 1, 1, '', '', '', '2025-07-19', '19', '07', '2025', 0, '', '', '', '', '', '', '', '', '', '', '', '', '', '', '', '', '', '', NULL, '', '', '', 'Siswa Baru', '', '', '', NULL, '', 'Ya'),
(201, '0207', '0091311817', 'SUSANA LELU TABI', 'Flores Timur 187', '2015-07-21', 2, 2, '', '', '', '2025-07-19', '19', '07', '2025', 0, '', '', '', '', '', '', '', '', '', '', '', '', '', '', '', '', '', '', NULL, '', '', '', 'Siswa Baru', '', '', '', NULL, '', 'Ya'),
(202, '0208', '3096041462', 'JONATHAN AMA DONI', 'Flores Timur 188', '2015-07-21', 1, 1, '', '', '', '2025-07-19', '19', '07', '2025', 0, '', '', '', '', '', '', '', '', '', '', '', '', '', '', '', '', '', '', NULL, '', '', '', 'Siswa Baru', '', '', '', NULL, '', 'Ya'),
(203, '0209', '0091791946', 'KRISTOFORUS RIMO', 'Flores Timur 189', '2015-07-21', 1, 2, '', '', '', '2025-07-19', '19', '07', '2025', 0, '', '', '', '', '', '', '', '', '', '', '', '', '', '', '', '', '', '', NULL, '', '', '', 'Siswa Baru', '', '', '', NULL, '', 'Ya'),
(204, '0210', '0098800761', 'LAURENSIA TUTO OLA', 'Flores Timur 190', '2015-07-21', 2, 2, '', '', '', '2025-07-19', '19', '07', '2025', 0, '', '', '', '', '', '', '', '', '', '', '', '', '', '', '', '', '', '', NULL, '', '', '', 'Siswa Baru', '', '', '', NULL, '', 'Ya'),
(205, '0211', '0096204122', 'YOHANES DEBRITO PATI NOTAN', 'Flores Timur 191', '2015-07-21', 1, 2, '', '', '', '2025-07-19', '19', '07', '2025', 0, '', '', '', '', '', '', '', '', '', '', '', '', '', '', '', '', '', '', NULL, '', '', '', 'Siswa Baru', '', '', '', NULL, '', 'Ya'),
(206, '0212', '98286690', 'MUHAMMAD ABDUL GAFAR', 'Flores Timur 192', '2015-07-21', 1, 1, '', '', '', '2025-07-19', '19', '07', '2025', 0, '', '', '', '', '', '', '', '', '', '', '', '', '', '', '', '', '', '', NULL, '', '', '', 'Siswa Baru', '', '', '', NULL, '', 'Ya'),
(207, '0213', '93088827', 'SAMSIDAR TASLIM', 'Flores Timur 193', '2015-07-21', 2, 1, '', '', '', '2025-07-19', '19', '07', '2025', 0, '', '', '', '', '', '', '', '', '', '', '', '', '', '', '', '', '', '', NULL, '', '', '', 'Siswa Baru', '', '', '', NULL, '', 'Ya'),
(208, '0214', '0098360336', 'ASWIN HANGGALA', 'Flores Timur 194', '2015-07-21', 1, 1, '', '', '', '2025-07-19', '19', '07', '2025', 0, '', '', '', '', '', '', '', '', '', '', '', '', '', '', '', '', '', '', NULL, '', '', '', 'Siswa Baru', '', '', '', NULL, '', 'Ya'),
(209, '0215', '0115065873', 'SUNAH S.NAFIJHA H.LOLON', 'Flores Timur 195', '2015-07-21', 2, 1, '', '', '', '2025-07-19', '19', '07', '2025', 0, '', '', '', '', '', '', '', '', '', '', '', '', '', '', '', '', '', '', NULL, '', '', '', 'Siswa Baru', '', '', '', NULL, '', 'Ya'),
(210, '0216', '103253942', 'SITI NURHALIZAH UBA BEDA', 'Flores Timur 196', '2015-07-21', 2, 1, '', '', '', '2025-07-19', '19', '07', '2025', 0, '', '', '', '', '', '', '', '', '', '', '', '', '', '', '', '', '', '', NULL, '', '', '', 'Siswa Baru', '', '', '', NULL, '', 'Ya'),
(211, '0217', '0099493320', 'ANISA SOLOT LAOT', 'Flores Timur 197', '2015-07-21', 2, 1, '', '', '', '2025-07-19', '19', '07', '2025', 0, '', '', '', '', '', '', '', '', '', '', '', '', '', '', '', '', '', '', NULL, '', '', '', 'Siswa Baru', '', '', '', NULL, '', 'Ya'),
(212, '0218', '0109128280', 'HAFIZAH SUMANTI LN', 'Flores Timur 198', '2015-07-21', 2, 1, '', '', '', '2025-07-19', '19', '07', '2025', 0, '', '', '', '', '', '', '', '', '', '', '', '', '', '', '', '', '', '', NULL, '', '', '', 'Siswa Baru', '', '', '', NULL, '', 'Ya'),
(213, '0219', '0104530579', 'RHEYNALDY MASAN BALI LAMAGEWOK', 'Flores Timur 199', '2015-07-21', 1, 2, '', '', '', '2025-07-19', '19', '07', '2025', 0, '', '', '', '', '', '', '', '', '', '', '', '', '', '', '', '', '', '', NULL, '', '', '', 'Siswa Baru', '', '', '', NULL, '', 'Ya'),
(214, '0220', '0107325941', 'BERNADUS BUDI', 'Flores Timur 200', '2015-07-21', 1, 2, '', '', '', '2025-07-19', '19', '07', '2025', 0, '', '', '', '', '', '', '', '', '', '', '', '', '', '', '', '', '', '', NULL, '', '', '', 'Siswa Baru', '', '', '', NULL, '', 'Ya'),
(215, '0221', '3101331990', 'NAZRIEL ILHAM ARIF', 'Flores Timur 201', '2015-07-21', 1, 1, '', '', '', '2025-07-19', '19', '07', '2025', 0, '', '', '', '', '', '', '', '', '', '', '', '', '', '', '', '', '', '', NULL, '', '', '', 'Siswa Baru', '', '', '', NULL, '', 'Ya'),
(216, '0222', '0094434630', 'MARCELLIO IMANNUEL KIA', 'Flores Timur 202', '2015-07-21', 1, 2, '', '', '', '2025-07-19', '19', '07', '2025', 0, '', '', '', '', '', '', '', '', '', '', '', '', '', '', '', '', '', '', NULL, '', '', '', 'Siswa Baru', '', '', '', NULL, '', 'Ya'),
(217, '0223', '0109090935', 'MARSELINA AVILA HINGI DEMON', 'Flores Timur 203', '2015-07-21', 2, 2, '', '', '', '2025-07-19', '19', '07', '2025', 0, '', '', '', '', '', '', '', '', '', '', '', '', '', '', '', '', '', '', NULL, '', '', '', 'Siswa Baru', '', '', '', NULL, '', 'Ya'),
(218, '0224', '0094814208', 'VIKTOR KALAN PATI', 'Flores Timur 204', '2015-07-21', 1, 2, '', '', '', '2025-07-19', '19', '07', '2025', 0, '', '', '', '', '', '', '', '', '', '', '', '', '', '', '', '', '', '', NULL, '', '', '', 'Siswa Baru', '', '', '', NULL, '', 'Ya'),
(219, '0225', '98678378', 'ULUL AZMI', 'Flores Timur 205', '2015-07-21', 1, 1, '', '', '', '2025-07-19', '19', '07', '2025', 0, '', '', '', '', '', '', '', '', '', '', '', '', '', '', '', '', '', '', NULL, '', '', '', 'Siswa Baru', '', '', '', NULL, '', 'Ya'),
(220, '0226', '0091132089', 'DIAN CINTA MUHAMAD', 'Flores Timur 206', '2015-07-21', 2, 1, '', '', '', '2025-07-19', '19', '07', '2025', 0, '', '', '', '', '', '', '', '', '', '', '', '', '', '', '', '', '', '', NULL, '', '', '', 'Siswa Baru', '', '', '', NULL, '', 'Ya'),
(221, '0227', '0102441695', 'SEBASTIANUS JOGO NAMA', 'Flores Timur 207', '2015-07-21', 1, 2, '', '', '', '2025-07-19', '19', '07', '2025', 0, '', '', '', '', '', '', '', '', '', '', '', '', '', '', '', '', '', '', NULL, '', '', '', 'Siswa Baru', '', '', '', NULL, '', 'Ya'),
(222, '0228', '3102878323', 'FEBY YANTI SUKSIN', 'Flores Timur 208', '2015-07-21', 2, 1, '', '', '', '2025-07-19', '19', '07', '2025', 0, '', '', '', '', '', '', '', '', '', '', '', '', '', '', '', '', '', '', NULL, '', '', '', 'Siswa Baru', '', '', '', NULL, '', 'Ya'),
(223, '0229', '3103711074', 'FADIL UMAR', 'Flores Timur 209', '2015-07-21', 1, 1, '', '', '', '2025-07-19', '19', '07', '2025', 0, '', '', '', '', '', '', '', '', '', '', '', '', '', '', '', '', '', '', NULL, '', '', '', 'Siswa Baru', '', '', '', NULL, '', 'Ya'),
(224, '0230', '0095383776', 'ANASTASIA SABU LONEK', 'Flores Timur 210', '2015-07-21', 2, 2, '', '', '', '2025-07-19', '19', '07', '2025', 0, '', '', '', '', '', '', '', '', '', '', '', '', '', '', '', '', '', '', NULL, '', '', '', 'Siswa Baru', '', '', '', NULL, '', 'Ya'),
(225, '0231', '0078805018', 'MARKUS SABON IDE', 'Flores Timur 211', '2015-07-21', 1, 2, '', '', '', '2025-07-19', '19', '07', '2025', 0, '', '', '', '', '', '', '', '', '', '', '', '', '', '', '', '', '', '', NULL, '', '', '', 'Siswa Baru', '', '', '', NULL, '', 'Ya'),
(226, '0232', '3093583011', 'FAISAL KARIM', 'Flores Timur 212', '2015-07-21', 1, 1, '', '', '', '2025-07-19', '19', '07', '2025', 0, '', '', '', '', '', '', '', '', '', '', '', '', '', '', '', '', '', '', NULL, '', '', '', 'Siswa Baru', '', '', '', NULL, '', 'Ya'),
(227, '0233', '85019056', 'ABDULLAH TENA GEWOK', 'Flores Timur 213', '2015-07-21', 1, 1, '', '', '', '2025-07-19', '19', '07', '2025', 0, '', '', '', '', '', '', '', '', '', '', '', '', '', '', '', '', '', '', NULL, '', '', '', 'Siswa Baru', '', '', '', NULL, '', 'Ya'),
(228, '0234', '0089297925', 'MARIA VIRTANTI ABON BOLI', 'Flores Timur 214', '2015-07-21', 2, 2, '', '', '', '2025-07-19', '19', '07', '2025', 0, '', '', '', '', '', '', '', '', '', '', '', '', '', '', '', '', '', '', NULL, '', '', '', 'Siswa Baru', '', '', '', NULL, '', 'Ya'),
(229, '0235', '103311559', 'SAHIRA ZUHAIR ARYATI', 'Flores Timur 215', '2015-07-21', 2, 1, '', '', '', '2025-07-19', '19', '07', '2025', 0, '', '', '', '', '', '', '', '', '', '', '', '', '', '', '', '', '', '', NULL, '', '', '', 'Siswa Baru', '', '', '', NULL, '', 'Ya'),
(230, '0236', '0109704270', 'PEP. JOSEPH GUARDIOLA', 'Flores Timur 216', '2015-07-21', 1, 2, '', '', '', '2025-07-19', '19', '07', '2025', 0, '', '', '', '', '', '', '', '', '', '', '', '', '', '', '', '', '', '', NULL, '', '', '', 'Siswa Baru', '', '', '', NULL, '', 'Ya'),
(231, '0237', '94802183', 'MUHAMMAD ABDUL GOFUR', 'Flores Timur 217', '2015-07-21', 1, 1, '', '', '', '2025-07-19', '19', '07', '2025', 0, '', '', '', '', '', '', '', '', '', '', '', '', '', '', '', '', '', '', NULL, '', '', '', 'Siswa Baru', '', '', '', NULL, '', 'Ya'),
(232, '0238', '0084664666', 'IRENE FALENTINA KEWA', 'Flores Timur 218', '2015-07-21', 2, 2, '', '', '', '2025-07-19', '19', '07', '2025', 0, '', '', '', '', '', '', '', '', '', '', '', '', '', '', '', '', '', '', NULL, '', '', '', 'Siswa Baru', '', '', '', NULL, '', 'Ya'),
(233, '0239', '107092888', 'NURALIYAH NADIRA', 'Flores Timur 219', '2015-07-21', 2, 1, '', '', '', '2025-07-19', '19', '07', '2025', 0, '', '', '', '', '', '', '', '', '', '', '', '', '', '', '', '', '', '', NULL, '', '', '', 'Siswa Baru', '', '', '', NULL, '', 'Ya'),
(234, '0240', '0097636342', 'MARIO REYNALDI SAID BEREEN', 'Flores Timur 220', '2015-07-21', 1, 2, '', '', '', '2025-07-19', '19', '07', '2025', 0, '', '', '', '', '', '', '', '', '', '', '', '', '', '', '', '', '', '', NULL, '', '', '', 'Siswa Baru', '', '', '', NULL, '', 'Ya'),
(235, '0241', '0099634233', 'NIKOLAUS EFENDI', 'Flores Timur 221', '2015-07-21', 1, 2, '', '', '', '2025-07-19', '19', '07', '2025', 0, '', '', '', '', '', '', '', '', '', '', '', '', '', '', '', '', '', '', NULL, '', '', '', 'Siswa Baru', '', '', '', NULL, '', 'Ya'),
(236, '0242', '3101244102', 'ANDINI PUTRI SUKLAM', 'Flores Timur 222', '2015-07-21', 2, 1, '', '', '', '2025-07-19', '19', '07', '2025', 0, '', '', '', '', '', '', '', '', '', '', '', '', '', '', '', '', '', '', NULL, '', '', '', 'Siswa Baru', '', '', '', NULL, '', 'Ya'),
(237, '0243', '3094518867', 'ITA LW', 'Flores Timur 223', '2015-07-21', 2, 1, '', '', '', '2025-07-19', '19', '07', '2025', 0, '', '', '', '', '', '', '', '', '', '', '', '', '', '', '', '', '', '', NULL, '', '', '', 'Siswa Baru', '', '', '', NULL, '', 'Ya'),
(238, '0244', '0104898536', 'MARIA REVALINA KOROHAMA', 'Flores Timur 224', '2015-07-21', 2, 2, '', '', '', '2025-07-19', '19', '07', '2025', 0, '', '', '', '', '', '', '', '', '', '', '', '', '', '', '', '', '', '', NULL, '', '', '', 'Siswa Baru', '', '', '', NULL, '', 'Ya'),
(239, '0245', '0087810336', 'SAPUTRA GALANG BAHY', 'Flores Timur 225', '2015-07-21', 1, 1, '', '', '', '2025-07-19', '19', '07', '2025', 0, '', '', '', '', '', '', '', '', '', '', '', '', '', '', '', '', '', '', NULL, '', '', '', 'Siswa Baru', '', '', '', NULL, '', 'Ya'),
(240, '0246', '0087721322', 'LYDIA KRISTI BULU MESA', 'Flores Timur 226', '2015-07-21', 2, 2, '', '', '', '2025-07-19', '19', '07', '2025', 0, '', '', '', '', '', '', '', '', '', '', '', '', '', '', '', '', '', '', NULL, '', '', '', 'Siswa Baru', '', '', '', NULL, '', 'Ya'),
(241, '0247', '0094808889', 'BUNGA MARYANI MUDA', 'Flores Timur 227', '2015-07-21', 2, 1, '', '', '', '2025-07-19', '19', '07', '2025', 0, '', '', '', '', '', '', '', '', '', '', '', '', '', '', '', '', '', '', NULL, '', '', '', 'Siswa Baru', '', '', '', NULL, '', 'Ya'),
(242, '0248', '3107472184', 'NIRMADILA MANSYUR', 'Flores Timur 228', '2015-07-21', 2, 1, '', '', '', '2025-07-19', '19', '07', '2025', 0, '', '', '', '', '', '', '', '', '', '', '', '', '', '', '', '', '', '', NULL, '', '', '', 'Siswa Baru', '', '', '', NULL, '', 'Ya'),
(243, '0249', '77822372', 'SURYANTI ASMIN', 'Flores Timur 229', '2015-07-21', 2, 1, '', '', '', '2025-07-19', '19', '07', '2025', 0, '', '', '', '', '', '', '', '', '', '', '', '', '', '', '', '', '', '', NULL, '', '', '', 'Siswa Baru', '', '', '', NULL, '', 'Ya'),
(244, '0250', '3084606529', 'ABDULLAH TAHER', 'Flores Timur 230', '2015-07-21', 1, 1, '', '', '', '2025-07-19', '19', '07', '2025', 0, '', '', '', '', '', '', '', '', '', '', '', '', '', '', '', '', '', '', NULL, '', '', '', 'Siswa Baru', '', '', '', NULL, '', 'Ya'),
(245, '0251', '3097708929', 'FAHNIA SALEH', 'Flores Timur 231', '2015-07-21', 2, 1, '', '', '', '2025-07-19', '19', '07', '2025', 0, '', '', '', '', '', '', '', '', '', '', '', '', '', '', '', '', '', '', NULL, '', '', '', 'Siswa Baru', '', '', '', NULL, '', 'Ya'),
(246, '0252', '84968098', 'MUHAMAD ARSYAD', 'Flores Timur 232', '2015-07-21', 1, 1, '', '', '', '2025-07-19', '19', '07', '2025', 0, '', '', '', '', '', '', '', '', '', '', '', '', '', '', '', '', '', '', NULL, '', '', '', 'Siswa Baru', '', '', '', NULL, '', 'Ya'),
(247, '0253', '0092708458', 'ROBERTUS B. AMA SONA', 'Flores Timur 233', '2015-07-21', 1, 2, '', '', '', '2025-07-19', '19', '07', '2025', 0, '', '', '', '', '', '', '', '', '', '', '', '', '', '', '', '', '', '', NULL, '', '', '', 'Siswa Baru', '', '', '', NULL, '', 'Ya'),
(248, '0254', '94564089', 'FELISITAS DIVIANA SIBA', 'Flores Timur 234', '2015-07-21', 2, 2, '', '', '', '2025-07-19', '19', '07', '2025', 0, '', '', '', '', '', '', '', '', '', '', '', '', '', '', '', '', '', '', NULL, '', '', '', 'Siswa Baru', '', '', '', NULL, '', 'Ya'),
(249, '0255', '0104259962', 'NAJWAHTIL LATIEF CB.', 'Flores Timur 235', '2015-07-21', 2, 1, '', '', '', '2025-07-19', '19', '07', '2025', 0, '', '', '', '', '', '', '', '', '', '', '', '', '', '', '', '', '', '', NULL, '', '', '', 'Siswa Baru', '', '', '', NULL, '', 'Ya'),
(250, '0256', '0103978561', 'THERESIA CLARA WERANG', 'Flores Timur 236', '2015-07-21', 2, 2, '', '', '', '2025-07-19', '19', '07', '2025', 0, '', '', '', '', '', '', '', '', '', '', '', '', '', '', '', '', '', '', NULL, '', '', '', 'Siswa Baru', '', '', '', NULL, '', 'Ya'),
(251, '0257', '0113654840', 'AMANDA FEBRYANTI RAHMAT', 'Flores Timur 237', '2015-07-21', 2, 1, '', '', '', '2025-07-19', '19', '07', '2025', 0, '', '', '', '', '', '', '', '', '', '', '', '', '', '', '', '', '', '', NULL, '', '', '', 'Siswa Baru', '', '', '', NULL, '', 'Ya'),
(252, '0258', '0093182732', 'NURUL AIN', 'Flores Timur 238', '2015-07-21', 2, 1, '', '', '', '2025-07-19', '19', '07', '2025', 0, '', '', '', '', '', '', '', '', '', '', '', '', '', '', '', '', '', '', NULL, '', '', '', 'Siswa Baru', '', '', '', NULL, '', 'Ya'),
(253, '0259', '0082776317', 'MAULIA ISMAIL', 'Flores Timur 239', '2015-07-21', 2, 1, '', '', '', '2025-07-19', '19', '07', '2025', 0, '', '', '', '', '', '', '', '', '', '', '', '', '', '', '', '', '', '', NULL, '', '', '', 'Siswa Baru', '', '', '', NULL, '', 'Ya'),
(254, '0260', '0104658758', 'FRANSISKA ABON OLA', 'Flores Timur 240', '2015-07-21', 2, 2, '', '', '', '2025-07-19', '19', '07', '2025', 0, '', '', '', '', '', '', '', '', '', '', '', '', '', '', '', '', '', '', NULL, '', '', '', 'Siswa Baru', '', '', '', NULL, '', 'Ya'),
(255, '0261', '0101550339', 'CLAUDIA GABRIELA UBA KELENG', 'Flores Timur 241', '2015-07-21', 2, 2, '', '', '', '2025-07-19', '19', '07', '2025', 0, '', '', '', '', '', '', '', '', '', '', '', '', '', '', '', '', '', '', NULL, '', '', '', 'Siswa Baru', '', '', '', NULL, '', 'Ya'),
(256, '0262', '0101982235', 'FAUSTINA PUTRI BELINDA', 'Flores Timur 242', '2015-07-21', 2, 2, '', '', '', '2025-07-19', '19', '07', '2025', 0, '', '', '', '', '', '', '', '', '', '', '', '', '', '', '', '', '', '', NULL, '', '', '', 'Siswa Baru', '', '', '', NULL, '', 'Ya'),
(257, '0263', '0104151653', 'LUCIANUS LEONEL RAYA PANTANA DOSINAENG', 'Flores Timur 243', '2015-07-21', 1, 2, '', '', '', '2025-07-19', '19', '07', '2025', 0, '', '', '', '', '', '', '', '', '', '', '', '', '', '', '', '', '', '', NULL, '', '', '', 'Siswa Baru', '', '', '', NULL, '', 'Ya'),
(258, '0264', '0091116478', 'MARTIN ILE MOLAN', 'Flores Timur 244', '2015-07-21', 1, 2, '', '', '', '2025-07-19', '19', '07', '2025', 0, '', '', '', '', '', '', '', '', '', '', '', '', '', '', '', '', '', '', NULL, '', '', '', 'Siswa Baru', '', '', '', NULL, '', 'Ya'),
(259, '0265', '0096614433', 'STEFANIA KEWA MASAN', 'Flores Timur 245', '2015-07-21', 2, 2, '', '', '', '2025-07-19', '19', '07', '2025', 0, '', '', '', '', '', '', '', '', '', '', '', '', '', '', '', '', '', '', NULL, '', '', '', 'Siswa Baru', '', '', '', NULL, '', 'Ya'),
(260, '0266', '0083497486', 'ANGELA MERICI BAREK OLA', 'Flores Timur 246', '2015-07-21', 2, 2, '', '', '', '2025-07-19', '19', '07', '2025', 0, '', '', '', '', '', '', '', '', '', '', '', '', '', '', '', '', '', '', NULL, '', '', '', 'Siswa Baru', '', '', '', NULL, '', 'Ya'),
(261, '0267', '0104536161', 'MARIA GRATIA CHRISTABELA NINI KIA', 'Flores Timur 247', '2015-07-21', 2, 2, '', '', '', '2025-07-19', '19', '07', '2025', 0, '', '', '', '', '', '', '', '', '', '', '', '', '', '', '', '', '', '', NULL, '', '', '', 'Siswa Baru', '', '', '', NULL, '', 'Ya'),
(262, '0268', '0097087947', 'KATARINA BOLI INA', 'Flores Timur 248', '2015-07-21', 2, 2, '', '', '', '2025-07-19', '19', '07', '2025', 0, '', '', '', '', '', '', '', '', '', '', '', '', '', '', '', '', '', '', NULL, '', '', '', 'Siswa Baru', '', '', '', NULL, '', 'Ya'),
(263, '0269', '0094432761', 'GAUDENSIUS BASA MARIN', 'Flores Timur 249', '2015-07-21', 1, 2, '', '', '', '2025-07-19', '19', '07', '2025', 0, '', '', '', '', '', '', '', '', '', '', '', '', '', '', '', '', '', '', NULL, '', '', '', 'Siswa Baru', '', '', '', NULL, '', 'Ya'),
(264, '0270', '0108158223', 'KATARINA NULA PANDAI', 'Flores Timur 250', '2015-07-21', 2, 2, '', '', '', '2025-07-19', '19', '07', '2025', 0, '', '', '', '', '', '', '', '', '', '', '', '', '', '', '', '', '', '', NULL, '', '', '', 'Siswa Baru', '', '', '', NULL, '', 'Ya'),
(265, '0271', '0101296427', 'MARIA REGINA BITA BURA', 'Flores Timur 251', '2015-07-21', 2, 2, '', '', '', '2025-07-19', '19', '07', '2025', 0, '', '', '', '', '', '', '', '', '', '', '', '', '', '', '', '', '', '', NULL, '', '', '', 'Siswa Baru', '', '', '', NULL, '', 'Ya'),
(266, '0272', '0093141592', 'HELENA PENATEN OLA', 'Flores Timur 252', '2015-07-21', 2, 2, '', '', '', '2025-07-19', '19', '07', '2025', 0, '', '', '', '', '', '', '', '', '', '', '', '', '', '', '', '', '', '', NULL, '', '', '', 'Siswa Baru', '', '', '', NULL, '', 'Ya'),
(267, '0273', '0091876292', 'THEODORUS ADRYANO BURA MADO', 'Flores Timur 253', '2015-07-21', 1, 2, '', '', '', '2025-07-19', '19', '07', '2025', 0, '', '', '', '', '', '', '', '', '', '', '', '', '', '', '', '', '', '', NULL, '', '', '', 'Siswa Baru', '', '', '', NULL, '', 'Ya'),
(268, '0274', '0097147695', 'OKTAVIANA BENGA PATI', 'Flores Timur 254', '2015-07-21', 2, 2, '', '', '', '2025-07-19', '19', '07', '2025', 0, '', '', '', '', '', '', '', '', '', '', '', '', '', '', '', '', '', '', NULL, '', '', '', 'Siswa Baru', '', '', '', NULL, '', 'Ya'),
(269, '0275', '0105884729', 'YULIANA SABU MASAN', 'Flores Timur 255', '2015-07-21', 2, 2, '', '', '', '2025-07-19', '19', '07', '2025', 0, '', '', '', '', '', '', '', '', '', '', '', '', '', '', '', '', '', '', NULL, '', '', '', 'Siswa Baru', '', '', '', NULL, '', 'Ya'),
(270, '0276', '0108938981', 'ANGELA SURA PAYON', 'Flores Timur 256', '2015-07-21', 2, 2, '', '', '', '2025-07-19', '19', '07', '2025', 0, '', '', '', '', '', '', '', '', '', '', '', '', '', '', '', '', '', '', NULL, '', '', '', 'Siswa Baru', '', '', '', NULL, '', 'Ya'),
(271, '0277', '0093330936', 'MARIANA TUTO PATI', 'Flores Timur 257', '2015-07-21', 2, 2, '', '', '', '2025-07-19', '19', '07', '2025', 0, '', '', '', '', '', '', '', '', '', '', '', '', '', '', '', '', '', '', NULL, '', '', '', 'Siswa Baru', '', '', '', NULL, '', 'Ya'),
(272, '0278', '0105145627', 'MARIA FELIXIANA LETEK TODA', 'Flores Timur 258', '2015-07-21', 2, 2, '', '', '', '2025-07-19', '19', '07', '2025', 0, '', '', '', '', '', '', '', '', '', '', '', '', '', '', '', '', '', '', NULL, '', '', '', 'Siswa Baru', '', '', '', NULL, '', 'Ya'),
(273, '0279', '0066498114', 'NATALIA TUTO OLA', 'Flores Timur 259', '2015-07-21', 2, 2, '', '', '', '2025-07-19', '19', '07', '2025', 0, '', '', '', '', '', '', '', '', '', '', '', '', '', '', '', '', '', '', NULL, '', '', '', 'Siswa Baru', '', '', '', NULL, '', 'Ya'),
(274, '0280', '0096359683', 'ALEKSANDRO KANISIUS GERODA BORO', 'Flores Timur 260', '2015-07-21', 1, 2, '', '', '', '2025-07-19', '19', '07', '2025', 0, '', '', '', '', '', '', '', '', '', '', '', '', '', '', '', '', '', '', NULL, '', '', '', 'Siswa Baru', '', '', '', NULL, '', 'Ya'),
(275, '0281', '0093441643', 'FRANSISKA SABU SANGA', 'Flores Timur 261', '2015-07-21', 2, 2, '', '', '', '2025-07-19', '19', '07', '2025', 0, '', '', '', '', '', '', '', '', '', '', '', '', '', '', '', '', '', '', NULL, '', '', '', 'Siswa Baru', '', '', '', NULL, '', 'Ya'),
(276, '0282', '0107003893', 'ROSWITA M. DERAN GERODA', 'Flores Timur 262', '2015-07-21', 2, 2, '', '', '', '2025-07-19', '19', '07', '2025', 0, '', '', '', '', '', '', '', '', '', '', '', '', '', '', '', '', '', '', NULL, '', '', '', 'Siswa Baru', '', '', '', NULL, '', 'Ya'),
(277, '0283', '0101858211', 'MARSELINUS MULI TONU', 'Flores Timur 263', '2015-07-21', 1, 2, '', '', '', '2025-07-19', '19', '07', '2025', 0, '', '', '', '', '', '', '', '', '', '', '', '', '', '', '', '', '', '', NULL, '', '', '', 'Siswa Baru', '', '', '', NULL, '', 'Ya'),
(278, '0284', '0106283817', 'VINSENSIUS FERRERY BEDA BAHON', 'Flores Timur 264', '2015-07-21', 1, 2, '', '', '', '2025-07-19', '19', '07', '2025', 0, '', '', '', '', '', '', '', '', '', '', '', '', '', '', '', '', '', '', NULL, '', '', '', 'Siswa Baru', '', '', '', NULL, '', 'Ya'),
(279, '0285', '0095920139', 'FEBRIAYANTI C.PALANG BOLI', 'Flores Timur 265', '2015-07-21', 2, 2, '', '', '', '2025-07-19', '19', '07', '2025', 0, '', '', '', '', '', '', '', '', '', '', '', '', '', '', '', '', '', '', NULL, '', '', '', 'Siswa Baru', '', '', '', NULL, '', 'Ya'),
(280, '0286', '0155695912', 'MARIA KRISTINA BENGA DULI', 'Flores Timur 266', '2015-07-21', 2, 2, '', '', '', '2025-07-19', '19', '07', '2025', 0, '', '', '', '', '', '', '', '', '', '', '', '', '', '', '', '', '', '', NULL, '', '', '', 'Siswa Baru', '', '', '', NULL, '', 'Ya'),
(281, '0287', '0101988796', 'MARIA GABRIELA OSE DONI', 'Flores Timur 267', '2015-07-21', 2, 2, '', '', '', '2025-07-19', '19', '07', '2025', 0, '', '', '', '', '', '', '', '', '', '', '', '', '', '', '', '', '', '', NULL, '', '', '', 'Siswa Baru', '', '', '', NULL, '', 'Ya'),
(282, '0288', '0104721496', 'PASKALINA LETEK GERODA', 'Flores Timur 268', '2015-07-21', 2, 2, '', '', '', '2025-07-19', '19', '07', '2025', 0, '', '', '', '', '', '', '', '', '', '', '', '', '', '', '', '', '', '', NULL, '', '', '', 'Siswa Baru', '', '', '', NULL, '', 'Ya'),
(283, '0289', '0099435745', 'AGUSTINA BAREK BUNGA', 'Flores Timur 269', '2015-07-21', 2, 2, '', '', '', '2025-07-19', '19', '07', '2025', 0, '', '', '', '', '', '', '', '', '', '', '', '', '', '', '', '', '', '', NULL, '', '', '', 'Siswa Baru', '', '', '', NULL, '', 'Ya'),
(284, '0290', '0091426460', 'WILFRYENTUS DOSI GEGA', 'Flores Timur 270', '2015-07-21', 1, 2, '', '', '', '2025-07-19', '19', '07', '2025', 0, '', '', '', '', '', '', '', '', '', '', '', '', '', '', '', '', '', '', NULL, '', '', '', 'Siswa Baru', '', '', '', NULL, '', 'Ya'),
(285, '0291', '0101955439', 'LUDOVIKUS A. SILI BOLEN', 'Flores Timur 271', '2015-07-21', 1, 2, '', '', '', '2025-07-19', '19', '07', '2025', 0, '', '', '', '', '', '', '', '', '', '', '', '', '', '', '', '', '', '', NULL, '', '', '', 'Siswa Baru', '', '', '', NULL, '', 'Ya'),
(286, '0292', '0109720772', 'MARIA ALOYSIA HINGI MASAN', 'Flores Timur 272', '2015-07-21', 2, 2, '', '', '', '2025-07-19', '19', '07', '2025', 0, '', '', '', '', '', '', '', '', '', '', '', '', '', '', '', '', '', '', NULL, '', '', '', 'Siswa Baru', '', '', '', NULL, '', 'Ya'),
(287, '0293', '0106278830', 'JEAN GABRIEL HABAN RAYA', 'Flores Timur 273', '2015-07-21', 1, 2, '', '', '', '2025-07-19', '19', '07', '2025', 0, '', '', '', '', '', '', '', '', '', '', '', '', '', '', '', '', '', '', NULL, '', '', '', 'Siswa Baru', '', '', '', NULL, '', 'Ya'),
(288, '0294', '0105591569', 'NAREK ARJUNA VALENTINO', 'Flores Timur 274', '2015-07-21', 1, 2, '', '', '', '2025-07-19', '19', '07', '2025', 0, '', '', '', '', '', '', '', '', '', '', '', '', '', '', '', '', '', '', NULL, '', '', '', 'Siswa Baru', '', '', '', NULL, '', 'Ya'),
(289, '0295', '0091799755', 'MUHAMMAD LAMPARD', 'Flores Timur 275', '2015-07-21', 1, 1, '', '', '', '2025-07-19', '19', '07', '2025', 0, '', '', '', '', '', '', '', '', '', '', '', '', '', '', '', '', '', '', NULL, '', '', '', 'Siswa Baru', '', '', '', NULL, '', 'Ya'),
(290, '0296', '0081820119', 'FITRI RATNA SARI', 'Flores Timur 276', '2015-07-21', 2, 1, '', '', '', '2025-07-19', '19', '07', '2025', 0, '', '', '', '', '', '', '', '', '', '', '', '', '', '', '', '', '', '', NULL, '', '', '', 'Siswa Baru', '', '', '', NULL, '', 'Ya'),
(291, '0297', '0103447383', 'BRIGITA BENGA BURA', 'Flores Timur 277', '2015-07-21', 2, 2, '', '', '', '2025-07-19', '19', '07', '2025', 0, '', '', '', '', '', '', '', '', '', '', '', '', '', '', '', '', '', '', NULL, '', '', '', 'Siswa Baru', '', '', '', NULL, '', 'Ya'),
(292, '0298', '0094820749', 'YOSEP KABO LAWELAGA RB', 'Flores Timur 278', '2015-07-21', 1, 2, '', '', '', '2025-07-19', '19', '07', '2025', 0, '', '', '', '', '', '', '', '', '', '', '', '', '', '', '', '', '', '', NULL, '', '', '', 'Siswa Baru', '', '', '', NULL, '', 'Ya'),
(293, '0299', '3099992507', 'AZAHRA INAYAH SANUSI', 'Flores Timur 279', '2015-07-21', 2, 1, '', '', '', '2025-07-19', '19', '07', '2025', 0, '', '', '', '', '', '', '', '', '', '', '', '', '', '', '', '', '', '', NULL, '', '', '', 'Siswa Baru', '', '', '', NULL, '', 'Ya'),
(294, '0300', '0103722635', 'ELISABET JESIKA KELENG', 'Flores Timur 280', '2015-07-21', 2, 2, '', '', '', '2025-07-19', '19', '07', '2025', 0, '', '', '', '', '', '', '', '', '', '', '', '', '', '', '', '', '', '', NULL, '', '', '', 'Siswa Baru', '', '', '', NULL, '', 'Ya'),
(295, '0301', '0105366123', 'MARTINUS GLENARDY', 'Flores Timur 281', '2015-07-21', 1, 2, '', '', '', '2025-07-19', '19', '07', '2025', 0, '', '', '', '', '', '', '', '', '', '', '', '', '', '', '', '', '', '', NULL, '', '', '', 'Siswa Baru', '', '', '', NULL, '', 'Ya'),
(296, '0302', '0093691171', 'MARIA JESIKA KESE PULI', 'Flores Timur 282', '2015-07-21', 2, 2, '', '', '', '2025-07-19', '19', '07', '2025', 0, '', '', '', '', '', '', '', '', '', '', '', '', '', '', '', '', '', '', NULL, '', '', '', 'Siswa Baru', '', '', '', NULL, '', 'Ya'),
(297, '0303', '0108768763', 'WILHELMUS HERSON RIANGHEPAT', 'Flores Timur 283', '2015-07-21', 1, 2, '', '', '', '2025-07-19', '19', '07', '2025', 0, '', '', '', '', '', '', '', '', '', '', '', '', '', '', '', '', '', '', NULL, '', '', '', 'Siswa Baru', '', '', '', NULL, '', 'Ya'),
(298, '0304', '3097436500', 'KATARINA PUTRIANI DERAN DULI', 'Flores Timur 284', '2015-07-21', 2, 2, '', '', '', '2025-07-19', '19', '07', '2025', 0, '', '', '', '', '', '', '', '', '', '', '', '', '', '', '', '', '', '', NULL, '', '', '', 'Siswa Baru', '', '', '', NULL, '', 'Ya'),
(299, '0305', '0097556084', 'OKTAVIANUS SILI DILEN', 'Flores Timur 285', '2015-07-21', 1, 2, '', '', '', '2025-07-19', '19', '07', '2025', 0, '', '', '', '', '', '', '', '', '', '', '', '', '', '', '', '', '', '', NULL, '', '', '', 'Siswa Baru', '', '', '', NULL, '', 'Ya'),
(300, '0306', '0099123144', 'PAULUS DULI WUAN', 'Flores Timur 286', '2015-07-21', 1, 2, '', '', '', '2025-07-19', '19', '07', '2025', 0, '', '', '', '', '', '', '', '', '', '', '', '', '', '', '', '', '', '', NULL, '', '', '', 'Siswa Baru', '', '', '', NULL, '', 'Ya'),
(301, '0307', '0084325546', 'OKTAVIANUS DIRI LAWAN', 'Flores Timur 287', '2015-07-21', 1, 2, '', '', '', '2025-07-19', '19', '07', '2025', 0, '', '', '', '', '', '', '', '', '', '', '', '', '', '', '', '', '', '', NULL, '', '', '', 'Siswa Baru', '', '', '', NULL, '', 'Ya'),
(302, '0308', '0099923461', 'LAURENSIUS ONACHA', 'Flores Timur 288', '2015-07-21', 1, 2, '', '', '', '2025-07-19', '19', '07', '2025', 0, '', '', '', '', '', '', '', '', '', '', '', '', '', '', '', '', '', '', NULL, '', '', '', 'Siswa Baru', '', '', '', NULL, '', 'Ya'),
(303, '0309', '0097794186', 'NATALIA HERIN TUPEN', 'Flores Timur 289', '2015-07-21', 2, 2, '', '', '', '2025-07-19', '19', '07', '2025', 0, '', '', '', '', '', '', '', '', '', '', '', '', '', '', '', '', '', '', NULL, '', '', '', 'Siswa Baru', '', '', '', NULL, '', 'Ya'),
(304, '0310', '0103558348', 'FRANSISKUS X. BALA ESI', 'Flores Timur 290', '2015-07-21', 1, 2, '', '', '', '2025-07-19', '19', '07', '2025', 0, '', '', '', '', '', '', '', '', '', '', '', '', '', '', '', '', '', '', NULL, '', '', '', 'Siswa Baru', '', '', '', NULL, '', 'Ya'),
(305, '0311', '6805/00965', 'MUHAMAD IKSAN', 'Flores Timur 291', '2015-07-21', 1, 1, '', '', '', '2025-07-19', '19', '07', '2025', 0, '', '', '', '', '', '', '', '', '', '', '', '', '', '', '', '', '', '', NULL, '', '', '', 'Siswa Baru', '', '', '', NULL, '', 'Ya'),
(306, '0312', '0096950125', 'DAVID ARDIAN MASAN BELAN', 'Flores Timur 292', '2015-07-21', 1, 2, '', '', '', '2025-07-19', '19', '07', '2025', 0, '', '', '', '', '', '', '', '', '', '', '', '', '', '', '', '', '', '', NULL, '', '', '', 'Siswa Baru', '', '', '', NULL, '', 'Ya'),
(307, '0313', '0092410373', 'MARIA D. V. BAREK BOLEN', 'Flores Timur 293', '2015-07-21', 2, 2, '', '', '', '2025-07-19', '19', '07', '2025', 0, '', '', '', '', '', '', '', '', '', '', '', '', '', '', '', '', '', '', NULL, '', '', '', 'Siswa Baru', '', '', '', NULL, '', 'Ya'),
(308, '0314', '0095068587', 'DEWI SRININGSIH KARMANY', 'Flores Timur 294', '2015-07-21', 2, 2, '', '', '', '2025-07-19', '19', '07', '2025', 0, '', '', '', '', '', '', '', '', '', '', '', '', '', '', '', '', '', '', NULL, '', '', '', 'Siswa Baru', '', '', '', NULL, '', 'Ya'),
(309, '0315', '0102451492', 'REVANI ALAURA BOY', 'Flores Timur 295', '2015-07-21', 2, 2, '', '', '', '2025-07-19', '19', '07', '2025', 0, '', '', '', '', '', '', '', '', '', '', '', '', '', '', '', '', '', '', NULL, '', '', '', 'Siswa Baru', '', '', '', NULL, '', 'Ya'),
(310, '0316', '3094877570', 'SYAKIAH WULANDARI', 'Flores Timur 296', '2015-07-21', 2, 1, '', '', '', '2025-07-19', '19', '07', '2025', 0, '', '', '', '', '', '', '', '', '', '', '', '', '', '', '', '', '', '', NULL, '', '', '', 'Siswa Baru', '', '', '', NULL, '', 'Ya'),
(311, '0317', '0097692406', 'YULIANA KERON GAPUN', 'Flores Timur 297', '2015-07-21', 2, 2, '', '', '', '2025-07-19', '19', '07', '2025', 0, '', '', '', '', '', '', '', '', '', '', '', '', '', '', '', '', '', '', NULL, '', '', '', 'Siswa Baru', '', '', '', NULL, '', 'Ya'),
(312, '0318', '0096567566', 'RAIMUNDUS VIANERI AMATUPE', 'Flores Timur 298', '2015-07-21', 1, 2, '', '', '', '2025-07-19', '19', '07', '2025', 0, '', '', '', '', '', '', '', '', '', '', '', '', '', '', '', '', '', '', NULL, '', '', '', 'Siswa Baru', '', '', '', NULL, '', 'Ya'),
(313, '0319', '0102082779', 'LOUISA TOKAN', 'Flores Timur 299', '2015-07-21', 2, 2, '', '', '', '2025-07-19', '19', '07', '2025', 0, '', '', '', '', '', '', '', '', '', '', '', '', '', '', '', '', '', '', NULL, '', '', '', 'Siswa Baru', '', '', '', NULL, '', 'Ya'),
(314, '0320', '0085982136', 'LETISIA RARI GEDE LAMAWURAN', 'Flores Timur 300', '2015-07-21', 2, 2, '', '', '', '2025-07-19', '19', '07', '2025', 0, '', '', '', '', '', '', '', '', '', '', '', '', '', '', '', '', '', '', NULL, '', '', '', 'Siswa Baru', '', '', '', NULL, '', 'Ya'),
(315, '0321', '0108293218', 'INAYAH TAPO BALI', 'Flores Timur 301', '2015-07-21', 2, 2, '', '', '', '2025-07-19', '19', '07', '2025', 0, '', '', '', '', '', '', '', '', '', '', '', '', '', '', '', '', '', '', NULL, '', '', '', 'Siswa Baru', '', '', '', NULL, '', 'Ya'),
(316, '0322', '0106454628', 'MARIA KRISTANTI MAKING', 'Flores Timur 302', '2015-07-21', 2, 2, '', '', '', '2025-07-19', '19', '07', '2025', 0, '', '', '', '', '', '', '', '', '', '', '', '', '', '', '', '', '', '', NULL, '', '', '', 'Siswa Baru', '', '', '', NULL, '', 'Ya'),
(317, '0323', '0085628018', 'VERONIKA SURAT LAGA', 'Flores Timur 303', '2015-07-21', 2, 2, '', '', '', '2025-07-19', '19', '07', '2025', 0, '', '', '', '', '', '', '', '', '', '', '', '', '', '', '', '', '', '', NULL, '', '', '', 'Siswa Baru', '', '', '', NULL, '', 'Ya'),
(318, '0324', '0081467690', 'WILHELMINA LIPAT TUPEN', 'Flores Timur 304', '2015-07-21', 2, 2, '', '', '', '2025-07-19', '19', '07', '2025', 0, '', '', '', '', '', '', '', '', '', '', '', '', '', '', '', '', '', '', NULL, '', '', '', 'Siswa Baru', '', '', '', NULL, '', 'Ya'),
(319, '0325', '0117662025', 'MARIA CELSY SURAT TADON', 'Flores Timur 305', '2015-07-21', 2, 2, '', '', '', '2025-07-19', '19', '07', '2025', 0, '', '', '', '', '', '', '', '', '', '', '', '', '', '', '', '', '', '', NULL, '', '', '', 'Siswa Baru', '', '', '', NULL, '', 'Ya'),
(320, '0326', '0085601730', 'MELISSA ALINE', 'Flores Timur 306', '2015-07-21', 2, 2, '', '', '', '2025-07-19', '19', '07', '2025', 0, '', '', '', '', '', '', '', '', '', '', '', '', '', '', '', '', '', '', NULL, '', '', '', 'Siswa Baru', '', '', '', NULL, '', 'Ya'),
(321, '0327', '3100408157', 'AZZAHRATUSYITA INA PUDE', 'Flores Timur 307', '2015-07-21', 2, 1, '', '', '', '2025-07-19', '19', '07', '2025', 0, '', '', '', '', '', '', '', '', '', '', '', '', '', '', '', '', '', '', NULL, '', '', '', 'Siswa Baru', '', '', '', NULL, '', 'Ya'),
(322, '0328', '0101214452', 'MAKSIMILIANA KIDI TURA', 'Flores Timur 308', '2015-07-21', 2, 2, '', '', '', '2025-07-19', '19', '07', '2025', 0, '', '', '', '', '', '', '', '', '', '', '', '', '', '', '', '', '', '', NULL, '', '', '', 'Siswa Baru', '', '', '', NULL, '', 'Ya'),
(323, '0329', '0099786324', 'NATALIA PALAN KEDA', 'Flores Timur 309', '2015-07-21', 2, 2, '', '', '', '2025-07-19', '19', '07', '2025', 0, '', '', '', '', '', '', '', '', '', '', '', '', '', '', '', '', '', '', NULL, '', '', '', 'Siswa Baru', '', '', '', NULL, '', 'Ya'),
(324, '0330', '0103757046', 'KRISTIANUS FIRLANDO MUDA', 'Flores Timur 310', '2015-07-21', 1, 2, '', '', '', '2025-07-19', '19', '07', '2025', 0, '', '', '', '', '', '', '', '', '', '', '', '', '', '', '', '', '', '', NULL, '', '', '', 'Siswa Baru', '', '', '', NULL, '', 'Ya'),
(325, '0331', '0081132229', 'ANTONIUS BOLENG', 'Flores Timur 311', '2015-07-21', 1, 2, '', '', '', '2025-07-19', '19', '07', '2025', 0, '', '', '', '', '', '', '', '', '', '', '', '', '', '', '', '', '', '', NULL, '', '', '', 'Siswa Baru', '', '', '', NULL, '', 'Ya'),
(326, '0332', '0081493841', 'KRISTOFORUS WITAK', 'Flores Timur 312', '2015-07-21', 1, 2, '', '', '', '2025-07-19', '19', '07', '2025', 0, '', '', '', '', '', '', '', '', '', '', '', '', '', '', '', '', '', '', NULL, '', '', '', 'Siswa Baru', '', '', '', NULL, '', 'Ya'),
(327, '0333', '0099371551', 'YOSEP BAPTISTA KIA HELAN', 'Flores Timur 313', '2015-07-21', 1, 2, '', '', '', '2025-07-19', '19', '07', '2025', 0, '', '', '', '', '', '', '', '', '', '', '', '', '', '', '', '', '', '', NULL, '', '', '', 'Siswa Baru', '', '', '', NULL, '', 'Ya'),
(328, '0334', '0105043733', 'MARIANI SILVILIA', 'Flores Timur 314', '2015-07-21', 2, 2, '', '', '', '2025-07-19', '19', '07', '2025', 0, '', '', '', '', '', '', '', '', '', '', '', '', '', '', '', '', '', '', NULL, '', '', '', 'Siswa Baru', '', '', '', NULL, '', 'Ya'),
(329, '0335', '0102646618', 'MARIA OKTAVIANI KEWA SINUM', 'Flores Timur 315', '2015-07-21', 2, 2, '', '', '', '2025-07-19', '19', '07', '2025', 0, '', '', '', '', '', '', '', '', '', '', '', '', '', '', '', '', '', '', NULL, '', '', '', 'Siswa Baru', '', '', '', NULL, '', 'Ya'),
(330, '0336', '0105619443', 'BERUCJESUS GEDE SABON BAHY', 'Flores Timur 316', '2015-07-21', 1, 2, '', '', '', '2025-07-19', '19', '07', '2025', 0, '', '', '', '', '', '', '', '', '', '', '', '', '', '', '', '', '', '', NULL, '', '', '', 'Siswa Baru', '', '', '', NULL, '', 'Ya'),
(331, '0337', '0096534428', 'OKTAVIANUS A. TUPEN RATU', 'Flores Timur 317', '2015-07-21', 1, 2, '', '', '', '2025-07-19', '19', '07', '2025', 0, '', '', '', '', '', '', '', '', '', '', '', '', '', '', '', '', '', '', NULL, '', '', '', 'Siswa Baru', '', '', '', NULL, '', 'Ya'),
(332, '0338', '0094308306', 'NUR FARAH ALFADI TOKAN', 'Flores Timur 318', '2015-07-21', 2, 1, '', '', '', '2025-07-19', '19', '07', '2025', 0, '', '', '', '', '', '', '', '', '', '', '', '', '', '', '', '', '', '', NULL, '', '', '', 'Siswa Baru', '', '', '', NULL, '', 'Ya'),
(333, '0339', '0095004619', 'MARIA DESTINIANTI LETEK DERAN', 'Flores Timur 319', '2015-07-21', 2, 2, '', '', '', '2025-07-19', '19', '07', '2025', 0, '', '', '', '', '', '', '', '', '', '', '', '', '', '', '', '', '', '', NULL, '', '', '', 'Siswa Baru', '', '', '', NULL, '', 'Ya'),
(334, '0340', '0106570112', 'MONIKA GABRIEL', 'Flores Timur 320', '2015-07-21', 2, 2, '', '', '', '2025-07-19', '19', '07', '2025', 0, '', '', '', '', '', '', '', '', '', '', '', '', '', '', '', '', '', '', NULL, '', '', '', 'Siswa Baru', '', '', '', NULL, '', 'Ya'),
(335, '0341', '0091157062', 'JIANING LATIFAH', 'Flores Timur 321', '2015-07-21', 2, 1, '', '', '', '2025-07-19', '19', '07', '2025', 0, '', '', '', '', '', '', '', '', '', '', '', '', '', '', '', '', '', '', NULL, '', '', '', 'Siswa Baru', '', '', '', NULL, '', 'Ya'),
(336, '0342', '0104473176', 'THERESIA AVILA KOLIN', 'Flores Timur 322', '2015-07-21', 2, 2, '', '', '', '2025-07-19', '19', '07', '2025', 0, '', '', '', '', '', '', '', '', '', '', '', '', '', '', '', '', '', '', NULL, '', '', '', 'Siswa Baru', '', '', '', NULL, '', 'Ya'),
(337, '0343', '0096142178', 'MAGDALENA PERADA WUJON', 'Flores Timur 323', '2015-07-21', 2, 2, '', '', '', '2025-07-19', '19', '07', '2025', 0, '', '', '', '', '', '', '', '', '', '', '', '', '', '', '', '', '', '', NULL, '', '', '', 'Siswa Baru', '', '', '', NULL, '', 'Ya'),
(338, '0344', '0086507354', 'PATRIANUS PAYONG KOLIN', 'Flores Timur 324', '2015-07-21', 1, 2, '', '', '', '2025-07-19', '19', '07', '2025', 0, '', '', '', '', '', '', '', '', '', '', '', '', '', '', '', '', '', '', NULL, '', '', '', 'Siswa Baru', '', '', '', NULL, '', 'Ya'),
(339, '0345', '0081377214', 'IRENIA BEWA KEDANG', 'Flores Timur 325', '2015-07-21', 2, 2, '', '', '', '2025-07-19', '19', '07', '2025', 0, '', '', '', '', '', '', '', '', '', '', '', '', '', '', '', '', '', '', NULL, '', '', '', 'Siswa Baru', '', '', '', NULL, '', 'Ya'),
(340, '0346', '0091710502', 'PASKALIS RATU MUDA', 'Flores Timur 326', '2015-07-21', 1, 2, '', '', '', '2025-07-19', '19', '07', '2025', 0, '', '', '', '', '', '', '', '', '', '', '', '', '', '', '', '', '', '', NULL, '', '', '', 'Siswa Baru', '', '', '', NULL, '', 'Ya'),
(341, '0347', '0088715864', 'NOBERTUS SUBAN DANIBAO', 'Flores Timur 327', '2015-07-21', 1, 2, '', '', '', '2025-07-19', '19', '07', '2025', 0, '', '', '', '', '', '', '', '', '', '', '', '', '', '', '', '', '', '', NULL, '', '', '', 'Siswa Baru', '', '', '', NULL, '', 'Ya'),
(342, '0348', '0091485280', 'MARIA GABRIELA UTO KAYAN', 'Flores Timur 328', '2015-07-21', 2, 2, '', '', '', '2025-07-19', '19', '07', '2025', 0, '', '', '', '', '', '', '', '', '', '', '', '', '', '', '', '', '', '', NULL, '', '', '', 'Siswa Baru', '', '', '', NULL, '', 'Ya'),
(343, '0349', '0097091999', 'VERONIKA YULIANA TUTO MAKIN', 'Flores Timur 329', '2015-07-21', 2, 2, '', '', '', '2025-07-19', '19', '07', '2025', 0, '', '', '', '', '', '', '', '', '', '', '', '', '', '', '', '', '', '', NULL, '', '', '', 'Siswa Baru', '', '', '', NULL, '', 'Ya'),
(344, '0350', '3068065097', 'AYU LESTARI', 'Flores Timur 330', '2015-07-21', 2, 1, '', '', '', '2025-07-19', '19', '07', '2025', 0, '', '', '', '', '', '', '', '', '', '', '', '', '', '', '', '', '', '', NULL, '', '', '', 'Siswa Baru', '', '', '', NULL, '', 'Ya'),
(345, '0351', '0097419466', 'FIRMANTO PENIAMA ROYA KEDANG', 'Flores Timur 331', '2015-07-21', 1, 2, '', '', '', '2025-07-19', '19', '07', '2025', 0, '', '', '', '', '', '', '', '', '', '', '', '', '', '', '', '', '', '', NULL, '', '', '', 'Siswa Baru', '', '', '', NULL, '', 'Ya'),
(346, '0352', '0088750285', 'YOAKIM KENENG KOLIN', 'Flores Timur 332', '2015-07-21', 1, 2, '', '', '', '2025-07-19', '19', '07', '2025', 0, '', '', '', '', '', '', '', '', '', '', '', '', '', '', '', '', '', '', NULL, '', '', '', 'Siswa Baru', '', '', '', NULL, '', 'Ya'),
(347, '0353', '0105541423', 'ANTONIA RAIMANDA OSE MUDA', 'Flores Timur 333', '2015-07-21', 2, 2, '', '', '', '2025-07-19', '19', '07', '2025', 0, '', '', '', '', '', '', '', '', '', '', '', '', '', '', '', '', '', '', NULL, '', '', '', 'Siswa Baru', '', '', '', NULL, '', 'Ya'),
(348, '0354', '0084114536', 'ANGELA MARICI MOTI DOREN', 'Flores Timur 334', '2015-07-21', 2, 2, '', '', '', '2025-07-19', '19', '07', '2025', 0, '', '', '', '', '', '', '', '', '', '', '', '', '', '', '', '', '', '', NULL, '', '', '', 'Siswa Baru', '', '', '', NULL, '', 'Ya'),
(349, '0355', '3093523451', 'ADI ARIFIN ABDULLAH', 'Flores Timur 335', '2015-07-21', 1, 1, '', '', '', '2025-07-19', '19', '07', '2025', 0, '', '', '', '', '', '', '', '', '', '', '', '', '', '', '', '', '', '', NULL, '', '', '', 'Siswa Baru', '', '', '', NULL, '', 'Ya'),
(350, '0356', '3084475934', 'SARIFUDDIN BETAWI', 'Flores Timur 336', '2015-07-21', 1, 1, '', '', '', '2025-07-19', '19', '07', '2025', 0, '', '', '', '', '', '', '', '', '', '', '', '', '', '', '', '', '', '', NULL, '', '', '', 'Siswa Baru', '', '', '', NULL, '', 'Ya'),
(351, '0357', '0094930877', 'ARNOLDUS NUBA', 'Flores Timur 337', '2015-07-21', 1, 2, '', '', '', '2025-07-19', '19', '07', '2025', 0, '', '', '', '', '', '', '', '', '', '', '', '', '', '', '', '', '', '', NULL, '', '', '', 'Siswa Baru', '', '', '', NULL, '', 'Ya'),
(352, '0358', '0082628806', 'YURINUS WENGER BULOR', 'Flores Timur 338', '2015-07-21', 1, 2, '', '', '', '2025-07-19', '19', '07', '2025', 0, '', '', '', '', '', '', '', '', '', '', '', '', '', '', '', '', '', '', NULL, '', '', '', 'Siswa Baru', '', '', '', NULL, '', 'Ya'),
(353, '0359', '0083805410', 'SHITI AYUNI', 'Flores Timur 339', '2015-07-21', 2, 1, '', '', '', '2025-07-19', '19', '07', '2025', 0, '', '', '', '', '', '', '', '', '', '', '', '', '', '', '', '', '', '', NULL, '', '', '', 'Siswa Baru', '', '', '', NULL, '', 'Ya'),
(354, '0360', '0093216005', 'AMELIA EMA LAGADONI', 'Flores Timur 340', '2015-07-21', 2, 2, '', '', '', '2025-07-19', '19', '07', '2025', 0, '', '', '', '', '', '', '', '', '', '', '', '', '', '', '', '', '', '', NULL, '', '', '', 'Siswa Baru', '', '', '', NULL, '', 'Ya'),
(355, '0361', '0096524516', 'SAVERIUS KEWA AMA MADO', 'Flores Timur 341', '2015-07-21', 1, 2, '', '', '', '2025-07-19', '19', '07', '2025', 0, '', '', '', '', '', '', '', '', '', '', '', '', '', '', '', '', '', '', NULL, '', '', '', 'Siswa Baru', '', '', '', NULL, '', 'Ya'),
(356, '0362', '0108503427', 'FAIZAL RAMADHAN', 'Flores Timur 342', '2015-07-21', 1, 1, '', '', '', '2025-07-19', '19', '07', '2025', 0, '', '', '', '', '', '', '', '', '', '', '', '', '', '', '', '', '', '', NULL, '', '', '', 'Siswa Baru', '', '', '', NULL, '', 'Ya'),
(357, '0363', '103642394', 'RESTU ADITIA PRATAMA', 'Flores Timur 343', '2015-07-21', 1, 1, '', '', '', '2025-07-19', '19', '07', '2025', 0, '', '', '', '', '', '', '', '', '', '', '', '', '', '', '', '', '', '', NULL, '', '', '', 'Siswa Baru', '', '', '', NULL, '', 'Ya'),
(358, '0364', '0105977538', 'BERNADETE S.KIDI ATULOLON', 'Flores Timur 344', '2015-07-21', 2, 2, '', '', '', '2025-07-19', '19', '07', '2025', 0, '', '', '', '', '', '', '', '', '', '', '', '', '', '', '', '', '', '', NULL, '', '', '', 'Siswa Baru', '', '', '', NULL, '', 'Ya'),
(359, '0365', '0108918572', 'ALBERTINO B ARA KIAN', 'Flores Timur 345', '2015-07-21', 1, 2, '', '', '', '2025-07-19', '19', '07', '2025', 0, '', '', '', '', '', '', '', '', '', '', '', '', '', '', '', '', '', '', NULL, '', '', '', 'Siswa Baru', '', '', '', NULL, '', 'Ya'),
(360, '0366', '0093037370', 'PAULINA ANGGUN SURAT', 'Flores Timur 346', '2015-07-21', 2, 2, '', '', '', '2025-07-19', '19', '07', '2025', 0, '', '', '', '', '', '', '', '', '', '', '', '', '', '', '', '', '', '', NULL, '', '', '', 'Siswa Baru', '', '', '', NULL, '', 'Ya'),
(361, '0367', '0098702359', 'MARIA MEILIAN INA ABON', 'Flores Timur 347', '2015-07-21', 2, 2, '', '', '', '2025-07-19', '19', '07', '2025', 0, '', '', '', '', '', '', '', '', '', '', '', '', '', '', '', '', '', '', NULL, '', '', '', 'Siswa Baru', '', '', '', NULL, '', 'Ya'),
(362, '0368', '0101692649', 'HELENA LIPA BOLI ONGLOLOLON', 'Flores Timur 348', '2015-07-21', 2, 2, '', '', '', '2025-07-19', '19', '07', '2025', 0, '', '', '', '', '', '', '', '', '', '', '', '', '', '', '', '', '', '', NULL, '', '', '', 'Siswa Baru', '', '', '', NULL, '', 'Ya');
INSERT INTO `siswa` (`id_siswa`, `nis`, `nisn`, `nama_siswa`, `tempat_lahir`, `tanggal_lahir`, `kelamin`, `agama`, `alamat`, `kontak`, `email`, `terima_tanggal`, `terima_tgl`, `terima_bulan`, `terima_tahun`, `terima_kelas`, `sekolah_asal`, `jumlah_bersaudara`, `anak_ke`, `jenis_hubungan_keluarga`, `nama_ayah`, `nama_ibu`, `pekerjaan_ayah`, `pekerjaan_ibu`, `kontak_orang_tua`, `alamat_orang_tua`, `nama_wali`, `pekerjaan_wali`, `kontak_wali`, `alamat_wali`, `username`, `pass`, `password`, `kode_keluar`, `tanggal_keluar`, `keluar_tanggal`, `keluar_bulan`, `keluar_tahun`, `status_siswa`, `alasan_keluar`, `sekolah_tujuan`, `nomor_surat_rekomendasi`, `tanggal_surat_rekomendasi`, `kelas_program`, `keaktifan`) VALUES
(363, '0369', '0093499008', 'THERESIA DATE PAJI', 'Flores Timur 349', '2015-07-21', 2, 2, '', '', '', '2025-07-19', '19', '07', '2025', 0, '', '', '', '', '', '', '', '', '', '', '', '', '', '', '', '', '', '', NULL, '', '', '', 'Siswa Baru', '', '', '', NULL, '', 'Ya'),
(364, '0370', '0096630680', 'ELISABETH DERAN PAYON ATULOLON', 'Flores Timur 350', '2015-07-21', 2, 2, '', '', '', '2025-07-19', '19', '07', '2025', 0, '', '', '', '', '', '', '', '', '', '', '', '', '', '', '', '', '', '', NULL, '', '', '', 'Siswa Baru', '', '', '', NULL, '', 'Ya'),
(365, '0371', '0109461968', 'MICHAEL RADIT SANGA SAMON', 'Flores Timur 351', '2015-07-21', 1, 2, '', '', '', '2025-07-19', '19', '07', '2025', 0, '', '', '', '', '', '', '', '', '', '', '', '', '', '', '', '', '', '', NULL, '', '', '', 'Siswa Baru', '', '', '', NULL, '', 'Ya'),
(366, '0372', '0097170235', 'AURELIA DATE PAJI', 'Flores Timur 352', '2015-07-21', 2, 2, '', '', '', '2025-07-19', '19', '07', '2025', 0, '', '', '', '', '', '', '', '', '', '', '', '', '', '', '', '', '', '', NULL, '', '', '', 'Siswa Baru', '', '', '', NULL, '', 'Ya'),
(367, '0373', '0085840241', 'FABIATUS MASAN TUPEN', 'Flores Timur 353', '2015-07-21', 1, 2, '', '', '', '2025-07-19', '19', '07', '2025', 0, '', '', '', '', '', '', '', '', '', '', '', '', '', '', '', '', '', '', NULL, '', '', '', 'Siswa Baru', '', '', '', NULL, '', 'Ya'),
(368, '0374', '0095114126', 'CAROLINA ZASKIA BENGA PAYON', 'Flores Timur 354', '2015-07-21', 2, 2, '', '', '', '2025-07-19', '19', '07', '2025', 0, '', '', '', '', '', '', '', '', '', '', '', '', '', '', '', '', '', '', NULL, '', '', '', 'Siswa Baru', '', '', '', NULL, '', 'Ya'),
(369, '0375', '0076537853', 'MARIA NOVITA WONI MOLAN', 'Flores Timur 355', '2015-07-21', 2, 2, '', '', '', '2025-07-19', '19', '07', '2025', 0, '', '', '', '', '', '', '', '', '', '', '', '', '', '', '', '', '', '', NULL, '', '', '', 'Siswa Baru', '', '', '', NULL, '', 'Ya'),
(370, '0376', '0095079488', 'PAULUS SILAS LIKO KOLIN', 'Flores Timur 356', '2015-07-21', 1, 2, '', '', '', '2025-07-19', '19', '07', '2025', 0, '', '', '', '', '', '', '', '', '', '', '', '', '', '', '', '', '', '', NULL, '', '', '', 'Siswa Baru', '', '', '', NULL, '', 'Ya'),
(371, '0377', '0101657654', 'MARSELINUS B. MANGU PUTRA', 'Flores Timur 357', '2015-07-21', 1, 2, '', '', '', '2025-07-19', '19', '07', '2025', 0, '', '', '', '', '', '', '', '', '', '', '', '', '', '', '', '', '', '', NULL, '', '', '', 'Siswa Baru', '', '', '', NULL, '', 'Ya'),
(372, '0378', '0079066089', 'RAFAEL MADO DANIBAO', 'Flores Timur 358', '2015-07-21', 1, 2, '', '', '', '2025-07-19', '19', '07', '2025', 0, '', '', '', '', '', '', '', '', '', '', '', '', '', '', '', '', '', '', NULL, '', '', '', 'Siswa Baru', '', '', '', NULL, '', 'Ya'),
(373, '0379', '0098696947', 'RIA ABDUL WAHID', 'Flores Timur 359', '2015-07-21', 2, 1, '', '', '', '2025-07-19', '19', '07', '2025', 0, '', '', '', '', '', '', '', '', '', '', '', '', '', '', '', '', '', '', NULL, '', '', '', 'Siswa Baru', '', '', '', NULL, '', 'Ya'),
(374, '0380', '0049463655', 'MARIA KENE LEBAO', 'Flores Timur 360', '2015-07-21', 2, 2, '', '', '', '2025-07-19', '19', '07', '2025', 0, '', '', '', '', '', '', '', '', '', '', '', '', '', '', '', '', '', '', NULL, '', '', '', 'Siswa Baru', '', '', '', NULL, '', 'Ya'),
(375, '0381', '0109926175', 'REYNALDA FONATA BAHI', 'Flores Timur 361', '2015-07-21', 2, 2, '', '', '', '2025-07-19', '19', '07', '2025', 0, '', '', '', '', '', '', '', '', '', '', '', '', '', '', '', '', '', '', NULL, '', '', '', 'Siswa Baru', '', '', '', NULL, '', 'Ya'),
(376, '0382', '0087218691', 'ROBERTUS SUBAN ARIANA', 'Flores Timur 362', '2015-07-21', 2, 2, '', '', '', '2025-07-19', '19', '07', '2025', 0, '', '', '', '', '', '', '', '', '', '', '', '', '', '', '', '', '', '', NULL, '', '', '', 'Siswa Baru', '', '', '', NULL, '', 'Ya'),
(377, '0383', '0098755885', 'NIKOLAUS ASAN LAGA', 'Flores Timur 363', '2015-07-21', 1, 2, '', '', '', '2025-07-19', '19', '07', '2025', 0, '', '', '', '', '', '', '', '', '', '', '', '', '', '', '', '', '', '', NULL, '', '', '', 'Siswa Baru', '', '', '', NULL, '', 'Ya'),
(378, '0384', '0098812654', 'YOSEVINA SURAT GELEKA', 'Flores Timur 364', '2015-07-21', 2, 2, '', '', '', '2025-07-19', '19', '07', '2025', 0, '', '', '', '', '', '', '', '', '', '', '', '', '', '', '', '', '', '', NULL, '', '', '', 'Siswa Baru', '', '', '', NULL, '', 'Ya'),
(379, '0385', '0104767375', 'BENEDIKTA KRISTINA KEWA SOGE', 'Flores Timur 365', '2015-07-21', 2, 2, '', '', '', '2025-07-19', '19', '07', '2025', 0, '', '', '', '', '', '', '', '', '', '', '', '', '', '', '', '', '', '', NULL, '', '', '', 'Siswa Baru', '', '', '', NULL, '', 'Ya'),
(380, '0386', '0101749013', 'MARIA GRACIA KEWA MARAN', 'Flores Timur 366', '2015-07-21', 2, 2, '', '', '', '2025-07-19', '19', '07', '2025', 0, '', '', '', '', '', '', '', '', '', '', '', '', '', '', '', '', '', '', NULL, '', '', '', 'Siswa Baru', '', '', '', NULL, '', 'Ya'),
(381, '0387', '0073440176', 'DOMINIKUS BOLI NARA', 'Flores Timur 367', '2015-07-21', 1, 2, '', '', '', '2025-07-19', '19', '07', '2025', 0, '', '', '', '', '', '', '', '', '', '', '', '', '', '', '', '', '', '', NULL, '', '', '', 'Siswa Baru', '', '', '', NULL, '', 'Ya'),
(382, '0388', '0097454676', 'MARIA DEVITA SOMI', 'Flores Timur 368', '2015-07-21', 2, 2, '', '', '', '2025-07-19', '19', '07', '2025', 0, '', '', '', '', '', '', '', '', '', '', '', '', '', '', '', '', '', '', NULL, '', '', '', 'Siswa Baru', '', '', '', NULL, '', 'Ya'),
(383, '0389', '0099447414', 'FIKRIANO KOPONG', 'Flores Timur 369', '2015-07-21', 1, 2, '', '', '', '2025-07-19', '19', '07', '2025', 0, '', '', '', '', '', '', '', '', '', '', '', '', '', '', '', '', '', '', NULL, '', '', '', 'Siswa Baru', '', '', '', NULL, '', 'Ya'),
(384, '0390', '0092621217', 'VERONIKA MARIANA INA NIRAN', 'Flores Timur 370', '2015-07-21', 2, 2, '', '', '', '2025-07-19', '19', '07', '2025', 0, '', '', '', '', '', '', '', '', '', '', '', '', '', '', '', '', '', '', NULL, '', '', '', 'Siswa Baru', '', '', '', NULL, '', 'Ya'),
(385, '0391', '0084675658', 'PETRUS OLA KOREN', 'Flores Timur 371', '2015-07-21', 1, 2, '', '', '', '2025-07-19', '19', '07', '2025', 0, '', '', '', '', '', '', '', '', '', '', '', '', '', '', '', '', '', '', NULL, '', '', '', 'Siswa Baru', '', '', '', NULL, '', 'Ya'),
(386, '0392', '0022541249', 'NOVITA MAWAR', 'Flores Timur 372', '2015-07-21', 2, 2, '', '', '', '2025-07-19', '19', '07', '2025', 0, '', '', '', '', '', '', '', '', '', '', '', '', '', '', '', '', '', '', NULL, '', '', '', 'Siswa Baru', '', '', '', NULL, '', 'Ya'),
(387, '0393', '0093071242', 'ADRIANUS ARAKIAN LEIN', 'Flores Timur 373', '2015-07-21', 1, 2, '', '', '', '2025-07-19', '19', '07', '2025', 0, '', '', '', '', '', '', '', '', '', '', '', '', '', '', '', '', '', '', NULL, '', '', '', 'Siswa Baru', '', '', '', NULL, '', 'Ya'),
(388, '0394', '0095912861', 'MUHAMAD SULTANNUL SALAM', 'Flores Timur 374', '2015-07-21', 1, 2, '', '', '', '2025-07-19', '19', '07', '2025', 0, '', '', '', '', '', '', '', '', '', '', '', '', '', '', '', '', '', '', NULL, '', '', '', 'Siswa Baru', '', '', '', NULL, '', 'Ya'),
(389, '0395', '0092857262', 'JOSEPH RAVAEL', 'Flores Timur 375', '2015-07-21', 1, 2, '', '', '', '2025-07-19', '19', '07', '2025', 0, '', '', '', '', '', '', '', '', '', '', '', '', '', '', '', '', '', '', NULL, '', '', '', 'Siswa Baru', '', '', '', NULL, '', 'Ya'),
(390, '0396', '0105983162', 'GUARIMUS SELI SODI LAMALELANG', 'Flores Timur 376', '2015-07-21', 1, 2, '', '', '', '2025-07-19', '19', '07', '2025', 0, '', '', '', '', '', '', '', '', '', '', '', '', '', '', '', '', '', '', NULL, '', '', '', 'Siswa Baru', '', '', '', NULL, '', 'Ya'),
(391, '0397', '0095646106', 'YUSTICYA SOLO DEMON', 'Flores Timur 377', '2015-07-21', 2, 2, '', '', '', '2025-07-19', '19', '07', '2025', 0, '', '', '', '', '', '', '', '', '', '', '', '', '', '', '', '', '', '', NULL, '', '', '', 'Siswa Baru', '', '', '', NULL, '', 'Ya'),
(392, '0398', '0101200428', 'APRILIANA INA SEDON', 'Flores Timur 378', '2015-07-21', 2, 2, '', '', '', '2025-07-19', '19', '07', '2025', 0, '', '', '', '', '', '', '', '', '', '', '', '', '', '', '', '', '', '', NULL, '', '', '', 'Siswa Baru', '', '', '', NULL, '', 'Ya'),
(393, '0399', '0102366203', 'MARIA GIZZELA BETO PAJI', 'Flores Timur 379', '2015-07-21', 2, 2, '', '', '', '2025-07-19', '19', '07', '2025', 0, '', '', '', '', '', '', '', '', '', '', '', '', '', '', '', '', '', '', NULL, '', '', '', 'Siswa Baru', '', '', '', NULL, '', 'Ya'),
(394, '0400', '0092679484', 'INOSENSIUS OLA HUKO', 'Flores Timur 380', '2015-07-21', 1, 2, '', '', '', '2025-07-19', '19', '07', '2025', 0, '', '', '', '', '', '', '', '', '', '', '', '', '', '', '', '', '', '', NULL, '', '', '', 'Siswa Baru', '', '', '', NULL, '', 'Ya'),
(395, '0401', '0108374660', 'MARIA FATIMA UBA PATI', 'Flores Timur 381', '2015-07-21', 2, 2, '', '', '', '2025-07-19', '19', '07', '2025', 0, '', '', '', '', '', '', '', '', '', '', '', '', '', '', '', '', '', '', NULL, '', '', '', 'Siswa Baru', '', '', '', NULL, '', 'Ya'),
(396, '0402', '0099518570', 'MARIA FRANSISKA KEBELUN', 'Flores Timur 382', '2015-07-21', 2, 2, '', '', '', '2025-07-19', '19', '07', '2025', 0, '', '', '', '', '', '', '', '', '', '', '', '', '', '', '', '', '', '', NULL, '', '', '', 'Siswa Baru', '', '', '', NULL, '', 'Ya'),
(397, '0403', '0105874015', 'BONIFASIUS HOGA OLA', 'Flores Timur 383', '2015-07-21', 1, 2, '', '', '', '2025-07-19', '19', '07', '2025', 0, '', '', '', '', '', '', '', '', '', '', '', '', '', '', '', '', '', '', NULL, '', '', '', 'Siswa Baru', '', '', '', NULL, '', 'Ya'),
(398, '0404', '0107440400', 'ANTONIUS GEDE PAYONG', 'Flores Timur 384', '2015-07-21', 1, 2, '', '', '', '2025-07-19', '19', '07', '2025', 0, '', '', '', '', '', '', '', '', '', '', '', '', '', '', '', '', '', '', NULL, '', '', '', 'Siswa Baru', '', '', '', NULL, '', 'Ya'),
(399, '0405', '0093299610', 'ATANASIUS GORAN BEDA', 'Flores Timur 385', '2015-07-21', 1, 2, '', '', '', '2025-07-19', '19', '07', '2025', 0, '', '', '', '', '', '', '', '', '', '', '', '', '', '', '', '', '', '', NULL, '', '', '', 'Siswa Baru', '', '', '', NULL, '', 'Ya'),
(400, '0406', '310822318', 'RABIATUL ADAWIYAH', 'Flores Timur 386', '2015-07-21', 2, 1, '', '', '', '2025-07-19', '19', '07', '2025', 0, '', '', '', '', '', '', '', '', '', '', '', '', '', '', '', '', '', '', NULL, '', '', '', 'Siswa Baru', '', '', '', NULL, '', 'Ya'),
(401, '0407', '3102267652', 'NURJANAH HANAFI', 'Flores Timur 387', '2015-07-21', 2, 1, '', '', '', '2025-07-19', '19', '07', '2025', 0, '', '', '', '', '', '', '', '', '', '', '', '', '', '', '', '', '', '', NULL, '', '', '', 'Siswa Baru', '', '', '', NULL, '', 'Ya'),
(402, '0408', '3088339271', 'PETRUS KEWAE HENA', 'Flores Timur 388', '2015-07-21', 1, 2, '', '', '', '2025-07-19', '19', '07', '2025', 0, '', '', '', '', '', '', '', '', '', '', '', '', '', '', '', '', '', '', NULL, '', '', '', 'Siswa Baru', '', '', '', NULL, '', 'Ya'),
(403, '0409', '0112846702', 'VALENTINE HAPPY LAMATWELU', 'Flores Timur 389', '2015-07-21', 2, 2, '', '', '', '2025-07-19', '19', '07', '2025', 0, '', '', '', '', '', '', '', '', '', '', '', '', '', '', '', '', '', '', NULL, '', '', '', 'Siswa Baru', '', '', '', NULL, '', 'Ya'),
(404, '0410', '0096690975', 'ALEXANDRA DEWI PENI SILI', 'Flores Timur 390', '2015-07-21', 2, 2, '', '', '', '2025-07-19', '19', '07', '2025', 0, '', '', '', '', '', '', '', '', '', '', '', '', '', '', '', '', '', '', NULL, '', '', '', 'Siswa Baru', '', '', '', NULL, '', 'Ya'),
(405, '0411', '3095765160', 'ALHASIM LEBU RAYA', 'Flores Timur 391', '2015-07-21', 1, 1, '', '', '', '2025-07-19', '19', '07', '2025', 0, '', '', '', '', '', '', '', '', '', '', '', '', '', '', '', '', '', '', NULL, '', '', '', 'Siswa Baru', '', '', '', NULL, '', 'Ya'),
(406, '0412', '0103742628', 'MARGARETHA ANU SARI', 'Flores Timur 392', '2015-07-21', 2, 2, '', '', '', '2025-07-19', '19', '07', '2025', 0, '', '', '', '', '', '', '', '', '', '', '', '', '', '', '', '', '', '', NULL, '', '', '', 'Siswa Baru', '', '', '', NULL, '', 'Ya'),
(407, '0413', '0094968808', 'HENDRINA JENINA GO FATIN', 'Flores Timur 393', '2015-07-21', 2, 2, '', '', '', '2025-07-19', '19', '07', '2025', 0, '', '', '', '', '', '', '', '', '', '', '', '', '', '', '', '', '', '', NULL, '', '', '', 'Siswa Baru', '', '', '', NULL, '', 'Ya'),
(408, '0414', '0097566400', 'GRADUS MASAN KOLIN', 'Flores Timur 394', '2015-07-21', 1, 2, '', '', '', '2025-07-19', '19', '07', '2025', 0, '', '', '', '', '', '', '', '', '', '', '', '', '', '', '', '', '', '', NULL, '', '', '', 'Siswa Baru', '', '', '', NULL, '', 'Ya'),
(409, '0415', '0106665794', 'FADILRIUS RAYA NAREK', 'Flores Timur 395', '2015-07-21', 1, 2, '', '', '', '2025-07-19', '19', '07', '2025', 0, '', '', '', '', '', '', '', '', '', '', '', '', '', '', '', '', '', '', NULL, '', '', '', 'Siswa Baru', '', '', '', NULL, '', 'Ya'),
(410, '0416', '0089733512', 'DIFENSIUS AMA KAYAN', 'Flores Timur 396', '2015-07-21', 1, 2, '', '', '', '2025-07-19', '19', '07', '2025', 0, '', '', '', '', '', '', '', '', '', '', '', '', '', '', '', '', '', '', NULL, '', '', '', 'Siswa Baru', '', '', '', NULL, '', 'Ya'),
(411, '0417', '0104821059', 'KAROLINA INA KAYAN', 'Flores Timur 397', '2015-07-21', 2, 2, '', '', '', '2025-07-19', '19', '07', '2025', 0, '', '', '', '', '', '', '', '', '', '', '', '', '', '', '', '', '', '', NULL, '', '', '', 'Siswa Baru', '', '', '', NULL, '', 'Ya'),
(412, '0418', '0074655995', 'TARSISIUS SURAT KAYAN', 'Flores Timur 398', '2015-07-21', 1, 2, '', '', '', '2025-07-19', '19', '07', '2025', 0, '', '', '', '', '', '', '', '', '', '', '', '', '', '', '', '', '', '', NULL, '', '', '', 'Siswa Baru', '', '', '', NULL, '', 'Ya'),
(413, '0419', '0088545369', 'STEFANUS KOPONG NAREK', 'Flores Timur 399', '2015-07-21', 1, 2, '', '', '', '2025-07-19', '19', '07', '2025', 0, '', '', '', '', '', '', '', '', '', '', '', '', '', '', '', '', '', '', NULL, '', '', '', 'Siswa Baru', '', '', '', NULL, '', 'Ya'),
(414, '0420', '0076178168', 'YORINUS SENGAJI DANIBAO', 'Flores Timur 400', '2015-07-21', 1, 2, '', '', '', '2025-07-19', '19', '07', '2025', 0, '', '', '', '', '', '', '', '', '', '', '', '', '', '', '', '', '', '', NULL, '', '', '', 'Siswa Baru', '', '', '', NULL, '', 'Ya'),
(415, '0421', '0099306926', 'LAMBERTUS MAKIN DANIBAO', 'Flores Timur 401', '2015-07-21', 1, 2, '', '', '', '2025-07-19', '19', '07', '2025', 0, '', '', '', '', '', '', '', '', '', '', '', '', '', '', '', '', '', '', NULL, '', '', '', 'Siswa Baru', '', '', '', NULL, '', 'Ya'),
(416, '0422', '0091187912', 'GREGORIUS REHAN HARIONA', 'Flores Timur 402', '2015-07-21', 2, 2, '', '', '', '2025-07-19', '19', '07', '2025', 0, '', '', '', '', '', '', '', '', '', '', '', '', '', '', '', '', '', '', NULL, '', '', '', '', '', '', '', NULL, '', ''),
(417, '0937', '0003617189', 'Contoh Mutasi Masuk 4', 'Lahad Datu', '2015-03-02', 1, 0, '', '', '', NULL, '', '', '', 0, 'SMA Negeri 1 Adonara Timur', '', '', '', '', '', '', '', '', '', '', '', '', '', '', '', '', '', NULL, '', '', '', 'Pindah Masuk', '', '', '', NULL, 'Ilmu-ilmu Sosial (IIS)', 'Tidak');

-- --------------------------------------------------------

--
-- Struktur dari tabel `siswa_eskul`
--

CREATE TABLE `siswa_eskul` (
  `id_siswa_eskul` int(10) NOT NULL,
  `periode` int(10) NOT NULL,
  `id_eskul` int(10) NOT NULL,
  `id_siswa` int(10) NOT NULL
) ENGINE=InnoDB DEFAULT CHARSET=utf8mb4;

-- --------------------------------------------------------

--
-- Struktur dari tabel `siswa_kelas`
--

CREATE TABLE `siswa_kelas` (
  `id_siswa_kelas` int(10) NOT NULL,
  `periode` int(10) NOT NULL,
  `kelas` int(10) NOT NULL,
  `tingkat` int(10) NOT NULL,
  `program_jurusan` int(10) NOT NULL,
  `id_siswa` int(10) NOT NULL
) ENGINE=InnoDB DEFAULT CHARSET=utf8mb4;

--
-- Dumping data untuk tabel `siswa_kelas`
--

INSERT INTO `siswa_kelas` (`id_siswa_kelas`, `periode`, `kelas`, `tingkat`, `program_jurusan`, `id_siswa`) VALUES
(4, 3, 1, 1, 1, 1),
(5, 3, 1, 1, 1, 10),
(6, 3, 1, 1, 1, 3),
(7, 3, 1, 1, 1, 6),
(8, 3, 1, 1, 1, 8),
(9, 3, 2, 1, 1, 11),
(10, 3, 2, 1, 1, 2),
(11, 3, 2, 1, 1, 5),
(12, 3, 3, 2, 1, 12),
(13, 3, 3, 2, 1, 4),
(16, 3, 4, 3, 1, 7),
(17, 3, 4, 3, 1, 9),
(18, 3, 4, 3, 1, 14),
(19, 3, 1, 1, 1, 20),
(20, 3, 1, 1, 1, 283),
(21, 3, 1, 1, 1, 102),
(22, 3, 1, 1, 1, 69),
(23, 3, 1, 1, 1, 22),
(24, 3, 1, 1, 1, 251),
(25, 3, 1, 1, 1, 354),
(26, 3, 2, 1, 1, 31),
(27, 3, 2, 1, 1, 387),
(28, 3, 2, 1, 1, 116),
(29, 3, 2, 1, 1, 148),
(30, 3, 2, 1, 1, 190),
(31, 3, 2, 1, 1, 195),
(32, 3, 2, 1, 1, 398),
(33, 3, 2, 1, 1, 392),
(34, 3, 2, 1, 1, 166),
(35, 3, 2, 1, 1, 397),
(36, 3, 2, 1, 1, 241),
(37, 3, 2, 1, 1, 68),
(38, 3, 2, 1, 1, 184),
(39, 3, 2, 1, 1, 97),
(40, 3, 2, 1, 1, 191),
(41, 3, 2, 1, 1, 274),
(42, 3, 2, 1, 1, 170),
(43, 3, 2, 1, 1, 348),
(44, 3, 2, 1, 1, 208),
(45, 3, 2, 1, 1, 143),
(46, 3, 2, 1, 1, 98),
(47, 3, 2, 1, 1, 214),
(48, 3, 2, 1, 1, 291),
(49, 3, 2, 1, 1, 133),
(50, 3, 3, 2, 1, 244),
(51, 3, 3, 2, 1, 349),
(52, 3, 3, 2, 1, 66),
(53, 3, 3, 2, 1, 404),
(54, 3, 3, 2, 1, 104),
(55, 3, 3, 2, 1, 224),
(56, 3, 3, 2, 1, 183),
(57, 3, 3, 2, 1, 270),
(58, 3, 3, 2, 1, 347),
(59, 3, 3, 2, 1, 105),
(60, 3, 3, 2, 1, 351),
(61, 3, 3, 2, 1, 156),
(62, 3, 3, 2, 1, 321),
(63, 3, 3, 2, 1, 379),
(64, 3, 3, 2, 1, 358),
(65, 3, 3, 2, 1, 330),
(66, 3, 4, 3, 1, 19),
(67, 3, 4, 3, 1, 407),
(68, 3, 4, 3, 1, 157),
(69, 3, 4, 3, 1, 394),
(70, 3, 1, 1, 1, 227),
(71, 3, 1, 1, 1, 405),
(72, 3, 1, 1, 1, 236),
(73, 3, 1, 1, 1, 211),
(74, 3, 1, 1, 1, 194),
(75, 3, 1, 1, 1, 344),
(76, 3, 1, 1, 1, 152),
(77, 3, 1, 1, 1, 306),
(78, 3, 1, 1, 1, 175),
(79, 3, 1, 1, 1, 381),
(80, 3, 1, 1, 1, 364),
(81, 3, 1, 1, 1, 223),
(82, 3, 1, 1, 1, 226),
(83, 3, 1, 1, 1, 167),
(84, 3, 1, 1, 1, 196),
(85, 3, 1, 1, 1, 345),
(86, 3, 1, 1, 1, 64),
(87, 3, 1, 1, 1, 309),
(88, 3, 1, 1, 1, 373),
(89, 3, 1, 1, 1, 67),
(90, 3, 1, 1, 1, 127),
(91, 3, 2, 1, 1, 310),
(92, 3, 2, 1, 1, 267),
(93, 3, 2, 1, 1, 384),
(94, 3, 2, 1, 1, 41),
(95, 3, 2, 1, 1, 42),
(96, 3, 2, 1, 1, 37),
(97, 3, 2, 1, 1, 136),
(98, 3, 3, 2, 1, 172),
(99, 3, 3, 2, 1, 324),
(100, 3, 3, 2, 1, 285),
(101, 3, 3, 2, 1, 271),
(102, 3, 3, 2, 1, 234),
(103, 3, 3, 2, 1, 168),
(104, 3, 3, 2, 1, 192),
(105, 3, 3, 2, 1, 252),
(106, 3, 3, 2, 1, 268),
(107, 3, 3, 2, 1, 402),
(108, 3, 3, 2, 1, 197),
(109, 3, 3, 2, 1, 177),
(110, 3, 3, 2, 1, 412),
(111, 3, 3, 2, 1, 250),
(112, 3, 3, 2, 1, 158),
(113, 3, 3, 2, 1, 284),
(114, 3, 3, 2, 1, 327),
(115, 3, 3, 2, 1, 352),
(116, 3, 4, 3, 1, 333),
(117, 3, 4, 3, 1, 395),
(118, 3, 4, 3, 1, 25),
(119, 3, 4, 3, 1, 39),
(120, 3, 4, 3, 1, 33),
(121, 3, 4, 3, 1, 371),
(122, 3, 4, 3, 1, 253),
(123, 3, 4, 3, 1, 206),
(124, 3, 4, 3, 1, 200),
(125, 3, 4, 3, 1, 23),
(126, 3, 4, 3, 1, 233),
(127, 3, 4, 3, 1, 142),
(128, 3, 4, 3, 1, 357),
(129, 3, 4, 3, 1, 355),
(130, 3, 4, 3, 1, 80),
(131, 3, 4, 3, 1, 76),
(132, 3, 4, 3, 1, 153),
(133, 3, 4, 3, 1, 180),
(134, 3, 4, 3, 1, 141),
(135, 3, 4, 3, 1, 44),
(136, 3, 4, 3, 1, 128),
(137, 3, 4, 3, 1, 414),
(138, 3, 4, 3, 1, 292),
(139, 3, 4, 3, 1, 391),
(140, 3, 4, 3, 1, 255),
(141, 3, 4, 3, 1, 294),
(142, 3, 4, 3, 1, 17),
(143, 3, 4, 3, 1, 275),
(144, 3, 4, 3, 1, 304),
(145, 3, 4, 3, 1, 159),
(146, 3, 4, 3, 1, 40),
(147, 3, 4, 3, 1, 339),
(148, 3, 4, 3, 1, 257),
(149, 3, 4, 3, 1, 147),
(150, 3, 4, 3, 1, 179),
(151, 3, 5, 2, 1, 151),
(152, 3, 5, 2, 1, 163),
(153, 3, 5, 2, 1, 260),
(154, 3, 5, 2, 1, 75),
(155, 3, 5, 2, 1, 409),
(156, 3, 5, 2, 1, 91),
(157, 3, 5, 2, 1, 36),
(158, 3, 5, 2, 1, 390),
(159, 3, 5, 2, 1, 212),
(160, 3, 5, 2, 1, 315),
(161, 3, 5, 2, 1, 202),
(162, 3, 5, 2, 1, 203),
(163, 3, 5, 2, 1, 302),
(164, 3, 5, 2, 1, 216),
(165, 3, 5, 2, 1, 111),
(166, 3, 5, 2, 1, 281),
(167, 3, 5, 2, 1, 361),
(168, 3, 5, 2, 1, 329),
(169, 3, 5, 2, 1, 15),
(170, 3, 5, 2, 1, 305),
(171, 3, 5, 2, 1, 150),
(172, 3, 5, 2, 1, 215),
(173, 3, 5, 2, 1, 235),
(174, 3, 5, 2, 1, 51),
(175, 3, 5, 2, 1, 338),
(176, 3, 5, 2, 1, 400),
(177, 3, 5, 2, 1, 213),
(178, 3, 5, 2, 1, 146),
(179, 3, 5, 2, 1, 107),
(180, 3, 5, 2, 1, 259),
(181, 3, 5, 2, 1, 363),
(182, 3, 5, 2, 1, 176),
(183, 3, 5, 2, 1, 378),
(184, 3, 5, 2, 1, 311);

-- --------------------------------------------------------

--
-- Struktur dari tabel `surat_keluar`
--

CREATE TABLE `surat_keluar` (
  `id_surat_keluar` int(10) NOT NULL,
  `periode` int(10) NOT NULL,
  `kode` text NOT NULL,
  `jenis_surat` int(10) NOT NULL,
  `nomor_surat` text NOT NULL,
  `tanggal_surat` date NOT NULL,
  `tanggal` text NOT NULL,
  `bulan` text NOT NULL,
  `tahun` text NOT NULL,
  `perihal` text NOT NULL,
  `lampiran` text NOT NULL,
  `kepada` text NOT NULL,
  `cq` text NOT NULL,
  `di_tempat` text NOT NULL,
  `keterangan` text NOT NULL,
  `isi_surat` text NOT NULL,
  `isi_surat_2` text NOT NULL,
  `penutup_surat` text NOT NULL,
  `tanggal_kegiatan` date DEFAULT NULL,
  `tempat_kegiatan` text NOT NULL,
  `waktu_kegiatan` text NOT NULL,
  `jumlah_hari_tugas` text NOT NULL,
  `perihal_penugasan` text NOT NULL,
  `tempat_penugasan` text NOT NULL,
  `transportasi_penugasan` text NOT NULL,
  `bulan_penugasan` text NOT NULL,
  `tanggal_mulai_penugasan` text NOT NULL,
  `tanggal_selesai_penugasan` text NOT NULL
) ENGINE=InnoDB DEFAULT CHARSET=utf8mb4;

--
-- Dumping data untuk tabel `surat_keluar`
--

INSERT INTO `surat_keluar` (`id_surat_keluar`, `periode`, `kode`, `jenis_surat`, `nomor_surat`, `tanggal_surat`, `tanggal`, `bulan`, `tahun`, `perihal`, `lampiran`, `kepada`, `cq`, `di_tempat`, `keterangan`, `isi_surat`, `isi_surat_2`, `penutup_surat`, `tanggal_kegiatan`, `tempat_kegiatan`, `waktu_kegiatan`, `jumlah_hari_tugas`, `perihal_penugasan`, `tempat_penugasan`, `transportasi_penugasan`, `bulan_penugasan`, `tanggal_mulai_penugasan`, `tanggal_selesai_penugasan`) VALUES
(1, 3, '380d8be0895e6d6081da07677e29406f', 6, '21', '2025-10-10', '10', '10', '2025', '', '', '', '', '', 'Surat Pindah An. 1', '', '', '', NULL, '', '', '', '', '', '', '', '', ''),
(2, 3, '931bbfbc7bcef93cc5310550c23194b6', 3, '37', '2025-10-11', '11', '10', '2025', '', '', '', '', '', 'Surat Tidak Mengeluarkan SKHUN An. Contoh 7', 'adalah Peserta Didik Lulusan SMK Negeri 1 Mandah  pada Tahun Pelajaran 2021 / 2022 yang tidak memiliki Sertifikat Hasil Ujian Nasional (SKHUN) karena hanya berlaku Ujian Sekolah Berbasis Android (USBA) yang diselenggarakan oleh Satuan Pendidikan SMK Negeri 1 Mandah.', '', 'Demikian surat keterangan ini dibuat dengan sebenarnya agar dapat dipergunakan sebagaimana mestinya.', NULL, '', '', '', '', '', '', '', '', ''),
(3, 3, '07f798e222450c54e437970c1916baf0', 8, '32', '2025-10-11', '11', '10', '2025', '', '', '', '', '', 'Surat Kelakuan Baik An. Contoh 7', 'Berdasarkan catatan dan pengamatan kami bahwa peserta didik tersebut berkelakuan baik dan tidak pernah mencemarkan nama baik sekolah serta tidak terlibat dalam pemakaian dan / atau pendistribusian Narkotika.', '', 'Demikian Surat Keterangan ini kami buat untuk dipergunakan sebagaimana mestinya.', NULL, '', '', '', '', '', '', '', '', ''),
(4, 3, 'aadb9441a7b207deaf700e6422a3f4f9', 2, '33', '2025-10-11', '11', '10', '2025', '', '', '', '', '', 'Surat Keterangan Tidak Pernah Dijatuhi Hukuman Disiplin An. Siti Rahmah', 'Selama menjadi Pegawai Negeri Sipil, yang bersangkutan tidak pernah dijatuhi hukuman disiplin tingkat sedang maupun berat.', '', 'Demikian Surat Keterangan ini saya buat dan diberikan kepada yang bersangkutan untuk dapat digunakan pada urusan selanjutnya.', NULL, '', '', '', '', '', '', '', '', ''),
(5, 3, '3b652440e90b2ad8c37d112aae49b656', 1, '35', '2025-10-11', '11', '10', '2025', '', '', 'Kepala Badan Keuangan Daerah Provinsi NTT', 'Kepala Bidang Perbendaharaan', 'Kupang', 'Berkas Usul Kenaikan Gaji Berkala Periode 01 Agutus 2025 Guru PNS an. Fatima Sulaiman, S.Ag.', 'Berkas Usul Kenaikan Gaji Berkala Periode 01 Agutus 2025 Guru PNS an. Fatima Sulaiman, S.Ag.', '', '1 (Satu) bundel', NULL, '', '', '', '', '', '', '', '', ''),
(6, 3, '5a36d5a888e6b362b62a9eba6d7826b8', 5, '36', '2025-10-11', '11', '10', '2025', 'Undangan Sosialisasi Program Pendampingan Seleksi Masuk TNI/Polri dan Sekolah-sekolah Kedinasan', '-', 'Bapak / Ibu Orang Tua / Wali Peserta Didik', '', '', 'Besar harapan kami Bapak / Ibu dapat hadir  sesuai waktu yang  telah kami tentukan sebagaimana tersebut di atas.', 'Besar harapan kami Bapak / Ibu dapat hadir  sesuai waktu yang  telah kami tentukan sebagaimana tersebut di atas.', '', '', '2025-10-13', 'Aula SMK Negeri 1 Mandah', '08:30 WIB', '', '', '', '', '', '', ''),
(7, 3, '8de86aefa9743665c74442154c1be849', 13, '067', '2025-10-11', '11', '10', '2025', '', '', '', '', '', 'Surat Perintah Tugas An. Ama Mohamad', '', '', '', NULL, '', '', '2 (Dua)', 'Pengambilan Dana BOS di Bank Riau Kepri Jl. Baharuddin Yusuf, Tembilahan', 'Bank Riau Kepri Tembilahan', 'Kenderaan Umum', '11', '19', '20'),
(8, 3, 'f289874aa844ad4f13daa69370804222', 14, '37', '2025-10-11', '11', '10', '2025', '', '', '', '', '', 'Surat Izin Kepala Sekolah An. Untuk mengikuti seluruh rangkaian pelaksanaan Pendidikan Profesi Guru (PPG) Dalam Jabatan bagi Guru Mata Pelajaran Agama Katolik Tahun 2025 yang akan laksanakan secara virtual (Online) mulai tanggal 01 September sampai dengan 26 Oktober 2025, serta bersedia mematuhi seluruh ketentuan dan tata tertib yang berlaku selama proses pelaksanaan program tersebut.', 'Untuk mengikuti seluruh rangkaian pelaksanaan Pendidikan Profesi Guru (PPG) Dalam Jabatan bagi Guru Mata Pelajaran Agama Katolik Tahun 2025 yang akan laksanakan secara virtual (Online) mulai tanggal 01 September sampai dengan 26 Oktober 2025, serta bersedia mematuhi seluruh ketentuan dan tata tertib yang berlaku selama proses pelaksanaan program tersebut.', '', 'Demikian surat izin ini dibuat untuk dapat digunakan sebagaimana mestinya.', NULL, '', '', '', '', '', '', '', '', ''),
(9, 3, 'e8bf1566ef5781f57019f7d26e2d6d04', 7, '39', '2025-10-11', '11', '10', '2025', '', '', '', '', '', 'Surat Kelakuan Baik An. BRIGITA BENGA BURA', 'Berdasarkan catatan dan pengamatan kami bahwa peserta didik tersebut berkelakuan baik dan tidak pernah mencemarkan nama baik sekolah serta tidak terlibat dalam pemakaian dan / atau pendistribusian Narkotika.', '', 'Demikian Surat Keterangan ini kami buat untuk dipergunakan sebagaimana mestinya.', NULL, '', '', '', '', '', '', '', '', ''),
(10, 3, 'b30a0afa78d537bcd858e359a6c2f632', 9, '38', '2025-10-11', '11', '10', '2025', 'Pertemuan Khusus', '-', '', '', '', 'Surat Panggilan Orang Tua / Wali An. AHMAD SYARIF', 'Sesuai dengan perihal surat ini maka dimohon kehadiran orangtua / wali peserta didik di sekolah untuk membicarakan hal-hal yang berkaitan dengan pelanggaran dan pencapaian skor tata tertib peserta didik yang bersangkutan.', '', 'Atas perhatian dan kerja sama yang baik dari orang tua / wali untuk menghadiri pertemuan dimaksud, kami menyampaikan terima kasih.', '2025-10-13', 'SMK Negeri 1 Mandah', '08:30 WIB', '', '', '', '', '', '', ''),
(11, 3, 'c8738a41e771321572a1fc0b07127a45', 10, '40', '2025-10-11', '11', '10', '2025', '', '', '', '', '', 'Surat Keterangan Peserta Didik Aktif An. ADRIANUS PURA NAREK', 'Adalah benar-benar terdaftar sebagai peserta didik aktif SMK Negeri 1 Mandah kelas X E-1 tahun pelajaran 2025/2026', '', 'Demikian Surat Keterangan ini dibuat dengan sebenar-benarnya untuk dapat dipergunakan sebagaimana mestinya.', NULL, '', '', '', '', '', '', '', '', ''),
(12, 3, 'e0bd8d7514f706ae1582b3261ee2f31a', 12, '42', '2025-10-11', '11', '10', '2025', 'Pengembalian Peserta Didik', '-', '', '', '', 'Surat Pengembalian Peserta Didik An. Contoh 8', 'Sehubungan dengan perihal surat ini, disampaikan bahwa berdasarkan perolehan skor pelanggaran yang sudah mencapai angka maksimal, maka terhitung sejak tanggal surat ini dikeluarkan, peserta didik tersebut kami kembalikan kepada orang tua/wali.', 'Hal-hal sehubungan dengan dokumen mutasi dan sebagainya, akan disampaikan oleh pihak satuan pendidikan sebagaimana mestinya.', 'Demikian penyampian ini untuk dimaklimu dan atas perharian kami ucapkan terima kasih.', NULL, '', '', '', '', '', '', '', '', ''),
(13, 3, 'd8a29103690bd1b774f8e3d1ac0022e3', 11, '43', '2025-10-12', '12', '10', '2025', '', '', '', '', '', 'Surat Rekomendasi An. Contoh Mutasi Masuk 4', 'Dengan ini SMK Negeri 1 Mandah siap menerima Peserta Didik yang bersangkutan dan selanjutnya akan tercatat di data DAPODIK SMK Negeri 1 Mandah setelah memperoleh Surat Mutasi Keluar dari sekolah asal.', '', 'Demikian surat rekomendasi ini kami buat untuk dipergunakan sebagaimana mestinya.', NULL, '', '', '', '', '', '', '', '', ''),
(14, 3, '0c882eba1f1fffef1dfd0a1c04899261', 6, '44', '2025-10-12', '12', '10', '2025', '', '', '', '', '', 'Surat Pindah An. Contoh 6', '', '', '', NULL, '', '', '', '', '', '', '', '', '');

-- --------------------------------------------------------

--
-- Struktur dari tabel `surat_masuk`
--

CREATE TABLE `surat_masuk` (
  `id_surat_masuk` int(10) NOT NULL,
  `periode` int(10) NOT NULL,
  `perihal` text NOT NULL,
  `kelompok_surat` int(10) NOT NULL,
  `nomor_surat` text NOT NULL,
  `tanggal_surat` date NOT NULL,
  `tanggal` text NOT NULL,
  `bulan` text NOT NULL,
  `tahun` text NOT NULL,
  `pengirim` text NOT NULL,
  `keterangan` text NOT NULL
) ENGINE=InnoDB DEFAULT CHARSET=utf8mb4;

--
-- Dumping data untuk tabel `surat_masuk`
--

INSERT INTO `surat_masuk` (`id_surat_masuk`, `periode`, `perihal`, `kelompok_surat`, `nomor_surat`, `tanggal_surat`, `tanggal`, `bulan`, `tahun`, `pengirim`, `keterangan`) VALUES
(1, 3, 'Undangan Rapat Pembentukan Panitia HUT RI Ke-80', 3, '091-ADOTIM-HUTRI-2025', '2025-10-11', '11', '10', '2025', 'Camat Adonara Timur', 'Surat Undangan Rapat pembentukan panitia HUT RI Ke-80 dan menetapan Biaya Akomodasi');

-- --------------------------------------------------------

--
-- Struktur dari tabel `tingkat`
--

CREATE TABLE `tingkat` (
  `id_tingkat` int(10) NOT NULL,
  `tingkat` text NOT NULL,
  `romawi` text NOT NULL
) ENGINE=InnoDB DEFAULT CHARSET=utf8mb4;

--
-- Dumping data untuk tabel `tingkat`
--

INSERT INTO `tingkat` (`id_tingkat`, `tingkat`, `romawi`) VALUES
(1, '10', 'X'),
(2, '11', 'XI'),
(3, '12', 'XII');

-- --------------------------------------------------------

--
-- Struktur dari tabel `tugas_pokok`
--

CREATE TABLE `tugas_pokok` (
  `id_tugas_pokok` int(10) NOT NULL,
  `tugas_pokok` text NOT NULL
) ENGINE=InnoDB DEFAULT CHARSET=utf8mb4;

--
-- Dumping data untuk tabel `tugas_pokok`
--

INSERT INTO `tugas_pokok` (`id_tugas_pokok`, `tugas_pokok`) VALUES
(1, 'Kepala Sekolah'),
(2, 'Guru Mata Pelajaran'),
(3, 'Guru Bimbingan Konseling'),
(4, 'Tata Usaha');

-- --------------------------------------------------------

--
-- Struktur dari tabel `tugas_tambahan_ptk`
--

CREATE TABLE `tugas_tambahan_ptk` (
  `id_tugas_tambahan_ptk` int(10) NOT NULL,
  `periode` int(10) NOT NULL,
  `id_guru` int(10) NOT NULL,
  `id_tugas_tambahan` int(10) NOT NULL,
  `no_sk` text NOT NULL,
  `tanggal_sk` date NOT NULL
) ENGINE=InnoDB DEFAULT CHARSET=utf8mb4;

--
-- Dumping data untuk tabel `tugas_tambahan_ptk`
--

INSERT INTO `tugas_tambahan_ptk` (`id_tugas_tambahan_ptk`, `periode`, `id_guru`, `id_tugas_tambahan`, `no_sk`, `tanggal_sk`) VALUES
(4, 3, 29, 9, '', '0000-00-00'),
(5, 3, 30, 9, '', '0000-00-00'),
(6, 3, 32, 9, '', '0000-00-00'),
(7, 3, 31, 9, '', '0000-00-00'),
(17, 3, 31, 10, '', '0000-00-00'),
(18, 3, 30, 10, '', '0000-00-00');

-- --------------------------------------------------------

--
-- Struktur dari tabel `user`
--

CREATE TABLE `user` (
  `id_user` int(10) NOT NULL,
  `id_guru` int(10) NOT NULL,
  `username` text NOT NULL,
  `pass` text NOT NULL,
  `password` varchar(250) NOT NULL
) ENGINE=InnoDB DEFAULT CHARSET=utf8mb4;

--
-- Dumping data untuk tabel `user`
--

INSERT INTO `user` (`id_user`, `id_guru`, `username`, `pass`, `password`) VALUES
(1, 1, '50301884', '50301884', '$2y$10$jw5wbiiRRi7TAx20RhRceOz6.WNlWVYDpmN09./F00MSOD1xWpX4S'),
(4, 2, '50301884001', '50301884001', '$2y$10$Ebtp504jvGn7C7onVmF7.evXaSBGCjPoWZk5GVuHvRpgNinvp109m'),
(5, 29, '50301884002', '50301884002', '$2y$10$5EqMHNpqHhQj5ffZLXr9oOCnM2Ho8jjctVyiJsYQpa43XzAZp4CGO'),
(6, 31, '50301884003', '50301884003', '$2y$10$Zqso9o0MvP8zzxEct8AsT.V.I3jgHB33iXWLjefaHCEoW4TmTB2Lm'),
(7, 32, '50301884004', '50301884004', '$2y$10$HHAsnNTVH61UqdAIOf1UEe6h8KRPF7nHB0hkJG5.AqRMTIYNazIdS'),
(8, 30, '50301884005', '50301884005', '$2y$10$ohlG6uiROJh7TNztZ9dEP.2/YmHa3ZsprZ5fau8NWowlJhOwec1.m');

--
-- Indexes for dumped tables
--

--
-- Indeks untuk tabel `adm_lulusan`
--
ALTER TABLE `adm_lulusan`
  ADD PRIMARY KEY (`id_adm_lulusan`);

--
-- Indeks untuk tabel `agama`
--
ALTER TABLE `agama`
  ADD PRIMARY KEY (`id_agama`);

--
-- Indeks untuk tabel `bulanan`
--
ALTER TABLE `bulanan`
  ADD PRIMARY KEY (`id_bulan`);

--
-- Indeks untuk tabel `db_bulanan_guru`
--
ALTER TABLE `db_bulanan_guru`
  ADD PRIMARY KEY (`id_db_bulanan_guru`);

--
-- Indeks untuk tabel `db_bulanan_siswa`
--
ALTER TABLE `db_bulanan_siswa`
  ADD PRIMARY KEY (`id_db_bulanan_siswa`);

--
-- Indeks untuk tabel `db_surat_keluar`
--
ALTER TABLE `db_surat_keluar`
  ADD PRIMARY KEY (`id_db_surat_keluar`);

--
-- Indeks untuk tabel `eskul`
--
ALTER TABLE `eskul`
  ADD PRIMARY KEY (`id_eskul`);

--
-- Indeks untuk tabel `guru`
--
ALTER TABLE `guru`
  ADD PRIMARY KEY (`id_guru`);

--
-- Indeks untuk tabel `jenis_kelamin`
--
ALTER TABLE `jenis_kelamin`
  ADD PRIMARY KEY (`id_jenis_kelamin`);

--
-- Indeks untuk tabel `jenis_laporan_bulanan`
--
ALTER TABLE `jenis_laporan_bulanan`
  ADD PRIMARY KEY (`id_jenis_laporan_bulanan`);

--
-- Indeks untuk tabel `jenis_surat_keluar`
--
ALTER TABLE `jenis_surat_keluar`
  ADD PRIMARY KEY (`id_jenis_surat_keluar`);

--
-- Indeks untuk tabel `kelas`
--
ALTER TABLE `kelas`
  ADD PRIMARY KEY (`id_kelas`);

--
-- Indeks untuk tabel `kelompok_mapel`
--
ALTER TABLE `kelompok_mapel`
  ADD PRIMARY KEY (`id_kelompok_mapel`);

--
-- Indeks untuk tabel `kelompok_surat_masuk`
--
ALTER TABLE `kelompok_surat_masuk`
  ADD PRIMARY KEY (`id_kelompok_surat_masuk`);

--
-- Indeks untuk tabel `kepala_sekolah`
--
ALTER TABLE `kepala_sekolah`
  ADD PRIMARY KEY (`id_kepala_sekolah`);

--
-- Indeks untuk tabel `kepangkatan`
--
ALTER TABLE `kepangkatan`
  ADD PRIMARY KEY (`id_kepangkatan`);

--
-- Indeks untuk tabel `kepegawaian`
--
ALTER TABLE `kepegawaian`
  ADD PRIMARY KEY (`id_kepegawaian`);

--
-- Indeks untuk tabel `lembaga`
--
ALTER TABLE `lembaga`
  ADD PRIMARY KEY (`id_lembaga`);

--
-- Indeks untuk tabel `list_tugas_tambahan`
--
ALTER TABLE `list_tugas_tambahan`
  ADD PRIMARY KEY (`id_list_tugas_tambahan`);

--
-- Indeks untuk tabel `lulusan`
--
ALTER TABLE `lulusan`
  ADD PRIMARY KEY (`id_lulusan`);

--
-- Indeks untuk tabel `mapel`
--
ALTER TABLE `mapel`
  ADD PRIMARY KEY (`id_mapel`);

--
-- Indeks untuk tabel `mapel_kelas`
--
ALTER TABLE `mapel_kelas`
  ADD PRIMARY KEY (`id_mapel_kelas`);

--
-- Indeks untuk tabel `mutasi_masuk`
--
ALTER TABLE `mutasi_masuk`
  ADD PRIMARY KEY (`id_mutasi_masuk`);

--
-- Indeks untuk tabel `pangkat_ptk`
--
ALTER TABLE `pangkat_ptk`
  ADD PRIMARY KEY (`id_pangkat_ptk`);

--
-- Indeks untuk tabel `pembina_eskul`
--
ALTER TABLE `pembina_eskul`
  ADD PRIMARY KEY (`id_pembina_eskul`);

--
-- Indeks untuk tabel `pendidikan`
--
ALTER TABLE `pendidikan`
  ADD PRIMARY KEY (`id_pendidikan`);

--
-- Indeks untuk tabel `pendidikan_ptk`
--
ALTER TABLE `pendidikan_ptk`
  ADD PRIMARY KEY (`id_pendidikan_ptk`);

--
-- Indeks untuk tabel `periode`
--
ALTER TABLE `periode`
  ADD PRIMARY KEY (`id_periode`);

--
-- Indeks untuk tabel `prestasi_siswa`
--
ALTER TABLE `prestasi_siswa`
  ADD PRIMARY KEY (`id_prestasi_siswa`);

--
-- Indeks untuk tabel `program_jurusan`
--
ALTER TABLE `program_jurusan`
  ADD PRIMARY KEY (`id_program_jurusan`);

--
-- Indeks untuk tabel `rombel`
--
ALTER TABLE `rombel`
  ADD PRIMARY KEY (`id_rombel`);

--
-- Indeks untuk tabel `siswa`
--
ALTER TABLE `siswa`
  ADD PRIMARY KEY (`id_siswa`);

--
-- Indeks untuk tabel `siswa_eskul`
--
ALTER TABLE `siswa_eskul`
  ADD PRIMARY KEY (`id_siswa_eskul`);

--
-- Indeks untuk tabel `siswa_kelas`
--
ALTER TABLE `siswa_kelas`
  ADD PRIMARY KEY (`id_siswa_kelas`);

--
-- Indeks untuk tabel `surat_keluar`
--
ALTER TABLE `surat_keluar`
  ADD PRIMARY KEY (`id_surat_keluar`);

--
-- Indeks untuk tabel `surat_masuk`
--
ALTER TABLE `surat_masuk`
  ADD PRIMARY KEY (`id_surat_masuk`);

--
-- Indeks untuk tabel `tingkat`
--
ALTER TABLE `tingkat`
  ADD PRIMARY KEY (`id_tingkat`);

--
-- Indeks untuk tabel `tugas_pokok`
--
ALTER TABLE `tugas_pokok`
  ADD PRIMARY KEY (`id_tugas_pokok`);

--
-- Indeks untuk tabel `tugas_tambahan_ptk`
--
ALTER TABLE `tugas_tambahan_ptk`
  ADD PRIMARY KEY (`id_tugas_tambahan_ptk`);

--
-- Indeks untuk tabel `user`
--
ALTER TABLE `user`
  ADD PRIMARY KEY (`id_user`);

--
-- AUTO_INCREMENT untuk tabel yang dibuang
--

--
-- AUTO_INCREMENT untuk tabel `adm_lulusan`
--
ALTER TABLE `adm_lulusan`
  MODIFY `id_adm_lulusan` int(10) NOT NULL AUTO_INCREMENT, AUTO_INCREMENT=2;

--
-- AUTO_INCREMENT untuk tabel `agama`
--
ALTER TABLE `agama`
  MODIFY `id_agama` int(10) NOT NULL AUTO_INCREMENT, AUTO_INCREMENT=7;

--
-- AUTO_INCREMENT untuk tabel `bulanan`
--
ALTER TABLE `bulanan`
  MODIFY `id_bulan` int(10) NOT NULL AUTO_INCREMENT, AUTO_INCREMENT=13;

--
-- AUTO_INCREMENT untuk tabel `db_bulanan_guru`
--
ALTER TABLE `db_bulanan_guru`
  MODIFY `id_db_bulanan_guru` int(10) NOT NULL AUTO_INCREMENT, AUTO_INCREMENT=13441;

--
-- AUTO_INCREMENT untuk tabel `db_bulanan_siswa`
--
ALTER TABLE `db_bulanan_siswa`
  MODIFY `id_db_bulanan_siswa` int(10) NOT NULL AUTO_INCREMENT, AUTO_INCREMENT=961;

--
-- AUTO_INCREMENT untuk tabel `db_surat_keluar`
--
ALTER TABLE `db_surat_keluar`
  MODIFY `id_db_surat_keluar` int(10) NOT NULL AUTO_INCREMENT, AUTO_INCREMENT=12;

--
-- AUTO_INCREMENT untuk tabel `eskul`
--
ALTER TABLE `eskul`
  MODIFY `id_eskul` int(10) NOT NULL AUTO_INCREMENT, AUTO_INCREMENT=5;

--
-- AUTO_INCREMENT untuk tabel `guru`
--
ALTER TABLE `guru`
  MODIFY `id_guru` int(10) NOT NULL AUTO_INCREMENT, AUTO_INCREMENT=33;

--
-- AUTO_INCREMENT untuk tabel `jenis_kelamin`
--
ALTER TABLE `jenis_kelamin`
  MODIFY `id_jenis_kelamin` int(10) NOT NULL AUTO_INCREMENT, AUTO_INCREMENT=3;

--
-- AUTO_INCREMENT untuk tabel `jenis_laporan_bulanan`
--
ALTER TABLE `jenis_laporan_bulanan`
  MODIFY `id_jenis_laporan_bulanan` int(10) NOT NULL AUTO_INCREMENT, AUTO_INCREMENT=5;

--
-- AUTO_INCREMENT untuk tabel `jenis_surat_keluar`
--
ALTER TABLE `jenis_surat_keluar`
  MODIFY `id_jenis_surat_keluar` int(10) NOT NULL AUTO_INCREMENT, AUTO_INCREMENT=17;

--
-- AUTO_INCREMENT untuk tabel `kelas`
--
ALTER TABLE `kelas`
  MODIFY `id_kelas` int(10) NOT NULL AUTO_INCREMENT, AUTO_INCREMENT=6;

--
-- AUTO_INCREMENT untuk tabel `kelompok_mapel`
--
ALTER TABLE `kelompok_mapel`
  MODIFY `id_kelompok_mapel` int(10) NOT NULL AUTO_INCREMENT, AUTO_INCREMENT=6;

--
-- AUTO_INCREMENT untuk tabel `kelompok_surat_masuk`
--
ALTER TABLE `kelompok_surat_masuk`
  MODIFY `id_kelompok_surat_masuk` int(10) NOT NULL AUTO_INCREMENT, AUTO_INCREMENT=7;

--
-- AUTO_INCREMENT untuk tabel `kepala_sekolah`
--
ALTER TABLE `kepala_sekolah`
  MODIFY `id_kepala_sekolah` int(10) NOT NULL AUTO_INCREMENT, AUTO_INCREMENT=2;

--
-- AUTO_INCREMENT untuk tabel `kepangkatan`
--
ALTER TABLE `kepangkatan`
  MODIFY `id_kepangkatan` int(10) NOT NULL AUTO_INCREMENT, AUTO_INCREMENT=18;

--
-- AUTO_INCREMENT untuk tabel `kepegawaian`
--
ALTER TABLE `kepegawaian`
  MODIFY `id_kepegawaian` int(10) NOT NULL AUTO_INCREMENT, AUTO_INCREMENT=14;

--
-- AUTO_INCREMENT untuk tabel `lembaga`
--
ALTER TABLE `lembaga`
  MODIFY `id_lembaga` int(10) NOT NULL AUTO_INCREMENT, AUTO_INCREMENT=2;

--
-- AUTO_INCREMENT untuk tabel `list_tugas_tambahan`
--
ALTER TABLE `list_tugas_tambahan`
  MODIFY `id_list_tugas_tambahan` int(10) NOT NULL AUTO_INCREMENT, AUTO_INCREMENT=13;

--
-- AUTO_INCREMENT untuk tabel `lulusan`
--
ALTER TABLE `lulusan`
  MODIFY `id_lulusan` int(10) NOT NULL AUTO_INCREMENT, AUTO_INCREMENT=5;

--
-- AUTO_INCREMENT untuk tabel `mapel`
--
ALTER TABLE `mapel`
  MODIFY `id_mapel` int(10) NOT NULL AUTO_INCREMENT, AUTO_INCREMENT=10;

--
-- AUTO_INCREMENT untuk tabel `mapel_kelas`
--
ALTER TABLE `mapel_kelas`
  MODIFY `id_mapel_kelas` int(10) NOT NULL AUTO_INCREMENT, AUTO_INCREMENT=9;

--
-- AUTO_INCREMENT untuk tabel `mutasi_masuk`
--
ALTER TABLE `mutasi_masuk`
  MODIFY `id_mutasi_masuk` int(10) NOT NULL AUTO_INCREMENT;

--
-- AUTO_INCREMENT untuk tabel `pangkat_ptk`
--
ALTER TABLE `pangkat_ptk`
  MODIFY `id_pangkat_ptk` int(10) NOT NULL AUTO_INCREMENT, AUTO_INCREMENT=5;

--
-- AUTO_INCREMENT untuk tabel `pembina_eskul`
--
ALTER TABLE `pembina_eskul`
  MODIFY `id_pembina_eskul` int(10) NOT NULL AUTO_INCREMENT, AUTO_INCREMENT=11;

--
-- AUTO_INCREMENT untuk tabel `pendidikan`
--
ALTER TABLE `pendidikan`
  MODIFY `id_pendidikan` int(10) NOT NULL AUTO_INCREMENT, AUTO_INCREMENT=12;

--
-- AUTO_INCREMENT untuk tabel `pendidikan_ptk`
--
ALTER TABLE `pendidikan_ptk`
  MODIFY `id_pendidikan_ptk` int(10) NOT NULL AUTO_INCREMENT, AUTO_INCREMENT=9;

--
-- AUTO_INCREMENT untuk tabel `periode`
--
ALTER TABLE `periode`
  MODIFY `id_periode` int(10) NOT NULL AUTO_INCREMENT, AUTO_INCREMENT=4;

--
-- AUTO_INCREMENT untuk tabel `prestasi_siswa`
--
ALTER TABLE `prestasi_siswa`
  MODIFY `id_prestasi_siswa` int(10) NOT NULL AUTO_INCREMENT;

--
-- AUTO_INCREMENT untuk tabel `program_jurusan`
--
ALTER TABLE `program_jurusan`
  MODIFY `id_program_jurusan` int(10) NOT NULL AUTO_INCREMENT, AUTO_INCREMENT=2;

--
-- AUTO_INCREMENT untuk tabel `rombel`
--
ALTER TABLE `rombel`
  MODIFY `id_rombel` int(10) NOT NULL AUTO_INCREMENT, AUTO_INCREMENT=6;

--
-- AUTO_INCREMENT untuk tabel `siswa`
--
ALTER TABLE `siswa`
  MODIFY `id_siswa` int(10) NOT NULL AUTO_INCREMENT, AUTO_INCREMENT=418;

--
-- AUTO_INCREMENT untuk tabel `siswa_eskul`
--
ALTER TABLE `siswa_eskul`
  MODIFY `id_siswa_eskul` int(10) NOT NULL AUTO_INCREMENT;

--
-- AUTO_INCREMENT untuk tabel `siswa_kelas`
--
ALTER TABLE `siswa_kelas`
  MODIFY `id_siswa_kelas` int(10) NOT NULL AUTO_INCREMENT, AUTO_INCREMENT=185;

--
-- AUTO_INCREMENT untuk tabel `surat_keluar`
--
ALTER TABLE `surat_keluar`
  MODIFY `id_surat_keluar` int(10) NOT NULL AUTO_INCREMENT, AUTO_INCREMENT=15;

--
-- AUTO_INCREMENT untuk tabel `surat_masuk`
--
ALTER TABLE `surat_masuk`
  MODIFY `id_surat_masuk` int(10) NOT NULL AUTO_INCREMENT, AUTO_INCREMENT=2;

--
-- AUTO_INCREMENT untuk tabel `tingkat`
--
ALTER TABLE `tingkat`
  MODIFY `id_tingkat` int(10) NOT NULL AUTO_INCREMENT, AUTO_INCREMENT=4;

--
-- AUTO_INCREMENT untuk tabel `tugas_pokok`
--
ALTER TABLE `tugas_pokok`
  MODIFY `id_tugas_pokok` int(10) NOT NULL AUTO_INCREMENT, AUTO_INCREMENT=5;

--
-- AUTO_INCREMENT untuk tabel `tugas_tambahan_ptk`
--
ALTER TABLE `tugas_tambahan_ptk`
  MODIFY `id_tugas_tambahan_ptk` int(10) NOT NULL AUTO_INCREMENT, AUTO_INCREMENT=19;

--
-- AUTO_INCREMENT untuk tabel `user`
--
ALTER TABLE `user`
  MODIFY `id_user` int(10) NOT NULL AUTO_INCREMENT, AUTO_INCREMENT=9;
COMMIT;

